{"id":2044,"date":"2017-11-18T20:19:50","date_gmt":"2017-11-18T20:19:50","guid":{"rendered":"http:\/\/biblian.is\/1981\/jesaja-18-kafli\/"},"modified":"2017-11-18T20:19:50","modified_gmt":"2017-11-18T20:19:50","slug":"jesaja-18-kafli","status":"publish","type":"page","link":"https:\/\/biblian.is\/1981\/jesaja-18-kafli\/","title":{"rendered":"Jesaja 18. kafli"},"content":{"rendered":"<p><a name=\"1\"><span class=\"versanumer\">1<\/span><\/a>Vei landi v\u00e6ngja\u00feytsins, hinumegin Bl\u00e1lands flj\u00f3ta,<a name=\"2\"><span class=\"versanumer\">2<\/span><\/a>er gj\u00f6rir \u00fat sendimenn yfir hafi\u00f0 og \u00ed reyrb\u00e1tum yfir v\u00f6tnin. Fari\u00f0, \u00fe\u00e9r hr\u00f6\u00f0u sendibo\u00f0ar, til hinna h\u00e1v\u00f6xnu og glj\u00e1andi \u00fej\u00f3\u00f0ar, til l\u00fd\u00f0sins, sem hr\u00e6\u00f0ilegur var \u00feegar fr\u00e1 upphafi vega sinna, til hinnar afar sterku \u00fej\u00f3\u00f0ar, sem allt tre\u00f0ur undir f\u00f3tum s\u00e9r, um hverrar land flj\u00f3tin renna:<a name=\"3\"><span class=\"versanumer\">3<\/span><\/a>Allir \u00fe\u00e9r, sem heimskringluna byggi\u00f0 og \u00e1 j\u00f6r\u00f0u b\u00fai\u00f0, skulu\u00f0 sj\u00e1, \u00feegar merki\u00f0 er reist \u00e1 fj\u00f6llunum, og hlusta, \u00feegar bl\u00e1si\u00f0 er \u00ed l\u00fa\u00f0urinn.<a name=\"4\"><span class=\"versanumer\">4<\/span><\/a>\u00dev\u00ed a\u00f0 svo hefir Drottinn sagt vi\u00f0 mig: \u00c9g vil halda kyrru fyrir og horfa \u00e1 fr\u00e1 b\u00fasta\u00f0 m\u00ednum, me\u00f0an lofti\u00f0 er gl\u00f3andi \u00ed s\u00f3lskininu, me\u00f0an d\u00f6ggin er mikil \u00ed breiskjuhita kornskur\u00f0art\u00edmans.<a name=\"5\"><span class=\"versanumer\">5<\/span><\/a>\u00c1\u00f0ur en uppskeran kemur, \u00feegar bl\u00f3mgunin er \u00e1 enda og bl\u00f3mi\u00f0 ver\u00f0ur a\u00f0 fullv\u00f6xnu v\u00ednberi, heggur hann v\u00ednvi\u00f0argreinarnar af me\u00f0 sni\u00f0linum, og frj\u00f3angana st\u00fdfir hann, sn\u00ed\u00f0ur \u00fe\u00e1 af.<a name=\"6\"><span class=\"versanumer\">6<\/span><\/a>Allir saman skulu \u00feeir gefnir ver\u00f0a r\u00e1nfuglum fjallanna og d\u00fdrum jar\u00f0arinnar. R\u00e1nfuglarnir skulu sitja \u00e1 \u00feeim sumarlangt og \u00f6ll d\u00fdr jar\u00f0arinnar halda sig \u00fear \u00feegar vetrar.<a name=\"7\"><span class=\"versanumer\">7<\/span><\/a>\u00c1 \u00feeim t\u00edma skulu gjafir ver\u00f0a f\u00e6r\u00f0ar Drottni allsherjar fr\u00e1 hinum h\u00e1vaxna og glj\u00e1andi l\u00fd\u00f0, fr\u00e1 l\u00fd\u00f0num, sem hr\u00e6\u00f0ilegur var \u00feegar fr\u00e1 upphafi vega sinna, fr\u00e1 hinni afar sterku \u00fej\u00f3\u00f0, sem allt tre\u00f0ur undir f\u00f3tum s\u00e9r, um hverrar land flj\u00f3tin renna, til \u00feess sta\u00f0ar, \u00fear sem nafn Drottins hersveitanna er, til S\u00edonfjalls.<\/p>\n<div class=\"footnote1981\"><b>18.2<\/b> Gegn bandalagi vi\u00f0 Egyptaland Jes 20.5; 30.1-7; 31.1-3; 36.4-6<br \/>\n<b>18.3<\/b> Merki\u00f0 Jes 5.26+ &#8211; hafurshorni\u00f0 \u00feeytt J\u00f3s 6.5; D\u00f3m 3.27; 6.34; 7.18; 1Sam 13.3; 2Sam 18.16; 20.1,22; Jer 42.14; H\u00f3s 5.8; Am 2.2<br \/>\n<b>18.4<\/b> B\u00fasta\u00f0ur Drottins Jes 57.15; 1Kon 8.39; 2Kro 6.30; Slm 33.14<br \/>\n<b>18.7<\/b> Gjafir Slm 68.30; 76.12 \u2013 afturhvarf \u00fej\u00f3\u00f0anna Jes 19.21; M\u00edk 4.1+ &#8211; K\u00fass Jes 45.14; Sef 3.10; Slm 87.4 \u2013 nafn Drottins 5M\u00f3s 12.5; 26.2<\/div>\n","protected":false},"excerpt":{"rendered":"<p>1Vei landi v\u00e6ngja\u00feytsins, hinumegin Bl\u00e1lands flj\u00f3ta,2er gj\u00f6rir \u00fat sendimenn yfir hafi\u00f0 og \u00ed reyrb\u00e1tum yfir v\u00f6tnin. Fari\u00f0, \u00fe\u00e9r hr\u00f6\u00f0u sendibo\u00f0ar, til hinna h\u00e1v\u00f6xnu og glj\u00e1andi \u00fej\u00f3\u00f0ar, til l\u00fd\u00f0sins, sem hr\u00e6\u00f0ilegur var \u00feegar fr\u00e1 upphafi vega sinna, til hinnar afar sterku \u00fej\u00f3\u00f0ar, sem allt tre\u00f0ur undir f\u00f3tum s\u00e9r, um hverrar land flj\u00f3tin renna:3Allir \u00fe\u00e9r, sem heimskringluna byggi\u00f0 og \u00e1 j\u00f6r\u00f0u b\u00fai\u00f0, skulu\u00f0 sj\u00e1, \u00feegar merki\u00f0 er reist \u00e1 fj\u00f6llunum, og hlusta, \u00feegar bl\u00e1si\u00f0 er \u00ed l\u00fa\u00f0urinn.4\u00dev\u00ed a\u00f0 svo hefir Drottinn sagt vi\u00f0 mig: \u00c9g vil halda kyrru fyrir og horfa \u00e1 fr\u00e1 b\u00fasta\u00f0 m\u00ednum, me\u00f0an lofti\u00f0 er gl\u00f3andi \u00ed s\u00f3lskininu, me\u00f0an <a href=\"https:\/\/biblian.is\/1981\/jesaja-18-kafli\/\"> [&#8230;]<\/a><\/p>\n","protected":false},"author":1,"featured_media":0,"parent":0,"menu_order":0,"comment_status":"open","ping_status":"open","template":"bibliukaflar.php","meta":{"footnotes":""},"class_list":["post-2044","page","type-page","status-publish","hentry"],"_links":{"self":[{"href":"https:\/\/biblian.is\/1981\/wp-json\/wp\/v2\/pages\/2044","targetHints":{"allow":["GET"]}}],"collection":[{"href":"https:\/\/biblian.is\/1981\/wp-json\/wp\/v2\/pages"}],"about":[{"href":"https:\/\/biblian.is\/1981\/wp-json\/wp\/v2\/types\/page"}],"author":[{"embeddable":true,"href":"https:\/\/biblian.is\/1981\/wp-json\/wp\/v2\/users\/1"}],"replies":[{"embeddable":true,"href":"https:\/\/biblian.is\/1981\/wp-json\/wp\/v2\/comments?post=2044"}],"version-history":[{"count":0,"href":"https:\/\/biblian.is\/1981\/wp-json\/wp\/v2\/pages\/2044\/revisions"}],"wp:attachment":[{"href":"https:\/\/biblian.is\/1981\/wp-json\/wp\/v2\/media?parent=2044"}],"curies":[{"name":"wp","href":"https:\/\/api.w.org\/{rel}","templated":true}]}}

<p><a name="1"><span class="versanumer">1</span></a>Vei landi vængjaþytsins, hinumegin Blálands fljóta,<a name="2"><span class="versanumer">2</span></a>er gjörir út sendimenn yfir hafið og í reyrbátum yfir vötnin. Farið, þér hröðu sendiboðar, til hinna hávöxnu og gljáandi þjóðar, til lýðsins, sem hræðilegur var þegar frá upphafi vega sinna, til hinnar afar sterku þjóðar, sem allt treður undir fótum sér, um hverrar land fljótin renna:<a name="3"><span class="versanumer">3</span></a>Allir þér, sem heimskringluna byggið og á jörðu búið, skuluð sjá, þegar merkið er reist á fjöllunum, og hlusta, þegar blásið er í lúðurinn.<a name="4"><span class="versanumer">4</span></a>Því að svo hefir Drottinn sagt við mig: Ég vil halda kyrru fyrir og horfa á frá bústað mínum, meðan loftið er glóandi í sólskininu, meðan döggin er mikil í breiskjuhita kornskurðartímans.<a name="5"><span class="versanumer">5</span></a>Áður en uppskeran kemur, þegar blómgunin er á enda og blómið verður að fullvöxnu vínberi, heggur hann vínviðargreinarnar af með sniðlinum, og frjóangana stýfir hann, sníður þá af.<a name="6"><span class="versanumer">6</span></a>Allir saman skulu þeir gefnir verða ránfuglum fjallanna og dýrum jarðarinnar. Ránfuglarnir skulu sitja á þeim sumarlangt og öll dýr jarðarinnar halda sig þar þegar vetrar.<a name="7"><span class="versanumer">7</span></a>Á þeim tíma skulu gjafir verða færðar Drottni allsherjar frá hinum hávaxna og gljáandi lýð, frá lýðnum, sem hræðilegur var þegar frá upphafi vega sinna, frá hinni afar sterku þjóð, sem allt treður undir fótum sér, um hverrar land fljótin renna, til þess staðar, þar sem nafn Drottins hersveitanna er, til Síonfjalls.</p>
<div class="footnote1981"><b>18.2</b> Gegn bandalagi við Egyptaland Jes 20.5; 30.1-7; 31.1-3; 36.4-6<br />
<b>18.3</b> Merkið Jes 5.26+ &#8211; hafurshornið þeytt Jós 6.5; Dóm 3.27; 6.34; 7.18; 1Sam 13.3; 2Sam 18.16; 20.1,22; Jer 42.14; Hós 5.8; Am 2.2<br />
<b>18.4</b> Bústaður Drottins Jes 57.15; 1Kon 8.39; 2Kro 6.30; Slm 33.14<br />
<b>18.7</b> Gjafir Slm 68.30; 76.12 – afturhvarf þjóðanna Jes 19.21; Mík 4.1+ &#8211; Kúss Jes 45.14; Sef 3.10; Slm 87.4 – nafn Drottins 5Mós 12.5; 26.2</div>

<p>1Vei landi vængjaþytsins, hinumegin Blálands fljóta,2er gjörir út sendimenn yfir hafið og í reyrbátum yfir vötnin. Farið, þér hröðu sendiboðar, til hinna hávöxnu og gljáandi þjóðar, til lýðsins, sem hræðilegur var þegar frá upphafi vega sinna, til hinnar afar sterku þjóðar, sem allt treður undir fótum sér, um hverrar land fljótin renna:3Allir þér, sem heimskringluna byggið og á jörðu búið, skuluð sjá, þegar merkið er reist á fjöllunum, og hlusta, þegar blásið er í lúðurinn.4Því að svo hefir Drottinn sagt við mig: Ég vil halda kyrru fyrir og horfa á frá bústað mínum, meðan loftið er glóandi í sólskininu, meðan <a href="https://biblian.is/1981/jesaja-18-kafli/"> [&#8230;]</a></p>
