{"id":2042,"date":"2017-11-18T20:19:50","date_gmt":"2017-11-18T20:19:50","guid":{"rendered":"http:\/\/biblian.is\/1981\/jesaja-16-kafli\/"},"modified":"2017-11-18T20:19:50","modified_gmt":"2017-11-18T20:19:50","slug":"jesaja-16-kafli","status":"publish","type":"page","link":"https:\/\/biblian.is\/1981\/jesaja-16-kafli\/","title":{"rendered":"Jesaja 16. kafli"},"content":{"rendered":"<p><a name=\"1\"><span class=\"versanumer\">1<\/span><\/a>Sendi\u00f0 landsh\u00f6f\u00f0ingjanum sau\u00f0askattinn \u00far klettagj\u00e1num gegnum ey\u00f0im\u00f6rkina til fjalls S\u00edond\u00f3ttur.<a name=\"2\"><span class=\"versanumer\">2<\/span><\/a>Eins og fl\u00f6ktandi fuglar, eins og ungar, f\u00e6ldir \u00far hrei\u00f0ri, skulu M\u00f3absd\u00e6tur ver\u00f0a vi\u00f0 v\u00f6\u00f0in \u00e1 Arnon.<a name=\"3\"><span class=\"versanumer\">3<\/span><\/a>Legg n\u00fa r\u00e1\u00f0, veit hj\u00e1lp, gj\u00f6r skugga \u00feinn um h\u00e1bjartan dag sem n\u00f3tt. Fel hina burtreknu, seg ekki til fl\u00f3ttamannanna.<a name=\"4\"><span class=\"versanumer\">4<\/span><\/a>Lj\u00e1 hinum burtreknu \u00far M\u00f3ab dv\u00f6l hj\u00e1 \u00fe\u00e9r. Ver \u00feeim verndarskj\u00f3l fyrir ey\u00f0andanum. \u00deegar k\u00fagarinn er horfinn burt, ey\u00f0ingunni linnir og undirokararnir eru farnir \u00far landinu,<a name=\"5\"><span class=\"versanumer\">5<\/span><\/a>\u00fe\u00e1 mun veldisst\u00f3ll reistur ver\u00f0a me\u00f0 miskunnsemi og \u00e1 honum sitja me\u00f0 tr\u00fafesti \u00ed tjaldi Dav\u00ed\u00f0s d\u00f3mari, sem leitar r\u00e9ttinda og temur s\u00e9r r\u00e9ttl\u00e6ti.<a name=\"6\"><span class=\"versanumer\">6<\/span><\/a>V\u00e9r h\u00f6fum heyrt drambsemi M\u00f3abs hann er mj\u00f6g hrokafullur ofmetna\u00f0 hans, drambsemi og ofsa, og hin marklausu st\u00f3ryr\u00f0i hans.<a name=\"7\"><span class=\"versanumer\">7<\/span><\/a>\u00deess vegna kveina n\u00fa M\u00f3ab\u00edtar yfir M\u00f3ab, allir kveina \u00feeir. Yfir r\u00fas\u00ednuk\u00f6kum K\u00edr Hareset munu \u00feeir andvarpa harla hnuggnir.<a name=\"8\"><span class=\"versanumer\">8<\/span><\/a>\u00dev\u00ed a\u00f0 akurl\u00f6nd Hesbon eru f\u00f6lnu\u00f0 og v\u00edntr\u00e9 S\u00edbma. V\u00edn \u00feeirra varpa\u00f0i h\u00f6f\u00f0ingjum \u00fej\u00f3\u00f0anna til jar\u00f0ar. V\u00ednvi\u00f0arteinungarnir n\u00e1\u00f0u til Jaser, villtust \u00fat um ey\u00f0im\u00f6rkina. Greinar \u00feeirra breiddu sig \u00fat, f\u00f3ru yfir hafi\u00f0.<a name=\"9\"><span class=\"versanumer\">9<\/span><\/a>Fyrir \u00fev\u00ed gr\u00e6t \u00e9g me\u00f0 Jaser yfir v\u00edntrj\u00e1m S\u00edbma. \u00c9g v\u00f6kva \u00feig me\u00f0 t\u00e1rum m\u00ednum, Hesbon og Eleale! \u00fev\u00ed a\u00f0 fagna\u00f0ar\u00f3pum \u00f3vinanna laust yfir sumargr\u00f3\u00f0a \u00feinn og v\u00ednberjatekju.<a name=\"10\"><span class=\"versanumer\">10<\/span><\/a>F\u00f6gnu\u00f0ur og k\u00e6ti eru horfin \u00far alding\u00f6r\u00f0unum, og \u00ed v\u00edng\u00f6r\u00f0unum heyrast engir gle\u00f0is\u00f6ngvar n\u00e9 fagna\u00f0arhlj\u00f3\u00f0. Tro\u00f0slumenn tro\u00f0a ekki v\u00ednber \u00ed v\u00edn\u00fer\u00f6ngunum, \u00e9g hefi l\u00e1ti\u00f0 fagna\u00f0ar\u00f3p \u00feeirra \u00feagna.<a name=\"11\"><span class=\"versanumer\">11<\/span><\/a>Fyrir \u00fev\u00ed titrar hjarta mitt sem g\u00edgjustrengur s\u00f6kum M\u00f3abs og brj\u00f3st mitt s\u00f6kum K\u00edr Hares.<a name=\"12\"><span class=\"versanumer\">12<\/span><\/a>Og \u00fe\u00f3 a\u00f0 M\u00f3ab s\u00fdni sig \u00e1 bl\u00f3th\u00e6\u00f0inni og streitist vi\u00f0 og fari inn \u00ed helgid\u00f3m sinn til a\u00f0 bi\u00f0jast fyrir, \u00fe\u00e1 mun hann samt engu til lei\u00f0ar koma.<a name=\"13\"><span class=\"versanumer\">13<\/span><\/a>\u00deetta er \u00fea\u00f0 or\u00f0, sem Drottinn tala\u00f0i um M\u00f3ab fyrrum.<a name=\"14\"><span class=\"versanumer\">14<\/span><\/a>En n\u00fa talar Drottinn \u00e1 \u00feessa lei\u00f0: \u00c1\u00f0ur en \u00ferj\u00fa \u00e1r eru li\u00f0in, sl\u00edk sem \u00e1r kaupamanna eru talin, skal vegsemd M\u00f3abs me\u00f0 \u00f6llum hinum mikla mannfj\u00f6lda fyrirlitin ver\u00f0a, en leifar munu eftir ver\u00f0a, l\u00edtilfenglegar, eigi teljandi.<\/p>\n<div class=\"footnote1981\"><b>16.2<\/b> Arnon 4M\u00f3s 21.26-28; J\u00f3s 12.2; 13.9-16<br \/>\n<b>16.4<\/b> Elska \u00fatlendinginn 5M\u00f3s 10.18<br \/>\n<b>16.5<\/b> H\u00e1s\u00e6ti Dav\u00ed\u00f0s Jes 9.5;: 11.3-4; Jer 23.5; 33.15 \u2013 reist 2Sam 7.13; Okv 25.5<br \/>\n<b>16.6-12<\/b> Sj\u00e1 Jer 48.29-33; sbr Sef 2.8<br \/>\n<b>16.7<\/b> R\u00fas\u00ednuk\u00f6kum 2Sam 6.19; 1Kro 16.3; Jer 44.19; H\u00f3s 3.1; Ljl 2.5<br \/>\n<b>16.14<\/b> Stakkaskipti Jes 10.25; 29.17<\/div>\n","protected":false},"excerpt":{"rendered":"<p>1Sendi\u00f0 landsh\u00f6f\u00f0ingjanum sau\u00f0askattinn \u00far klettagj\u00e1num gegnum ey\u00f0im\u00f6rkina til fjalls S\u00edond\u00f3ttur.2Eins og fl\u00f6ktandi fuglar, eins og ungar, f\u00e6ldir \u00far hrei\u00f0ri, skulu M\u00f3absd\u00e6tur ver\u00f0a vi\u00f0 v\u00f6\u00f0in \u00e1 Arnon.3Legg n\u00fa r\u00e1\u00f0, veit hj\u00e1lp, gj\u00f6r skugga \u00feinn um h\u00e1bjartan dag sem n\u00f3tt. Fel hina burtreknu, seg ekki til fl\u00f3ttamannanna.4Lj\u00e1 hinum burtreknu \u00far M\u00f3ab dv\u00f6l hj\u00e1 \u00fe\u00e9r. Ver \u00feeim verndarskj\u00f3l fyrir ey\u00f0andanum. \u00deegar k\u00fagarinn er horfinn burt, ey\u00f0ingunni linnir og undirokararnir eru farnir \u00far landinu,5\u00fe\u00e1 mun veldisst\u00f3ll reistur ver\u00f0a me\u00f0 miskunnsemi og \u00e1 honum sitja me\u00f0 tr\u00fafesti \u00ed tjaldi Dav\u00ed\u00f0s d\u00f3mari, sem leitar r\u00e9ttinda og temur s\u00e9r r\u00e9ttl\u00e6ti.6V\u00e9r h\u00f6fum heyrt drambsemi M\u00f3abs hann er mj\u00f6g <a href=\"https:\/\/biblian.is\/1981\/jesaja-16-kafli\/\"> [&#8230;]<\/a><\/p>\n","protected":false},"author":1,"featured_media":0,"parent":0,"menu_order":0,"comment_status":"open","ping_status":"open","template":"bibliukaflar.php","meta":{"footnotes":""},"class_list":["post-2042","page","type-page","status-publish","hentry"],"_links":{"self":[{"href":"https:\/\/biblian.is\/1981\/wp-json\/wp\/v2\/pages\/2042","targetHints":{"allow":["GET"]}}],"collection":[{"href":"https:\/\/biblian.is\/1981\/wp-json\/wp\/v2\/pages"}],"about":[{"href":"https:\/\/biblian.is\/1981\/wp-json\/wp\/v2\/types\/page"}],"author":[{"embeddable":true,"href":"https:\/\/biblian.is\/1981\/wp-json\/wp\/v2\/users\/1"}],"replies":[{"embeddable":true,"href":"https:\/\/biblian.is\/1981\/wp-json\/wp\/v2\/comments?post=2042"}],"version-history":[{"count":0,"href":"https:\/\/biblian.is\/1981\/wp-json\/wp\/v2\/pages\/2042\/revisions"}],"wp:attachment":[{"href":"https:\/\/biblian.is\/1981\/wp-json\/wp\/v2\/media?parent=2042"}],"curies":[{"name":"wp","href":"https:\/\/api.w.org\/{rel}","templated":true}]}}