{"id":2037,"date":"2017-11-18T20:19:50","date_gmt":"2017-11-18T20:19:50","guid":{"rendered":"http:\/\/biblian.is\/1981\/jesaja-11-kafli\/"},"modified":"2017-11-18T20:19:50","modified_gmt":"2017-11-18T20:19:50","slug":"jesaja-11-kafli","status":"publish","type":"page","link":"https:\/\/biblian.is\/1981\/jesaja-11-kafli\/","title":{"rendered":"Jesaja 11. kafli"},"content":{"rendered":"<p><a name=\"1\"><span class=\"versanumer\">1<\/span><\/a>Af stofni \u00cdsa\u00ed mun kvistur fram spretta og angi upp vaxa af r\u00f3tum hans.<a name=\"2\"><span class=\"versanumer\">2<\/span><\/a>Yfir honum mun hv\u00edla andi Drottins: Andi v\u00edsd\u00f3ms og skilnings, andi r\u00e1\u00f0speki og kraftar, andi \u00feekkingar og \u00f3tta Drottins.<a name=\"3\"><span class=\"versanumer\">3<\/span><\/a>Unun hans mun vera a\u00f0 \u00f3ttast Drottin. Hann mun ekki d\u00e6ma eftir \u00fev\u00ed, sem augu hans sj\u00e1, og ekki skera \u00far m\u00e1lum eftir \u00fev\u00ed, sem eyru hans heyra.<a name=\"4\"><span class=\"versanumer\">4<\/span><\/a>Me\u00f0 r\u00e9ttv\u00edsi mun hann d\u00e6ma hina f\u00e1t\u00e6ku og skera me\u00f0 r\u00e9ttl\u00e6ti \u00far m\u00e1lum hinna nau\u00f0st\u00f6ddu \u00ed landinu. Hann mun lj\u00f3sta ofbeldismanninn me\u00f0 sprota munns s\u00edns og dey\u00f0a hinn \u00f3gu\u00f0lega me\u00f0 anda vara sinna.<a name=\"5\"><span class=\"versanumer\">5<\/span><\/a>R\u00e9ttl\u00e6ti mun vera belti\u00f0 um lendar hans og tr\u00fafesti belti\u00f0 um mja\u00f0mir hans.<a name=\"6\"><span class=\"versanumer\">6<\/span><\/a>\u00de\u00e1 mun \u00falfurinn b\u00faa hj\u00e1 lambinu og pardusd\u00fdri\u00f0 liggja hj\u00e1 ki\u00f0lingnum, k\u00e1lfar, ung lj\u00f3n og alif\u00e9 ganga saman og sm\u00e1sveinn g\u00e6ta \u00feeirra.<a name=\"7\"><span class=\"versanumer\">7<\/span><\/a>K\u00fdr og birna munu vera \u00e1 beit saman og k\u00e1lfar og h\u00fanar liggja hvorir hj\u00e1 \u00f6\u00f0rum, og lj\u00f3ni\u00f0 mun hey eta sem naut.<a name=\"8\"><span class=\"versanumer\">8<\/span><\/a>Brj\u00f3stmylkingurinn mun leika s\u00e9r vi\u00f0 holudyr n\u00f6\u00f0runnar, og barni\u00f0 n\u00fdvani\u00f0 af brj\u00f3sti stinga hendi sinni inn \u00ed b\u00e6li hornormsins.<a name=\"9\"><span class=\"versanumer\">9<\/span><\/a>Hvergi \u00e1 m\u00ednu heilaga fjalli munu menn illt fremja e\u00f0a ska\u00f0a gj\u00f6ra, \u00fev\u00ed a\u00f0 j\u00f6r\u00f0in er full af \u00feekkingu \u00e1 Drottni, eins og dj\u00fap sj\u00e1varins er v\u00f6tnum huli\u00f0.<a name=\"10\"><span class=\"versanumer\">10<\/span><\/a>\u00c1 \u00feeim degi mun r\u00f3tarkvistur \u00cdsa\u00ed standa sem hermerki fyrir \u00fej\u00f3\u00f0irnar og l\u00fd\u00f0irnir leita til hans, og b\u00fasta\u00f0ur hans mun d\u00fdrlegur ver\u00f0a.<a name=\"11\"><span class=\"versanumer\">11<\/span><\/a>\u00c1 \u00feeim degi mun Drottinn \u00fatr\u00e9tta h\u00f6nd s\u00edna \u00ed anna\u00f0 sinn til \u00feess a\u00f0 endurkaupa \u00fe\u00e6r leifar f\u00f3lks s\u00edns, sem eftir eru \u00ed Ass\u00fdr\u00edu, Nor\u00f0ur-Egyptalandi, Su\u00f0ur-Egyptalandi, Bl\u00e1landi, Elam, Bab\u00fdlon\u00edu, Hamat og \u00e1 eyjum hafsins.<a name=\"12\"><span class=\"versanumer\">12<\/span><\/a>Og hann mun reisa merki fyrir \u00fej\u00f3\u00f0irnar, heimta saman hina brottreknu menn \u00far \u00cdsrael og safna saman hinum tv\u00edstru\u00f0u konum \u00far J\u00fada fr\u00e1 fj\u00f3rum h\u00f6fu\u00f0\u00e1ttum heimsins.<a name=\"13\"><span class=\"versanumer\">13<\/span><\/a>\u00de\u00e1 mun \u00f6fund Efra\u00edms hverfa og fjandskapur J\u00fada l\u00ed\u00f0a undir lok. Efra\u00edm mun ekki \u00f6fundast vi\u00f0 J\u00fada og J\u00fada ekki fjandskapast vi\u00f0 Efra\u00edm.<a name=\"14\"><span class=\"versanumer\">14<\/span><\/a>\u00deeir munu steypa s\u00e9r ni\u00f0ur \u00e1 s\u00ed\u00f0u Filista gegn vestri og r\u00e6na \u00ed sameiningu austurbyggja. Ed\u00f3m og M\u00f3ab munu \u00feeir hremma og Amm\u00f3n\u00edtar ver\u00f0a \u00feeim l\u00fd\u00f0skyldir.<a name=\"15\"><span class=\"versanumer\">15<\/span><\/a>Og Drottinn mun \u00feurrka upp voga Egyptahafs og breg\u00f0a hendi sinni yfir flj\u00f3ti\u00f0 \u00ed str\u00ed\u00f0um stormi og skipta \u00fev\u00ed \u00ed sj\u00f6 kv\u00edslir, svo a\u00f0 yfir m\u00e1 ganga me\u00f0 sk\u00f3 \u00e1 f\u00f3tum.<a name=\"16\"><span class=\"versanumer\">16<\/span><\/a>Og \u00fea\u00f0 skal ver\u00f0a brautarvegur fyrir \u00fe\u00e6r leifar f\u00f3lks hans, sem enn eru eftir \u00ed Ass\u00fdr\u00edu, eins og var fyrir \u00cdsrael, \u00fe\u00e1 er hann f\u00f3r af Egyptalandi.<\/p>\n<div class=\"footnote1981\"><b>11.1<\/b> Kvistur Jes 4.2; Jer 23.5; R\u00f3m 15.12 \u2013 sproti Jes 6.13 \u2013 r\u00f3t Jes 37.31; Job 14.7-9<br \/>\n<b>11.2<\/b> Andi Drottins Jes 42.1; 59.21; 61.1; 1Sam 16.13; 2Sam 23.2; J\u00f3h 1.32-33; sbr Jes 30.1 \u2013 speki, skilnings, visku Jes 9.6; 28.6 \u2013 gu\u00f0s\u00f3tti Okv 1.7 \u2013 \u00feekking Jes 1.3; H\u00f3s 4.1; 6.6; K\u00f3l 2.2<br \/>\n<b>11.3<\/b> R\u00e9ttl\u00e1tur konungur Jes 9.5; 32.1-2; 2Sam 14.17; 1Kon 3.16-28; Jer 23.5; Slm 72.1-7; sbr J\u00f3h 2.24-25<br \/>\n<b>11.4<\/b> F\u00e1t\u00e6kir og vanm\u00e1ttugir Jes 29.19-20; Slm 72.2-4,12-13; sbr Jes 10.2; 32.7; Am 2.7; 8.4 \u2013 sprota munns s\u00edns 2\u00deess 2.8; sbr Opb 2.16<br \/>\n<b>11.5<\/b> R\u00e9ttl\u00e6ti\u00f0 sem belti Ef 6.14<br \/>\n<b>11.6<\/b> \u00dalfur og lamb Jes 65.25<br \/>\n<b>11.8<\/b> Fri\u00f0ur me\u00f0 m\u00f6nnum og d\u00fdrum Jes 35.9; 3M\u00f3s 26.6; Esk 34.25,28; H\u00f3s 2.20; Job 5.22-23; sbr 1M\u00f3s 3.15<br \/>\n<b>11.9<\/b> Enginn mun gera illt Jes 65.25; sbr Slm 101.8 \u2013 heilaga fjall Jes 2.2-3; Slm 3.5+ &#8211; \u00feekking \u00e1 Drottni Jer 31.33-34; Hab 2.14; sbr Hab 3.3; Slm 33.5<br \/>\n<b>11.10<\/b> R\u00f3tarkvistur \u00cdsa\u00ed R\u00f3m 15.12 \u2013 hermerki Jes 5.26+ &#8211; l\u00fd\u00f0ir safnast Jes 2.2-3 \u2013 b\u00fasata\u00f0ur hans d\u00fdrlegur Jes 4.5-6<br \/>\n<b>11.11<\/b> Endurlausn sbr Jes 10.26; 11.16; 43.16-19; 48.20-21 \u2013 hefja upp h\u00f6nd  2M\u00f3s 3.20 \u2013 leifar Jes 4.3+ ; 10.20+ &#8211; Egyptaland og Patros Jer 44.1; sbr Esk 29.14; 30.14 \u2013 K\u00fass Jes 18.1; 20.3-5 \u2013 Elam Jes 21.2 \u2013 S\u00ednat 1M\u00f3s 10.10; Dan 1.2 \u2013 Hamat Jes 10.9; 2Kon 17.24 \u2013 eyjum \u00fati \u00ed hafi Jes 24.15<br \/>\n<b>11.12<\/b> Hin mikla heimf\u00f6r Jes 43.5-6; 49.12,22; 60.4; 66.20; Slm 147.2<br \/>\n<b>11.13<\/b> \u00d6fund Efra\u00edms og J\u00fada Jes 7.1-9,17; 9.20 \u2013 a\u00f0 n\u00fdju eitt r\u00edki Jer 3.18; 23.5-6; 31.6; Esk 34.23; 37.15-28; H\u00f3s 2.2; 3.5<br \/>\n<b>11.14<\/b> Ver\u00f0a a\u00f0 hl\u00fd\u00f0a 2Sam 8.12; Am 9.11-12; \u00d3b 19-20; Slm 60.10 \u2013 ni\u00f0ur yfir Filistea Jes 14.28-32; Sef 2.5-7 \u2013 \u00fej\u00f3\u00f0irnar \u00ed austri Jer 49.28 \u2013 Ed\u00f3m og M\u00f3ab Jes 15-16; 21.11-12; 25.10-12; 34.5-15; sbr 24.7-13<br \/>\n<b>11.15<\/b> Lausn og heimf\u00f6r Jes 40.3-4; 41.17-20; 42.15-16; 43.16-21; 48.20-21 \u2013 veifa hendi 2M\u00f3s 14.21-27; 15.12 \u2013 flj\u00f3ti\u00f0 Jes 7.20; 8.7 \u2013 ganga yfir 2M\u00f3s 14.22-29; 15.19<br \/>\n<b>11.16<\/b> Braut Jes 19.23; 35.8; 40.3-4; 42.16; 43.19; 49.11; 57.14; 62.10<\/div>\n","protected":false},"excerpt":{"rendered":"<p>1Af stofni \u00cdsa\u00ed mun kvistur fram spretta og angi upp vaxa af r\u00f3tum hans.2Yfir honum mun hv\u00edla andi Drottins: Andi v\u00edsd\u00f3ms og skilnings, andi r\u00e1\u00f0speki og kraftar, andi \u00feekkingar og \u00f3tta Drottins.3Unun hans mun vera a\u00f0 \u00f3ttast Drottin. Hann mun ekki d\u00e6ma eftir \u00fev\u00ed, sem augu hans sj\u00e1, og ekki skera \u00far m\u00e1lum eftir \u00fev\u00ed, sem eyru hans heyra.4Me\u00f0 r\u00e9ttv\u00edsi mun hann d\u00e6ma hina f\u00e1t\u00e6ku og skera me\u00f0 r\u00e9ttl\u00e6ti \u00far m\u00e1lum hinna nau\u00f0st\u00f6ddu \u00ed landinu. Hann mun lj\u00f3sta ofbeldismanninn me\u00f0 sprota munns s\u00edns og dey\u00f0a hinn \u00f3gu\u00f0lega me\u00f0 anda vara sinna.5R\u00e9ttl\u00e6ti mun vera belti\u00f0 um lendar hans og tr\u00fafesti belti\u00f0 <a href=\"https:\/\/biblian.is\/1981\/jesaja-11-kafli\/\"> [&#8230;]<\/a><\/p>\n","protected":false},"author":1,"featured_media":0,"parent":0,"menu_order":0,"comment_status":"open","ping_status":"open","template":"bibliukaflar.php","meta":{"footnotes":""},"class_list":["post-2037","page","type-page","status-publish","hentry"],"_links":{"self":[{"href":"https:\/\/biblian.is\/1981\/wp-json\/wp\/v2\/pages\/2037","targetHints":{"allow":["GET"]}}],"collection":[{"href":"https:\/\/biblian.is\/1981\/wp-json\/wp\/v2\/pages"}],"about":[{"href":"https:\/\/biblian.is\/1981\/wp-json\/wp\/v2\/types\/page"}],"author":[{"embeddable":true,"href":"https:\/\/biblian.is\/1981\/wp-json\/wp\/v2\/users\/1"}],"replies":[{"embeddable":true,"href":"https:\/\/biblian.is\/1981\/wp-json\/wp\/v2\/comments?post=2037"}],"version-history":[{"count":0,"href":"https:\/\/biblian.is\/1981\/wp-json\/wp\/v2\/pages\/2037\/revisions"}],"wp:attachment":[{"href":"https:\/\/biblian.is\/1981\/wp-json\/wp\/v2\/media?parent=2037"}],"curies":[{"name":"wp","href":"https:\/\/api.w.org\/{rel}","templated":true}]}}