{"id":2036,"date":"2017-11-18T20:19:50","date_gmt":"2017-11-18T20:19:50","guid":{"rendered":"http:\/\/biblian.is\/1981\/jesaja-10-kafli\/"},"modified":"2017-11-18T20:19:50","modified_gmt":"2017-11-18T20:19:50","slug":"jesaja-10-kafli","status":"publish","type":"page","link":"https:\/\/biblian.is\/1981\/jesaja-10-kafli\/","title":{"rendered":"Jesaja 10. kafli"},"content":{"rendered":"<p><a name=\"1\"><span class=\"versanumer\">1<\/span><\/a>Vei \u00feeim, sem veita ranga \u00farskur\u00f0i og f\u00e6ra ska\u00f0semdar\u00e1kv\u00e6\u00f0i \u00ed letur<a name=\"2\"><span class=\"versanumer\">2<\/span><\/a>til \u00feess a\u00f0 halla r\u00e9tti f\u00e1t\u00e6kra og r\u00e6na l\u00f6gum hina nau\u00f0st\u00f6ddu \u00e1 me\u00f0al f\u00f3lks m\u00edns, til \u00feess a\u00f0 ekkjurnar ver\u00f0i \u00feeim a\u00f0 herfangi og \u00feeir f\u00e1i f\u00e9flett muna\u00f0arleysingjana.<a name=\"3\"><span class=\"versanumer\">3<\/span><\/a>Hva\u00f0 \u00e6tli\u00f0 \u00fe\u00e9r a\u00f0 gj\u00f6ra \u00e1 degi hegningarinnar og \u00feegar ey\u00f0ingin kemur \u00far fjarska? Til hvers vilji\u00f0 \u00fe\u00e9r \u00fe\u00e1 fl\u00fdja um \u00e1sj\u00e1? Og hvar vilji\u00f0 \u00fe\u00e9r geyma au\u00f0\u00e6fi y\u00f0ar?<a name=\"4\"><span class=\"versanumer\">4<\/span><\/a>Er nokku\u00f0 anna\u00f0 fyrir hendi en a\u00f0 falla \u00e1 kn\u00e9 me\u00f0al hinna fj\u00f6tru\u00f0u e\u00f0a hn\u00edga me\u00f0al hinna vegnu? Allt fyrir \u00feetta linnir ekki rei\u00f0i hans, og h\u00f6nd hans er enn \u00fe\u00e1 \u00fatr\u00e9tt.<a name=\"5\"><span class=\"versanumer\">5<\/span><\/a>Vei Ass\u00far, vendinum rei\u00f0i minnar! Heift m\u00edn er stafurinn \u00ed h\u00f6ndum \u00feeirra.<a name=\"6\"><span class=\"versanumer\">6<\/span><\/a>\u00c9g sendi hann m\u00f3ti gu\u00f0lausri \u00fej\u00f3\u00f0, \u00e9g b\u00fd\u00f0 honum a\u00f0 fara \u00e1 m\u00f3ti l\u00fd\u00f0num, sem \u00e9g er rei\u00f0ur, til \u00feess a\u00f0 r\u00e6na og rupla og tro\u00f0a hann f\u00f3tum sem saur \u00e1 str\u00e6tum.<a name=\"7\"><span class=\"versanumer\">7<\/span><\/a>En hann skilur \u00fea\u00f0 eigi svo, og hjarta hans hugsar eigi svo, heldur girnist hann a\u00f0 ey\u00f0a og uppr\u00e6ta margar \u00fej\u00f3\u00f0ir.<a name=\"8\"><span class=\"versanumer\">8<\/span><\/a>Hann segir: Eru ekki h\u00f6f\u00f0ingjar m\u00ednir allir saman konungar?<a name=\"9\"><span class=\"versanumer\">9<\/span><\/a>F\u00f3r ekki fyrir Kalne eins og fyrir Karkemis, fyrir Hamat eins og fyrir Arpad, fyrir Samar\u00edu eins og fyrir Damaskus?<a name=\"10\"><span class=\"versanumer\">10<\/span><\/a>Eins og h\u00f6nd m\u00edn n\u00e1\u00f0i til konungsr\u00edkja gu\u00f0anna, og voru \u00fe\u00f3 l\u00edkneskjur \u00feeirra fleiri en Jer\u00fasalem og Samar\u00edu,<a name=\"11\"><span class=\"versanumer\">11<\/span><\/a>j\u00e1, eins og \u00e9g hefi fari\u00f0 me\u00f0 Samar\u00edu og gu\u00f0i hennar, svo mun \u00e9g fara me\u00f0 Jer\u00fasalem og gu\u00f0al\u00edkneski hennar!<a name=\"12\"><span class=\"versanumer\">12<\/span><\/a>En \u00feegar Drottinn hefir loki\u00f0 \u00f6llu starfi s\u00ednu \u00e1 S\u00edon-fjalli og \u00ed Jer\u00fasalem, mun hann vitja \u00e1vaxtarins af ofmetna\u00f0inum \u00ed hjarta Ass\u00fdr\u00edukonungs og hins hrokafulla drembil\u00e6tis augna hans,<a name=\"13\"><span class=\"versanumer\">13<\/span><\/a>\u00fev\u00ed a\u00f0 hann hefir sagt: Me\u00f0 styrk handar minnar hefi \u00e9g \u00feessu til lei\u00f0ar komi\u00f0 og me\u00f0 hyggindum m\u00ednum, \u00fev\u00ed a\u00f0 \u00e9g er vitsmunama\u00f0ur. \u00c9g hefi f\u00e6rt \u00far sta\u00f0 landamerki \u00fej\u00f3\u00f0anna, r\u00e6nt fj\u00e1rhlutum \u00feeirra og sem alvaldur steypt af st\u00f3li drottnendum \u00feeirra.<a name=\"14\"><span class=\"versanumer\">14<\/span><\/a>H\u00f6nd m\u00edn n\u00e1\u00f0i \u00ed fj\u00e1rafla \u00fej\u00f3\u00f0anna, sem fuglshrei\u00f0ur v\u00e6ri. Eins og menn safna eggjum, sem fuglinn er floginn af, svo hefi \u00e9g safna\u00f0 saman \u00f6llum l\u00f6ndum, og hefir enginn blaka\u00f0 v\u00e6ngjum, loki\u00f0 upp nefinu n\u00e9 t\u00edst.<a name=\"15\"><span class=\"versanumer\">15<\/span><\/a>Hvort m\u00e1 \u00f6xin dramba \u00ed gegn \u00feeim, sem heggur me\u00f0 henni, e\u00f0a s\u00f6gin miklast \u00ed gegn \u00feeim, sem sagar me\u00f0 henni? Allt eins og sprotinn \u00e6tla\u00f0i a\u00f0 sveifla \u00feeim, er rei\u00f0ir hann, e\u00f0a stafurinn f\u00e6ra \u00e1 loft \u00feann, sem ekki er af tr\u00e9.<a name=\"16\"><span class=\"versanumer\">16<\/span><\/a>Fyrir \u00fev\u00ed mun hinn alvaldi, Drottinn allsherjar, senda megrun \u00ed hetjuli\u00f0 hans, og undir d\u00fdr\u00f0 hans mun eldur blossa upp sem brennandi b\u00e1l.<a name=\"17\"><span class=\"versanumer\">17<\/span><\/a>Og lj\u00f3s \u00cdsraels mun ver\u00f0a a\u00f0 eldi og Hinn heilagi \u00ed \u00cdsrael a\u00f0 loga, og s\u00e1 logi skal \u00e1 einum degi upp brenna og ey\u00f0a \u00feyrnum hans og \u00feistlum<a name=\"18\"><span class=\"versanumer\">18<\/span><\/a>og afm\u00e1 a\u00f0 fullu og \u00f6llu hina d\u00fdrlegu sk\u00f3ga hans og aldingar\u00f0a. Hann skal ver\u00f0a eins og sj\u00faklingur, sem veslast upp.<a name=\"19\"><span class=\"versanumer\">19<\/span><\/a>Og leifarnar af sk\u00f3gartrj\u00e1m hans munu ver\u00f0a teljandi, og sm\u00e1sveinn mun geta skrifa\u00f0 \u00feau upp.<a name=\"20\"><span class=\"versanumer\">20<\/span><\/a>\u00c1 \u00feeim degi skulu leifarnar af \u00cdsrael og \u00feeir af Jakobs h\u00fasi, sem af komast, eigi framar rei\u00f0a sig \u00e1 \u00feann sem sl\u00f3 \u00fe\u00e1, heldur munu \u00feeir me\u00f0 tr\u00fafesti rei\u00f0a sig \u00e1 Drottin, Hinn heilaga \u00ed \u00cdsrael.<a name=\"21\"><span class=\"versanumer\">21<\/span><\/a>Leifar munu aftur hverfa, leifarnar af Jakob, til hins m\u00e1ttuga Gu\u00f0s.<a name=\"22\"><span class=\"versanumer\">22<\/span><\/a>\u00dev\u00ed a\u00f0 \u00fe\u00f3tt f\u00f3lksfj\u00f6ldi \u00feinn, \u00cdsrael, v\u00e6ri sem sj\u00e1varsandur, skulu \u00fe\u00f3 a\u00f0eins leifar af honum aftur hverfa. Ey\u00f0ing er fastr\u00e1\u00f0in, framveltandi fl\u00f3\u00f0 r\u00e9ttl\u00e6tis.<a name=\"23\"><span class=\"versanumer\">23<\/span><\/a>\u00dev\u00ed a\u00f0 ey\u00f0ingu, og hana fastr\u00e1\u00f0na, mun hinn alvaldi, Drottinn allsherjar framkv\u00e6ma \u00e1 j\u00f6r\u00f0inni mi\u00f0ri.<a name=\"24\"><span class=\"versanumer\">24<\/span><\/a>Svo segir hinn alvaldi, Drottinn allsherjar: \u00de\u00fa \u00fej\u00f3\u00f0 m\u00edn, sem b\u00fdr \u00e1 S\u00edon, \u00f3ttast \u00fe\u00fa eigi Ass\u00far, er hann sl\u00e6r \u00feig me\u00f0 sprota og rei\u00f0ir a\u00f0 \u00fe\u00e9r staf sinn, eins og Egyptar gj\u00f6r\u00f0u.<a name=\"25\"><span class=\"versanumer\">25<\/span><\/a>\u00dev\u00ed a\u00f0 eftir skamma hr\u00ed\u00f0 er rei\u00f0in \u00e1 enda, og \u00fe\u00e1 beinist heift m\u00edn a\u00f0 ey\u00f0ing \u00feeirra.<a name=\"26\"><span class=\"versanumer\">26<\/span><\/a>\u00de\u00e1 rei\u00f0ir Drottinn allsherjar svipuna a\u00f0 \u00feeim, eins og \u00feegar hann laust Mid\u00edansmenn hj\u00e1 \u00d3reb-kletti. Stafur hans er \u00fatr\u00e9ttur yfir hafi\u00f0, og hann f\u00e6rir hann \u00e1 loft, eins og gegn Egyptum for\u00f0um.<a name=\"27\"><span class=\"versanumer\">27<\/span><\/a>\u00c1 \u00feeim degi skal byr\u00f0i s\u00fa, sem hann hefir \u00e1 \u00feig lagt, falla af her\u00f0um \u00fe\u00e9r og ok hans af h\u00e1lsi \u00fe\u00ednum, og oki\u00f0 skal brotna fyrir ofurfitu.<a name=\"28\"><span class=\"versanumer\">28<\/span><\/a>\u00d3vinurinn heldur til Ajat, fer um M\u00edgron og l\u00e6tur eftir farangur sinn \u00ed Mikmas.<a name=\"29\"><span class=\"versanumer\">29<\/span><\/a>\u00deeir fara yfir skar\u00f0i\u00f0, \u00feeir hafa n\u00e1ttb\u00f3l \u00ed Geba. Rama skelfist, \u00edb\u00faar G\u00edbeu S\u00e1ls leggja \u00e1 fl\u00f3tta.<a name=\"30\"><span class=\"versanumer\">30<\/span><\/a>Hlj\u00f3\u00f0a \u00fe\u00fa upp, Gall\u00edmd\u00f3ttir! Hlusta\u00f0u \u00e1, Lejsa! Taktu undir, Anat\u00f3t!<a name=\"31\"><span class=\"versanumer\">31<\/span><\/a>Madmena fl\u00fdr, \u00edb\u00faar Geb\u00edm for\u00f0a s\u00e9r undan.<a name=\"32\"><span class=\"versanumer\">32<\/span><\/a>\u00deennan sama dag \u00e6ir hann \u00ed N\u00f3b. Hann r\u00e9ttir \u00fat h\u00f6nd s\u00edna m\u00f3ti fjalli S\u00edonard\u00f3ttur, m\u00f3ti h\u00e6\u00f0 Jer\u00fasalemborgar.<a name=\"33\"><span class=\"versanumer\">33<\/span><\/a>Sj\u00e1, hinn alvaldi, Drottinn allsherjar afsn\u00ed\u00f0ur laufkr\u00f3nuna voveiflega. Hin h\u00e1v\u00f6xnu tr\u00e9n eru h\u00f6ggvin og hin gn\u00e6fandi hn\u00edga til jar\u00f0ar.<a name=\"34\"><span class=\"versanumer\">34<\/span><\/a>Hann ry\u00f0ur sk\u00f3garrunnana me\u00f0 \u00f6xi, og L\u00edbanon fellur fyrir Hinum volduga.<\/p>\n<div class=\"footnote1981\"><b>10.1<\/b> Vei Jes 8.8,11,18,20-22 \u2013 ska\u00f0leg \u00e1kv\u00e6\u00f0i Slm 94.20<br \/>\n<b>10.2<\/b> R\u00e9ttur f\u00e1t\u00e6kra Jes 1.17,23; 3.14-15; Am 2.6-8; 5.7,10-15; 6.12; 8.4-6; sbr Jes 11.4; 16.5; Okv 22.22 \u2013 muna\u00f0arlausir og ekkjur Jes 1.17+ ; Jer 49.11; Esk 22.7<br \/>\n<b>10.3<\/b> Hva\u00f0 \u00e6tli\u00f0 \u00fe\u00e9r a\u00f0 gera? Jer 5.31; Job 31.14 \u2013 degi uppgj\u00f6rsins Jes 3.14; H\u00f3s 9.7; sbr Jes 2.12 \u2013 leita \u00e1sj\u00e1r Jes 20.6; 24.18; 30.16-17 \u2013 au\u00f0\u00e6fi y\u00f0ar Sef 1.18<br \/>\n<b>10.5<\/b> Vei Ass\u00far Jes 10.24-27; 14.25; 30.27-33; 37.22-35 \u2013 vendi rei\u00f0i minnar Jes 5.26-30; 7.18,20; 8.7; sbr 13.5; 36.10; 37.26; sbr Jer 51.23<br \/>\n<b>10.6<\/b> R\u00e6na og tra\u00f0ka Jes 8.1-4<br \/>\n<b>10.8<\/b> Or\u00f0 Ass\u00fdr\u00edukonungs Jes 36.18-20<br \/>\n<b>10.9<\/b> Hamat og Arpad Jes 36.19; 37.13 \u2013 Samar\u00eda og Damaskus Jes 8.4<br \/>\n<b>10.10<\/b> Gu\u00f0ir \u00fej\u00f3\u00f0anna sigra\u00f0ir Jes 36.18-20; 37.12<br \/>\n<b>10.12<\/b> Verk Drottins Jes 5.12; 28.21-22; 29.1-4 \u2013 Drottinn refsar Ass\u00far Jes 33.1; 37.36-38 \u2013 drembilegt ofl\u00e6ti Jes 2.12; 37.23<br \/>\n<b>10.13<\/b> Landam\u00e6ri 5M\u00f3s 32.8 \u2013 f\u00e6ra \u00far sta\u00f0 2Kon 17.6,24<br \/>\n<b>10.15<\/b> Hafa sig yfir skaparann sbr Jes 29.16; 45.9; Jer 18.2-6 \u2013 herra s\u00f6gunnar Jes 37.26-27<br \/>\n<b>10.16<\/b> Drottinn allsherjar Jes 1.24+<br \/>\n<b>10.17<\/b> Hinn heilagi Jes 1.4+ ; 6.3+ &#8211; ey\u00f0andi logi, hreinsun Jes 1.31; 4.4; 5.24; 9.4,18; 29.6; 30.27,30,33; Am 7.4 \u2013 \u00feyrnar og \u00feistlar Jes 5.6+ &#8211; \u00e1 einum degi Jes 9.13<br \/>\n<b>10.20<\/b> \u00deeir sem eftir ver\u00f0a Jes 4.3+ ; 11.11,16; 28.5; sbr 16.14; 17.3; 21.17 \u2013 rei\u00f0a sig \u00e1 H\u00f3s 5.13; 2Kro 28.16,20 \u2013 Hinn heilagi \u00cdsraels Jes 1.4+<br \/>\n<b>10.21<\/b> Leifar Jes 7.3 \u2013 m\u00e1ttuga Gu\u00f0s Jes 9.6<br \/>\n<b>10.22-23<\/b> Sj\u00e1 R\u00f3m 9.27-28 \u2013 sj\u00e1varsandur Jes 48.19; 1M\u00f3s 22.17; H\u00f3s 2.1 \u2013 ey\u00f0ing Jes 8.7-8; 28.17; 30.28<br \/>\n<b>10.24<\/b> \u00d3ttastu ekki Jes 37.6 \u2013 barefli Ass\u00far Jes 9.3; 14.5 \u2013 eins og Egyptar 2M\u00f3s 5.14-16<br \/>\n<b>10.25<\/b> Ey\u00f0ing \u00f3vinanna Jes 31.8-9; 37.36<br \/>\n<b>10.26<\/b> Mid\u00edan Jes 9.3+ &#8211; \u00ed Egyptalandi Jes 11.11,15,16; 2M\u00f3s 14.16<br \/>\n<b>10.27<\/b> Ok Jes 9.4+<br \/>\n<b>10.28<\/b> \u00d3vinurinn n\u00e1lgast Jes 5.26 \u2013 Mikmas 1Sam 13.2,5; 14.5<br \/>\n<b>10.29<\/b> Skar\u00f0i\u00f0 1Sam 13.23; 14.4 \u2013 Geba J\u00f3s 18.24; 1Sam 13.3; 14.5; 2Sam 5.25; 1Kon 15.22; 2Kon 23.8; Esr 2.26 \u2013 Rama J\u00f3s 18.25; D\u00f3m 19.13; 1Sam 1.19; 7.17; 1Kon 15.17,22 \u2013 G\u00edbea J\u00f3s 18.28; 1Sam 10.26; 14.2; 15.34<br \/>\n<b>10.30<\/b> D\u00f3ttirin Gall\u00edm 1Sam 25.44 \u2013 Anat\u00f3t Jer 1.1+<br \/>\n<b>10.32<\/b> N\u00f3b 1Sam 21.2; 22.9,19 \u2013 Jer\u00fasalem \u00f3gna\u00f0 M\u00edk 1.10,12<br \/>\n<b>10.34<\/b> L\u00edbanon 1) t\u00e1kn drambseminnar Jes 2.13+ ; 37.24; 2) t\u00e1kn allsn\u00e6gta Jes 29.17; 33.9; 35.2 \u2013 fellur Sak 11.1-2; sbr Nah 1.4<\/div>\n","protected":false},"excerpt":{"rendered":"<p>1Vei \u00feeim, sem veita ranga \u00farskur\u00f0i og f\u00e6ra ska\u00f0semdar\u00e1kv\u00e6\u00f0i \u00ed letur2til \u00feess a\u00f0 halla r\u00e9tti f\u00e1t\u00e6kra og r\u00e6na l\u00f6gum hina nau\u00f0st\u00f6ddu \u00e1 me\u00f0al f\u00f3lks m\u00edns, til \u00feess a\u00f0 ekkjurnar ver\u00f0i \u00feeim a\u00f0 herfangi og \u00feeir f\u00e1i f\u00e9flett muna\u00f0arleysingjana.3Hva\u00f0 \u00e6tli\u00f0 \u00fe\u00e9r a\u00f0 gj\u00f6ra \u00e1 degi hegningarinnar og \u00feegar ey\u00f0ingin kemur \u00far fjarska? Til hvers vilji\u00f0 \u00fe\u00e9r \u00fe\u00e1 fl\u00fdja um \u00e1sj\u00e1? Og hvar vilji\u00f0 \u00fe\u00e9r geyma au\u00f0\u00e6fi y\u00f0ar?4Er nokku\u00f0 anna\u00f0 fyrir hendi en a\u00f0 falla \u00e1 kn\u00e9 me\u00f0al hinna fj\u00f6tru\u00f0u e\u00f0a hn\u00edga me\u00f0al hinna vegnu? Allt fyrir \u00feetta linnir ekki rei\u00f0i hans, og h\u00f6nd hans er enn \u00fe\u00e1 \u00fatr\u00e9tt.5Vei Ass\u00far, vendinum rei\u00f0i <a href=\"https:\/\/biblian.is\/1981\/jesaja-10-kafli\/\"> [&#8230;]<\/a><\/p>\n","protected":false},"author":1,"featured_media":0,"parent":0,"menu_order":0,"comment_status":"open","ping_status":"open","template":"bibliukaflar.php","meta":{"footnotes":""},"class_list":["post-2036","page","type-page","status-publish","hentry"],"_links":{"self":[{"href":"https:\/\/biblian.is\/1981\/wp-json\/wp\/v2\/pages\/2036","targetHints":{"allow":["GET"]}}],"collection":[{"href":"https:\/\/biblian.is\/1981\/wp-json\/wp\/v2\/pages"}],"about":[{"href":"https:\/\/biblian.is\/1981\/wp-json\/wp\/v2\/types\/page"}],"author":[{"embeddable":true,"href":"https:\/\/biblian.is\/1981\/wp-json\/wp\/v2\/users\/1"}],"replies":[{"embeddable":true,"href":"https:\/\/biblian.is\/1981\/wp-json\/wp\/v2\/comments?post=2036"}],"version-history":[{"count":0,"href":"https:\/\/biblian.is\/1981\/wp-json\/wp\/v2\/pages\/2036\/revisions"}],"wp:attachment":[{"href":"https:\/\/biblian.is\/1981\/wp-json\/wp\/v2\/media?parent=2036"}],"curies":[{"name":"wp","href":"https:\/\/api.w.org\/{rel}","templated":true}]}}