{"id":2033,"date":"2017-11-18T20:19:50","date_gmt":"2017-11-18T20:19:50","guid":{"rendered":"http:\/\/biblian.is\/1981\/jesaja-7-kafli\/"},"modified":"2017-11-18T20:19:50","modified_gmt":"2017-11-18T20:19:50","slug":"jesaja-7-kafli","status":"publish","type":"page","link":"https:\/\/biblian.is\/1981\/jesaja-7-kafli\/","title":{"rendered":"Jesaja 7. kafli"},"content":{"rendered":"<p><a name=\"1\"><span class=\"versanumer\">1<\/span><\/a>Svo bar til \u00e1 d\u00f6gum Akasar, konungs \u00ed J\u00fada, J\u00f3tamssonar, \u00dass\u00edasonar, a\u00f0 Res\u00edn S\u00fdrlandskonungur og Peka Remaljason, konungur \u00ed \u00cdsrael, f\u00f3ru upp til Jer\u00fasalem til a\u00f0 herja \u00e1 hana, en fengu ekki unni\u00f0 hana.<a name=\"2\"><span class=\"versanumer\">2<\/span><\/a>\u00de\u00e1 kom h\u00fasi Dav\u00ed\u00f0s \u00feessi fregn: S\u00fdrland hefir gj\u00f6rt bandalag vi\u00f0 Efra\u00edm. Skalf \u00fe\u00e1 hjarta konungs og hjarta \u00fej\u00f3\u00f0ar hans, eins og sk\u00f3gartr\u00e9 skj\u00e1lfa fyrir vindi.<a name=\"3\"><span class=\"versanumer\">3<\/span><\/a>\u00de\u00e1 sag\u00f0i Drottinn vi\u00f0 Jesaja: Gakk \u00fe\u00fa og Sear Jas\u00fab, sonur \u00feinn, til m\u00f3ts vi\u00f0 Akas, a\u00f0 enda vatnstokksins \u00far efri tj\u00f6rninni, vi\u00f0 veginn \u00fat \u00e1 bleikiv\u00f6llinn,<a name=\"4\"><span class=\"versanumer\">4<\/span><\/a>og seg vi\u00f0 hann: G\u00e6t \u00fe\u00edn og haf kyrrt um \u00feig. \u00d3ttast \u00fe\u00fa eigi og l\u00e1t eigi hugfallast fyrir \u00feessum tveimur rj\u00fakandi brandabrotum, fyrir brennandi rei\u00f0i \u00feeirra Res\u00edns, S\u00fdrlendinga og Remaljasonar.<a name=\"5\"><span class=\"versanumer\">5<\/span><\/a>S\u00f6kum \u00feess a\u00f0 S\u00fdrland, Efra\u00edm og Remaljasonur hafa haft ill r\u00e1\u00f0 me\u00f0 h\u00f6ndum gegn \u00fe\u00e9r og sagt:<a name=\"6\"><span class=\"versanumer\">6<\/span><\/a>V\u00e9r skulum fara herfer\u00f0 \u00e1 hendur J\u00fada og skj\u00f3ta m\u00f6nnum skelk \u00ed bringu, taka landi\u00f0 herskildi og setja Tabelsson \u00fear til konungs,<a name=\"7\"><span class=\"versanumer\">7<\/span><\/a>s\u00f6kum \u00feess segir hinn alvaldi Drottinn: \u00dea\u00f0 skal eigi takast og \u00fea\u00f0 skal eigi ver\u00f0a.<a name=\"8\"><span class=\"versanumer\">8<\/span><\/a>Damaskus er h\u00f6fu\u00f0 S\u00fdrlands og Res\u00edn h\u00f6fu\u00f0 Damaskus. Og \u00e1\u00f0ur en li\u00f0in eru sext\u00edu og fimm \u00e1r skal Efra\u00edm gj\u00f6reytt ver\u00f0a og eigi ver\u00f0a \u00fej\u00f3\u00f0 upp fr\u00e1 \u00fev\u00ed.<a name=\"9\"><span class=\"versanumer\">9<\/span><\/a>Og Samar\u00eda er h\u00f6fu\u00f0 Efra\u00edms og Remaljasonur h\u00f6fu\u00f0 Samar\u00edu. Ef \u00fe\u00e9r tr\u00fai\u00f0 eigi, munu\u00f0 \u00fe\u00e9r eigi f\u00e1 sta\u00f0ist.<a name=\"10\"><span class=\"versanumer\">10<\/span><\/a>Og enn tala\u00f0i Drottinn vi\u00f0 Akas og sag\u00f0i:<a name=\"11\"><span class=\"versanumer\">11<\/span><\/a>Bi\u00f0 \u00fe\u00e9r t\u00e1kns af Drottni, Gu\u00f0i \u00fe\u00ednum, hvort sem \u00fe\u00fa vilt heldur bei\u00f0ast \u00feess ne\u00f0an \u00far undirheimum e\u00f0a ofan a\u00f0 fr\u00e1 h\u00e6\u00f0um.<a name=\"12\"><span class=\"versanumer\">12<\/span><\/a>En Akas sag\u00f0i: \u00c9g vil einskis bi\u00f0ja og eigi freista Drottins.<a name=\"13\"><span class=\"versanumer\">13<\/span><\/a>\u00de\u00e1 sag\u00f0i Jesaja: Heyri\u00f0, \u00fe\u00e9r ni\u00f0jar Dav\u00ed\u00f0s, n\u00e6gir y\u00f0ur \u00fea\u00f0 eigi a\u00f0 \u00fereyta menn, \u00far \u00fev\u00ed a\u00f0 \u00fe\u00e9r \u00fereyti\u00f0 einnig Gu\u00f0 minn?<a name=\"14\"><span class=\"versanumer\">14<\/span><\/a>Fyrir \u00fev\u00ed mun Drottinn gefa y\u00f0ur t\u00e1kn sj\u00e1lfur: Sj\u00e1, yngism\u00e6r ver\u00f0ur \u00feungu\u00f0 og f\u00e6\u00f0ir son og l\u00e6tur hann heita Imman\u00fael.<a name=\"15\"><span class=\"versanumer\">15<\/span><\/a>Vi\u00f0 s\u00farmj\u00f3lk og hunang skal hann alast, \u00fe\u00e1 er hann fer a\u00f0 hafa vit \u00e1 a\u00f0 hafna hinu illa og velja hi\u00f0 g\u00f3\u00f0a.<a name=\"16\"><span class=\"versanumer\">16<\/span><\/a>\u00c1\u00f0ur en sveinninn hefir vit \u00e1 a\u00f0 hafna hinu illa og velja hi\u00f0 g\u00f3\u00f0a, skal mannau\u00f0n ver\u00f0a \u00ed landi \u00feeirra tveggja konunga, sem n\u00fa skelfa \u00feig.<a name=\"17\"><span class=\"versanumer\">17<\/span><\/a>Drottinn mun l\u00e1ta yfir \u00feig og yfir \u00fej\u00f3\u00f0 \u00fe\u00edna og yfir h\u00fas f\u00f6\u00f0ur \u00fe\u00edns \u00fe\u00e1 daga koma, a\u00f0 ekki hafa sl\u00edkir yfir li\u00f0i\u00f0 s\u00ed\u00f0an Efra\u00edm skildist fr\u00e1 J\u00fada Ass\u00fdr\u00edukonung.<a name=\"18\"><span class=\"versanumer\">18<\/span><\/a>\u00c1 \u00feeim degi mun Drottinn bl\u00edstra \u00e1 flugurnar, sem eru vi\u00f0 mynni\u00f0 \u00e1 N\u00edl-kv\u00edslunum \u00e1 Egyptalandi, og \u00e1 b\u00fdflugurnar, sem eru \u00ed Ass\u00fdr\u00edu,<a name=\"19\"><span class=\"versanumer\">19<\/span><\/a>og \u00fe\u00e6r munu allar koma og setjast \u00ed dalverpin og bergskorurnar, \u00ed alla \u00feyrnirunna og \u00ed \u00f6ll vatnsb\u00f3l.<a name=\"20\"><span class=\"versanumer\">20<\/span><\/a>\u00c1 \u00feeim degi mun Drottinn me\u00f0 rakhn\u00edfi, leig\u00f0um fyrir handan flj\u00f3t me\u00f0 Ass\u00fdr\u00edukonungi raka h\u00f6fu\u00f0i\u00f0 og kvi\u00f0h\u00e1rin, og skeggi\u00f0 mun hann einnig nema burt.<a name=\"21\"><span class=\"versanumer\">21<\/span><\/a>\u00c1 \u00feeim degi mun ma\u00f0ur hafa kv\u00edgu og tv\u00e6r \u00e6r,<a name=\"22\"><span class=\"versanumer\">22<\/span><\/a>og vegna \u00feess, hve vel \u00fe\u00e6r mj\u00f3lka, mun hann hafa s\u00farmj\u00f3lk til matar. \u00c1 s\u00farmj\u00f3lk og hunangi skal hver ma\u00f0ur lifa, sem eftir ver\u00f0ur \u00ed landinu.<a name=\"23\"><span class=\"versanumer\">23<\/span><\/a>Og \u00e1 \u00feeim degi mun svo fara, a\u00f0 alls sta\u00f0ar \u00fear sem \u00e1\u00f0ur st\u00f3\u00f0u \u00fe\u00fasund v\u00ednvi\u00f0ir, \u00fe\u00fasund sikla vir\u00f0i, \u00fear skulu vaxa \u00feyrnar og \u00feistlar.<a name=\"24\"><span class=\"versanumer\">24<\/span><\/a>Menn skulu ekki fara \u00fear um, nema \u00feeir hafi me\u00f0 s\u00e9r \u00f6rvar og boga, \u00fev\u00ed a\u00f0 landi\u00f0 skal ekki anna\u00f0 vera en \u00feyrnar og \u00feistlar.<a name=\"25\"><span class=\"versanumer\">25<\/span><\/a>Og \u00f6ll fellin, sem n\u00fa eru stungin upp me\u00f0 sk\u00f3flu \u00feanga\u00f0 skal enginn ma\u00f0ur koma af hr\u00e6\u00f0slu vi\u00f0 \u00feyrna og \u00feistla. Nautpeningi ver\u00f0ur hleypt \u00feanga\u00f0 og sau\u00f0f\u00e9na\u00f0ur l\u00e1tinn tra\u00f0ka \u00feau ni\u00f0ur.<\/p>\n<div class=\"footnote1981\"><b>7.1<\/b> Akas Jes 1.1+ &#8211; Peka 2Kon 15.27-31 \u2013 a\u00f0f\u00f6rin a\u00f0 Jer\u00fasalem 2Kon 16.5; sbr 2Kon 15.37<br \/>\n<b>7.2<\/b> Fj\u00f6lskylda Dav\u00ed\u00f0s 2Sam 7.11-14; Slm 89.30-38; 132.11-12<br \/>\n<b>7.3<\/b> Sear-Jas\u00fab Jes 10.21; sbr 4.3+ &#8211; efri tj\u00f6rnin Jes 36.2 \u2013 \u00fevottav\u00f6llurinn sbr 1Kon 1.9<br \/>\n<b>7.4<\/b> Haltu r\u00f3 \u00feinni Jes 30.15 \u2013 \u00f3ttastu ekki Jes 8.12 \u2013 h\u00e1lfbrunnin sprek sbr Jes 42.3; 43.17; 51.12-13; 2Sam 14.7; Job 18.5-6<br \/>\n<b>7.7<\/b> \u00dea\u00f0 skal ekki takast Jes 8.10; 28.18; Slm 33.10<br \/>\n<b>7.8<\/b> H\u00f6fu\u00f0 Arams 2Kon 8.7; 2Kro 28.23<br \/>\n<b>7.9<\/b> Tr\u00fai\u00f0 2Kro 20.20<br \/>\n<b>7.11<\/b> T\u00e1kn Jes 7.14; 8.18; Matt 16.1-4<br \/>\n<b>7.12<\/b> Freista Drottins Slm 78.18+<br \/>\n<b>7.14<\/b> Sonur yngismeyjar 1M\u00f3s 16.11; D\u00f3m 13.3; L\u00fak 1.31 \u2013 Imman\u00fael Jes 8.8,10; 41.10+; 4M\u00f3s 23.21; Am 5.14; M\u00edk 3.11; Sef 3.15; Slm 46.8,12+<br \/>\n<b>7.15<\/b> Hafna hinu illa 5M\u00f3s 1.39; 2Sam 14.17; 1Kon 3.9<br \/>\n<b>7.16<\/b> \u00c1\u00f0ur en &#8230; Jes 8.4<br \/>\n<b>7.17<\/b> Ass\u00fdr\u00edukonungur Jes 8.7-8; 36.1<br \/>\n<b>7.18<\/b> Drottinn bl\u00edstrar Jes 5.26 \u2013 Egyptaland Jes 37.9<br \/>\n<b>7.20<\/b> H\u00e1r og skegg raka\u00f0 Jes 3.24; Esk 5.1; sbr 2Sam 10.4-6<br \/>\n<b>7.22<\/b> \u00deeir sem eftir ver\u00f0a Jes 4.3+<br \/>\n<b>7.23<\/b> Au\u00f0\u00e6fi Samar\u00edu Jes 2.7; 28.1 \u2013 ey\u00f0ing Samar\u00edu Jes 7.8-9; 8.4; 10.17-19; 17.4-6 \u2013 \u00feyrnar og \u00feistlar Jes 5.6+ ; 8.4<br \/>\n<b>7.25<\/b> Ni\u00f0ur tr\u00f6\u00f0ku\u00f0 af sau\u00f0f\u00e9 Jes 17.2; 27.10; 32.14; Esk 25.5; Sef 2.6-7<\/div>\n","protected":false},"excerpt":{"rendered":"<p>1Svo bar til \u00e1 d\u00f6gum Akasar, konungs \u00ed J\u00fada, J\u00f3tamssonar, \u00dass\u00edasonar, a\u00f0 Res\u00edn S\u00fdrlandskonungur og Peka Remaljason, konungur \u00ed \u00cdsrael, f\u00f3ru upp til Jer\u00fasalem til a\u00f0 herja \u00e1 hana, en fengu ekki unni\u00f0 hana.2\u00de\u00e1 kom h\u00fasi Dav\u00ed\u00f0s \u00feessi fregn: S\u00fdrland hefir gj\u00f6rt bandalag vi\u00f0 Efra\u00edm. Skalf \u00fe\u00e1 hjarta konungs og hjarta \u00fej\u00f3\u00f0ar hans, eins og sk\u00f3gartr\u00e9 skj\u00e1lfa fyrir vindi.3\u00de\u00e1 sag\u00f0i Drottinn vi\u00f0 Jesaja: Gakk \u00fe\u00fa og Sear Jas\u00fab, sonur \u00feinn, til m\u00f3ts vi\u00f0 Akas, a\u00f0 enda vatnstokksins \u00far efri tj\u00f6rninni, vi\u00f0 veginn \u00fat \u00e1 bleikiv\u00f6llinn,4og seg vi\u00f0 hann: G\u00e6t \u00fe\u00edn og haf kyrrt um \u00feig. \u00d3ttast \u00fe\u00fa eigi og l\u00e1t <a href=\"https:\/\/biblian.is\/1981\/jesaja-7-kafli\/\"> [&#8230;]<\/a><\/p>\n","protected":false},"author":1,"featured_media":0,"parent":0,"menu_order":0,"comment_status":"open","ping_status":"open","template":"bibliukaflar.php","meta":{"footnotes":""},"class_list":["post-2033","page","type-page","status-publish","hentry"],"_links":{"self":[{"href":"https:\/\/biblian.is\/1981\/wp-json\/wp\/v2\/pages\/2033","targetHints":{"allow":["GET"]}}],"collection":[{"href":"https:\/\/biblian.is\/1981\/wp-json\/wp\/v2\/pages"}],"about":[{"href":"https:\/\/biblian.is\/1981\/wp-json\/wp\/v2\/types\/page"}],"author":[{"embeddable":true,"href":"https:\/\/biblian.is\/1981\/wp-json\/wp\/v2\/users\/1"}],"replies":[{"embeddable":true,"href":"https:\/\/biblian.is\/1981\/wp-json\/wp\/v2\/comments?post=2033"}],"version-history":[{"count":0,"href":"https:\/\/biblian.is\/1981\/wp-json\/wp\/v2\/pages\/2033\/revisions"}],"wp:attachment":[{"href":"https:\/\/biblian.is\/1981\/wp-json\/wp\/v2\/media?parent=2033"}],"curies":[{"name":"wp","href":"https:\/\/api.w.org\/{rel}","templated":true}]}}