{"id":2021,"date":"2017-11-18T20:19:44","date_gmt":"2017-11-18T20:19:44","guid":{"rendered":"http:\/\/biblian.is\/1981\/ljodaljodin-3-kafli\/"},"modified":"2017-11-18T20:19:44","modified_gmt":"2017-11-18T20:19:44","slug":"ljodaljodin-3-kafli","status":"publish","type":"page","link":"https:\/\/biblian.is\/1981\/ljodaljodin-3-kafli\/","title":{"rendered":"Lj\u00f3\u00f0alj\u00f3\u00f0in 3. kafli"},"content":{"rendered":"<p><a name=\"1\"><span class=\"versanumer\">1<\/span><\/a>\u00cd hv\u00edlu minni um n\u00f3tt leita\u00f0i \u00e9g hans sem s\u00e1l m\u00edn elskar, \u00e9g leita\u00f0i hans, en fann hann ekki.<a name=\"2\"><span class=\"versanumer\">2<\/span><\/a>\u00c9g skal fara \u00e1 f\u00e6tur og ganga um borgina, um str\u00e6tin og torgin. \u00c9g skal leita hans, sem s\u00e1l m\u00edn elskar! \u00c9g leita\u00f0i hans, en fann hann ekki.<a name=\"3\"><span class=\"versanumer\">3<\/span><\/a>Ver\u00f0irnir, sem ganga um borgina, hittu mig. Hafi\u00f0 \u00fe\u00e9r s\u00e9\u00f0 \u00feann sem s\u00e1l m\u00edn elskar?<a name=\"4\"><span class=\"versanumer\">4<\/span><\/a>\u00d3\u00f0ara en \u00e9g var fr\u00e1 \u00feeim gengin, fann \u00e9g \u00feann sem s\u00e1l m\u00edn elskar. \u00c9g \u00fereif \u00ed hann og sleppi honum ekki, fyrr en \u00e9g hefi leitt hann \u00ed h\u00fas m\u00f3\u00f0ur minnar og \u00ed herbergi hennar er mig \u00f3l.<a name=\"5\"><span class=\"versanumer\">5<\/span><\/a>\u00c9g s\u00e6ri y\u00f0ur, Jer\u00fasalemd\u00e6tur, vi\u00f0 sk\u00f3gargeiturnar e\u00f0a vi\u00f0 hindirnar \u00ed haganum: Veki\u00f0 ekki, veki\u00f0 ekki elskuna, fyrr en h\u00fan sj\u00e1lf vill.<a name=\"6\"><span class=\"versanumer\">6<\/span><\/a>Hva\u00f0 er \u00fea\u00f0, sem kemur \u00far hei\u00f0inni eins og reykjars\u00falur, angandi af myrru og reykelsi, af alls konar kaupmannskryddi?<a name=\"7\"><span class=\"versanumer\">7<\/span><\/a>\u00dea\u00f0 er bur\u00f0arrekkja Sal\u00f3mons, sext\u00edu kappar kringum hana af k\u00f6ppum \u00cdsraels.<a name=\"8\"><span class=\"versanumer\">8<\/span><\/a>Allir me\u00f0 sver\u00f0 \u00ed hendi, vanir herna\u00f0i, hver og einn me\u00f0 sver\u00f0 vi\u00f0 lend vegna n\u00e6tur\u00f3ttans.<a name=\"9\"><span class=\"versanumer\">9<\/span><\/a>Bur\u00f0arst\u00f3l l\u00e9t Sal\u00f3mon konungur gj\u00f6ra s\u00e9r \u00far vi\u00f0i fr\u00e1 L\u00edbanon.<a name=\"10\"><span class=\"versanumer\">10<\/span><\/a>St\u00f3lpa hans l\u00e9t hann gj\u00f6ra af silfri, baki\u00f0 \u00far gulli, s\u00e6ti\u00f0 \u00far purpurad\u00fak, lagt h\u00e6gindum a\u00f0 innan af elsku Jer\u00fasalemd\u00e6tra.<a name=\"11\"><span class=\"versanumer\">11<\/span><\/a>Gangi\u00f0 \u00fat, S\u00edonard\u00e6tur, og horfi\u00f0 \u00e1 Sal\u00f3mon konung, \u00e1 sveiginn sem m\u00f3\u00f0ir hans hefir kr\u00fdnt hann \u00e1 br\u00fa\u00f0kaupsdegi hans og \u00e1 gle\u00f0idegi hjarta hans.<\/p>\n<div class=\"footnote1981\"><b>3.1<\/b> \u00c9g leita hans Ljl 5.6; Jes 65.1; Jer 29.13; H\u00f3s 2.9; 5.6; Okv 1.28; sbr Matt 7.7<br \/>\n<b>3.3<\/b> Ver\u00f0irnir Ljl 5.7<br \/>\n<b>3.4<\/b> Sleppti honum ekki 1M\u00f3s 2.24 \u2013 m\u00f3\u00f0ir st\u00falkunnar Ljl 6.9; 8.2 \u2013 unga mannsins Ljl 3.11; 8.5<br \/>\n<b>3.6<\/b> Hva\u00f0 er \u00fea\u00f0? Ljl 6.10; 8.5 \u2013 myrra og reykelsi sbr Ljl 1.12+ &#8211; kaupmannakrydd 1Kon 10.15; Esk 27.13-24; Nah 3.16<br \/>\n<b>3.7<\/b> Sal\u00f3mon Ljl 3.9,11; 8.11-12<br \/>\n<b>3.8<\/b> \u00d3gnir n\u00e6turinnar Slm 91.5; T\u00f3b 3.7-8; 6.14<br \/>\n<b>3.11<\/b> K\u00f3r\u00f3na Jes 61.10; 62.3 \u2013 br\u00fa\u00f0kaup og gle\u00f0i Jes 62.5<\/div>\n","protected":false},"excerpt":{"rendered":"<p>1\u00cd hv\u00edlu minni um n\u00f3tt leita\u00f0i \u00e9g hans sem s\u00e1l m\u00edn elskar, \u00e9g leita\u00f0i hans, en fann hann ekki.2\u00c9g skal fara \u00e1 f\u00e6tur og ganga um borgina, um str\u00e6tin og torgin. \u00c9g skal leita hans, sem s\u00e1l m\u00edn elskar! \u00c9g leita\u00f0i hans, en fann hann ekki.3Ver\u00f0irnir, sem ganga um borgina, hittu mig. Hafi\u00f0 \u00fe\u00e9r s\u00e9\u00f0 \u00feann sem s\u00e1l m\u00edn elskar?4\u00d3\u00f0ara en \u00e9g var fr\u00e1 \u00feeim gengin, fann \u00e9g \u00feann sem s\u00e1l m\u00edn elskar. \u00c9g \u00fereif \u00ed hann og sleppi honum ekki, fyrr en \u00e9g hefi leitt hann \u00ed h\u00fas m\u00f3\u00f0ur minnar og \u00ed herbergi hennar er mig \u00f3l.5\u00c9g s\u00e6ri y\u00f0ur, <a href=\"https:\/\/biblian.is\/1981\/ljodaljodin-3-kafli\/\"> [&#8230;]<\/a><\/p>\n","protected":false},"author":1,"featured_media":0,"parent":0,"menu_order":0,"comment_status":"open","ping_status":"open","template":"bibliukaflar.php","meta":{"footnotes":""},"class_list":["post-2021","page","type-page","status-publish","hentry"],"_links":{"self":[{"href":"https:\/\/biblian.is\/1981\/wp-json\/wp\/v2\/pages\/2021","targetHints":{"allow":["GET"]}}],"collection":[{"href":"https:\/\/biblian.is\/1981\/wp-json\/wp\/v2\/pages"}],"about":[{"href":"https:\/\/biblian.is\/1981\/wp-json\/wp\/v2\/types\/page"}],"author":[{"embeddable":true,"href":"https:\/\/biblian.is\/1981\/wp-json\/wp\/v2\/users\/1"}],"replies":[{"embeddable":true,"href":"https:\/\/biblian.is\/1981\/wp-json\/wp\/v2\/comments?post=2021"}],"version-history":[{"count":0,"href":"https:\/\/biblian.is\/1981\/wp-json\/wp\/v2\/pages\/2021\/revisions"}],"wp:attachment":[{"href":"https:\/\/biblian.is\/1981\/wp-json\/wp\/v2\/media?parent=2021"}],"curies":[{"name":"wp","href":"https:\/\/api.w.org\/{rel}","templated":true}]}}