{"id":2002,"date":"2017-11-18T20:19:38","date_gmt":"2017-11-18T20:19:38","guid":{"rendered":"http:\/\/biblian.is\/1981\/ordskvidirnir-27-kafli\/"},"modified":"2021-06-06T11:04:39","modified_gmt":"2021-06-06T11:04:39","slug":"ordskvidirnir-27-kafli","status":"publish","type":"page","link":"https:\/\/biblian.is\/1981\/ordskvidirnir-27-kafli\/","title":{"rendered":"Or\u00f0skvi\u00f0irnir 27. kafli"},"content":{"rendered":"<p><a name=\"1\"><span class=\"versanumer\">1<\/span><\/a>Vertu ekki hr\u00f3\u00f0ugur af morgundeginum, \u00fev\u00ed a\u00f0 \u00fe\u00fa veist ekki, hva\u00f0 dagurinn ber \u00ed skauti s\u00ednu.<a name=\"2\"><span class=\"versanumer\">2<\/span><\/a>L\u00e1t a\u00f0ra hr\u00f3sa \u00fe\u00e9r og ekki \u00feinn eigin munn, \u00f3vi\u00f0komandi menn, en ekki \u00fe\u00ednar eigin varir.<a name=\"3\"><span class=\"versanumer\">3<\/span><\/a>Steinar eru \u00feungir, og sandurinn s\u00edgur \u00ed, en gremja afglapans er \u00feyngri en hvort tveggja.<a name=\"4\"><span class=\"versanumer\">4<\/span><\/a>Heiftin er grimm, og rei\u00f0in er sv\u00e6sin, en hver f\u00e6r sta\u00f0ist \u00f6fundina?<a name=\"5\"><span class=\"versanumer\">5<\/span><\/a>Betri er opinber ofan\u00edgj\u00f6f en elska sem leynt er.<a name=\"6\"><span class=\"versanumer\">6<\/span><\/a>Vel meint eru vinar s\u00e1rin, en vi\u00f0bj\u00f3\u00f0slegir kossar hatursmannsins.<a name=\"7\"><span class=\"versanumer\">7<\/span><\/a>Saddur ma\u00f0ur tre\u00f0ur hunangsseim undir f\u00f3tum, en hungru\u00f0um manni \u00feykir allt beiskt s\u00e6tt.<a name=\"8\"><span class=\"versanumer\">8<\/span><\/a>Eins og fugl, sem floginn er burt \u00far hrei\u00f0ri s\u00ednu, svo er ma\u00f0ur, sem fl\u00fainn er burt af heimili s\u00ednu.<a name=\"9\"><span class=\"versanumer\">9<\/span><\/a>Ilmol\u00eda og reykelsi gle\u00f0ja hjarta\u00f0, en ind\u00e6lli er vinur en ilmandi vi\u00f0ur.<a name=\"10\"><span class=\"versanumer\">10<\/span><\/a>Yfirgef eigi vin \u00feinn n\u00e9 vin f\u00f6\u00f0ur \u00fe\u00edns og gakk eigi \u00ed h\u00fas br\u00f3\u00f0ur \u00fe\u00edns \u00e1 \u00f3heilladegi \u00fe\u00ednum. Betri er n\u00e1b\u00fai \u00ed n\u00e1nd en br\u00f3\u00f0ir \u00ed fjarl\u00e6g\u00f0.<a name=\"11\"><span class=\"versanumer\">11<\/span><\/a>Vertu vitur, sonur minn, og gle\u00f0 hjarta mitt, svo a\u00f0 \u00e9g geti svara\u00f0 \u00feeim or\u00f0i, sem sm\u00e1na mig.<a name=\"12\"><span class=\"versanumer\">12<\/span><\/a>Vitur ma\u00f0ur s\u00e9r \u00f3g\u00e6funa og felur sig, en einfeldningarnir halda \u00e1fram og f\u00e1 a\u00f0 kenna \u00e1 \u00fev\u00ed.<a name=\"13\"><span class=\"versanumer\">13<\/span><\/a>Tak \u00fe\u00fa skikkjuna af \u00feeim manni, sem hefir gengi\u00f0 \u00ed \u00e1byrg\u00f0 fyrir \u00f3kunnugan, tak ve\u00f0 af \u00feeim manni, sem hefir gengi\u00f0 \u00ed \u00e1byrg\u00f0 fyrir \u00fatlending.<a name=\"14\"><span class=\"versanumer\">14<\/span><\/a>Hver sem blessar n\u00e1unga sinn snemma morguns me\u00f0 h\u00e1rri raustu, \u00fea\u00f0 skal meti\u00f0 vi\u00f0 hann sem form\u00e6ling.<a name=\"15\"><span class=\"versanumer\">15<\/span><\/a>S\u00edfelldur \u00feakleki \u00ed rigningat\u00ed\u00f0 og \u00ferasgj\u00f6rn kona er hva\u00f0 \u00f6\u00f0ru l\u00edkt.<a name=\"16\"><span class=\"versanumer\">16<\/span><\/a>S\u00e1 er hana st\u00f6\u00f0va\u00f0i, g\u00e6ti st\u00f6\u00f0va\u00f0 vindinn og haldi\u00f0 ol\u00edu \u00ed h\u00e6gri hendi sinni.<a name=\"17\"><span class=\"versanumer\">17<\/span><\/a>J\u00e1rn br\u00fdnir j\u00e1rn, og ma\u00f0ur br\u00fdnir mann.<a name=\"18\"><span class=\"versanumer\">18<\/span><\/a>S\u00e1 sem g\u00e6tir f\u00edkjutr\u00e9s, mun eta \u00e1v\u00f6xt \u00feess, og s\u00e1 sem \u00fej\u00f3nar h\u00fasb\u00f3nda s\u00ednum me\u00f0 virktum, mun hei\u00f0ur hlj\u00f3ta.<a name=\"19\"><span class=\"versanumer\">19<\/span><\/a>Eins og andlit horfir vi\u00f0 andliti \u00ed vatni, svo er hjarta eins manns gagnvart \u00f6\u00f0rum.<a name=\"20\"><span class=\"versanumer\">20<\/span><\/a>D\u00e1narheimar og undirdj\u00fapin eru \u00f3se\u00f0jandi, svo eru og augu mannsins \u00f3se\u00f0jandi.<a name=\"21\"><span class=\"versanumer\">21<\/span><\/a>Deiglan er fyrir silfri\u00f0 og br\u00e6\u00f0sluofninn fyrir gulli\u00f0, og ma\u00f0urinn er d\u00e6mdur eftir or\u00f0st\u00edr hans.<a name=\"22\"><span class=\"versanumer\">22<\/span><\/a>\u00de\u00f3tt \u00fe\u00fa steyttir afglapann \u00ed mort\u00e9li me\u00f0 stauti innan um grj\u00f3n, \u00fe\u00e1 mundi f\u00edflska hans ekki vi\u00f0 hann skilja.<a name=\"23\"><span class=\"versanumer\">23<\/span><\/a>Haf n\u00e1kv\u00e6mar g\u00e6tur \u00e1 \u00fatliti sau\u00f0a \u00feinna og veit hj\u00f6r\u00f0unum athygli \u00fe\u00edna.<a name=\"24\"><span class=\"versanumer\">24<\/span><\/a>\u00dev\u00ed a\u00f0 au\u00f0ur varir ekki eil\u00edflega, n\u00e9 heldur k\u00f3r\u00f3na fr\u00e1 kyni til kyns.<a name=\"25\"><span class=\"versanumer\">25<\/span><\/a>S\u00e9 heyi\u00f0 komi\u00f0 undan og gr\u00e6ngresi komi\u00f0 \u00ed lj\u00f3s, og hafi jurtir fjallanna veri\u00f0 hirtar,<a name=\"26\"><span class=\"versanumer\">26<\/span><\/a>\u00fe\u00e1 \u00e1tt \u00fe\u00fa l\u00f6mb \u00fe\u00e9r til kl\u00e6\u00f0na\u00f0ar og geithafra til \u00feess a\u00f0 kaupa fyrir akur<a name=\"27\"><span class=\"versanumer\">27<\/span><\/a>og n\u00f3ga geitamj\u00f3lk \u00fe\u00e9r til f\u00e6\u00f0slu, til f\u00e6\u00f0slu heimili \u00fe\u00ednu, og til vi\u00f0url\u00edfis \u00feernum \u00fe\u00ednum.<\/p>\n<div class=\"footnote1981\"><b>27.2<\/b> Vera l\u00edtill\u00e1tur Okv 11.2+<br \/>\n<b>27.10<\/b> Vinur og br\u00f3\u00f0ir Okv 17.17; 18.24<br \/>\n<b>27.13<\/b> Gengi\u00f0 i \u00e1byrg\u00f0 Okv 6.1-5+<br \/>\n<b>27.15<\/b> \u00derasgj\u00f6rn kona Okv 19.13+<br \/>\n<b>27.20<\/b> \u00d3se\u00f0jandi Okv 30.15-16<br \/>\n<b>27.23<\/b> Umhyggja fyrir j\u00f6r\u00f0inni Okv 12.10; S\u00edr 7.22<\/div>\n","protected":false},"excerpt":{"rendered":"<p>1Vertu ekki hr\u00f3\u00f0ugur af morgundeginum, \u00fev\u00ed a\u00f0 \u00fe\u00fa veist ekki, hva\u00f0 dagurinn ber \u00ed skauti s\u00ednu.2L\u00e1t a\u00f0ra hr\u00f3sa \u00fe\u00e9r og ekki \u00feinn eigin munn, \u00f3vi\u00f0komandi menn, en ekki \u00fe\u00ednar eigin varir.3Steinar eru \u00feungir, og sandurinn s\u00edgur \u00ed, en gremja afglapans er \u00feyngri en hvort tveggja.4Heiftin er grimm, og rei\u00f0in er sv\u00e6sin, en hver f\u00e6r sta\u00f0ist \u00f6fundina?5Betri er opinber ofan\u00edgj\u00f6f en elska sem leynt er.6Vel meint eru vinar s\u00e1rin, en vi\u00f0bj\u00f3\u00f0slegir kossar hatursmannsins.7Saddur ma\u00f0ur tre\u00f0ur hunangsseim undir f\u00f3tum, en hungru\u00f0um manni \u00feykir allt beiskt s\u00e6tt.8Eins og fugl, sem floginn er burt \u00far hrei\u00f0ri s\u00ednu, svo er ma\u00f0ur, sem fl\u00fainn er burt <a href=\"https:\/\/biblian.is\/1981\/ordskvidirnir-27-kafli\/\"> [&#8230;]<\/a><\/p>\n","protected":false},"author":1,"featured_media":0,"parent":0,"menu_order":0,"comment_status":"open","ping_status":"open","template":"bibliukaflar.php","meta":{"footnotes":""},"class_list":["post-2002","page","type-page","status-publish","hentry"],"_links":{"self":[{"href":"https:\/\/biblian.is\/1981\/wp-json\/wp\/v2\/pages\/2002","targetHints":{"allow":["GET"]}}],"collection":[{"href":"https:\/\/biblian.is\/1981\/wp-json\/wp\/v2\/pages"}],"about":[{"href":"https:\/\/biblian.is\/1981\/wp-json\/wp\/v2\/types\/page"}],"author":[{"embeddable":true,"href":"https:\/\/biblian.is\/1981\/wp-json\/wp\/v2\/users\/1"}],"replies":[{"embeddable":true,"href":"https:\/\/biblian.is\/1981\/wp-json\/wp\/v2\/comments?post=2002"}],"version-history":[{"count":0,"href":"https:\/\/biblian.is\/1981\/wp-json\/wp\/v2\/pages\/2002\/revisions"}],"wp:attachment":[{"href":"https:\/\/biblian.is\/1981\/wp-json\/wp\/v2\/media?parent=2002"}],"curies":[{"name":"wp","href":"https:\/\/api.w.org\/{rel}","templated":true}]}}