{"id":1998,"date":"2017-11-18T20:19:38","date_gmt":"2017-11-18T20:19:38","guid":{"rendered":"http:\/\/biblian.is\/1981\/ordskvidirnir-23-kafli\/"},"modified":"2021-06-06T11:04:37","modified_gmt":"2021-06-06T11:04:37","slug":"ordskvidirnir-23-kafli","status":"publish","type":"page","link":"https:\/\/biblian.is\/1981\/ordskvidirnir-23-kafli\/","title":{"rendered":"Or\u00f0skvi\u00f0irnir 23. kafli"},"content":{"rendered":"<p><a name=\"1\"><span class=\"versanumer\">1<\/span><\/a>\u00deegar \u00fe\u00fa situr til bor\u00f0s me\u00f0 valdsherra, \u00fe\u00e1 g\u00e6t \u00feess vel, hvern \u00fe\u00fa hefir fyrir framan \u00feig,<a name=\"2\"><span class=\"versanumer\">2<\/span><\/a>og set \u00fe\u00e9r hn\u00edf \u00e1 barka, ef \u00fe\u00fa ert matma\u00f0ur.<a name=\"3\"><span class=\"versanumer\">3<\/span><\/a>L\u00e1t \u00feig ekki langa \u00ed kr\u00e6singar hans, \u00fev\u00ed a\u00f0 \u00fe\u00e6r eru svikul f\u00e6\u00f0a.<a name=\"4\"><span class=\"versanumer\">4<\/span><\/a>Streist \u00fe\u00fa ekki vi\u00f0 a\u00f0 ver\u00f0a r\u00edkur, h\u00e6ttu a\u00f0 verja viti \u00fe\u00ednu til \u00feess.<a name=\"5\"><span class=\"versanumer\">5<\/span><\/a>Hvort skulu augu \u00fe\u00edn hvarfla til au\u00f0sins, sem er svo stopull? \u00dev\u00ed a\u00f0 sannlega gj\u00f6rir hann s\u00e9r v\u00e6ngi eins og \u00f6rn, sem fl\u00fdgur til himins.<a name=\"6\"><span class=\"versanumer\">6<\/span><\/a>Et eigi brau\u00f0 hj\u00e1 n\u00edskum manni og l\u00e1t \u00feig ekki langa \u00ed kr\u00e6singar hans,<a name=\"7\"><span class=\"versanumer\">7<\/span><\/a>\u00fev\u00ed a\u00f0 hann er eins og ma\u00f0ur, sem reiknar me\u00f0 sj\u00e1lfum s\u00e9r. Et og drekk! segir hann vi\u00f0 \u00feig, en hjarta hans er eigi me\u00f0 \u00fe\u00e9r.<a name=\"8\"><span class=\"versanumer\">8<\/span><\/a>Bitanum, sem \u00fe\u00fa hefir eti\u00f0, ver\u00f0ur \u00fe\u00fa a\u00f0 \u00e6la upp aftur, og bl\u00ed\u00f0m\u00e6lum \u00fe\u00ednum hefir \u00fe\u00fa \u00e1 gl\u00e6 kasta\u00f0.<a name=\"9\"><span class=\"versanumer\">9<\/span><\/a>Tala \u00fe\u00fa eigi fyrir eyrum heimskingjans, \u00fev\u00ed a\u00f0 hann fyrirl\u00edtur hyggindi r\u00e6\u00f0u \u00feinnar.<a name=\"10\"><span class=\"versanumer\">10<\/span><\/a>F\u00e6r \u00fe\u00fa eigi \u00far sta\u00f0 landamerki ekkjunnar og gakk \u00fe\u00fa eigi inn \u00e1 akra muna\u00f0arleysingjanna,<a name=\"11\"><span class=\"versanumer\">11<\/span><\/a>\u00fev\u00ed a\u00f0 lausnari \u00feeirra er sterkur hann mun flytja m\u00e1l \u00feeirra gegn \u00fe\u00e9r.<a name=\"12\"><span class=\"versanumer\">12<\/span><\/a>Sn\u00fa \u00fe\u00fa hjarta \u00fe\u00ednu a\u00f0 umv\u00f6ndun og eyrum \u00fe\u00ednum a\u00f0 v\u00edsd\u00f3msor\u00f0um.<a name=\"13\"><span class=\"versanumer\">13<\/span><\/a>Spara eigi aga vi\u00f0 sveininn, \u00fev\u00ed ekki deyr hann, \u00fe\u00f3tt \u00fe\u00fa sl\u00e1ir hann me\u00f0 vendinum.<a name=\"14\"><span class=\"versanumer\">14<\/span><\/a>\u00de\u00fa sl\u00e6r hann a\u00f0 s\u00f6nnu me\u00f0 vendinum, en \u00fe\u00fa frelsar l\u00edf hans fr\u00e1 Helju.<a name=\"15\"><span class=\"versanumer\">15<\/span><\/a>Son minn, \u00feegar hjarta \u00feitt ver\u00f0ur viturt, \u00fe\u00e1 gle\u00f0st \u00e9g l\u00edka \u00ed hjarta m\u00ednu,<a name=\"16\"><span class=\"versanumer\">16<\/span><\/a>og n\u00fdru m\u00edn fagna, er varir \u00fe\u00ednar m\u00e6la \u00fea\u00f0 sem r\u00e9tt er.<a name=\"17\"><span class=\"versanumer\">17<\/span><\/a>L\u00e1t eigi hjarta \u00feitt \u00f6funda syndara, heldur \u00e1stunda gu\u00f0s\u00f3tta \u00e1 degi hverjum,<a name=\"18\"><span class=\"versanumer\">18<\/span><\/a>\u00fev\u00ed a\u00f0 vissulega er enn framt\u00ed\u00f0 fyrir hendi, og von \u00fe\u00edn mun eigi a\u00f0 engu ver\u00f0a.<a name=\"19\"><span class=\"versanumer\">19<\/span><\/a>Heyr \u00fe\u00fa, son minn, og ver vitur og st\u00fdr hjarta \u00fe\u00ednu r\u00e9tta lei\u00f0.<a name=\"20\"><span class=\"versanumer\">20<\/span><\/a>Ver \u00fe\u00fa ekki me\u00f0 drykkjur\u00fatum, me\u00f0 \u00feeim, sem hvoma \u00ed sig kj\u00f6t,<a name=\"21\"><span class=\"versanumer\">21<\/span><\/a>\u00fev\u00ed a\u00f0 drykkjur\u00fatar og math\u00e1kar ver\u00f0a snau\u00f0ir, og svefnm\u00f3k kl\u00e6\u00f0ir \u00ed t\u00f6tra.<a name=\"22\"><span class=\"versanumer\">22<\/span><\/a>Hl\u00fd\u00f0 \u00fe\u00fa f\u00f6\u00f0ur \u00fe\u00ednum, sem hefir geti\u00f0 \u00feig, og fyrirl\u00edt ekki m\u00f3\u00f0ur \u00fe\u00edna, \u00fe\u00f3tt h\u00fan s\u00e9 or\u00f0in g\u00f6mul.<a name=\"23\"><span class=\"versanumer\">23<\/span><\/a>Kaup \u00fe\u00fa sannleika, og sel hann ekki, visku, aga og hyggindi.<a name=\"24\"><span class=\"versanumer\">24<\/span><\/a>Fa\u00f0ir r\u00e9ttl\u00e1ts manns fagnar, og s\u00e1 sem gat vitran son, gle\u00f0st af honum.<a name=\"25\"><span class=\"versanumer\">25<\/span><\/a>Gle\u00f0jist fa\u00f0ir \u00feinn og m\u00f3\u00f0ir \u00fe\u00edn og fagni h\u00fan, sem f\u00e6ddi \u00feig.<a name=\"26\"><span class=\"versanumer\">26<\/span><\/a>Son minn, gef m\u00e9r hjarta \u00feitt, og l\u00e1t vegu m\u00edna vera \u00fe\u00e9r ge\u00f0fellda.<a name=\"27\"><span class=\"versanumer\">27<\/span><\/a>\u00dev\u00ed a\u00f0 sk\u00e6kja er dj\u00fap gr\u00f6f og l\u00e9tt\u00fa\u00f0ardr\u00f3s \u00fer\u00f6ngur pyttur.<a name=\"28\"><span class=\"versanumer\">28<\/span><\/a>J\u00e1, h\u00fan liggur \u00ed leyni eins og r\u00e6ningi og fj\u00f6lgar hinum \u00f3tr\u00fau me\u00f0al mannanna.<a name=\"29\"><span class=\"versanumer\">29<\/span><\/a>Hver \u00e6jar? hver veinar? hver \u00e1 \u00ed deilum? hver kvartar? hver f\u00e6r s\u00e1r a\u00f0 \u00fearflausu? hver rau\u00f0 augu?<a name=\"30\"><span class=\"versanumer\">30<\/span><\/a>\u00deeir sem sitja vi\u00f0 v\u00edn fram \u00e1 n\u00e6tur, \u00feeir sem koma saman til a\u00f0 bergja \u00e1 kryddu\u00f0um drykkjum.<a name=\"31\"><span class=\"versanumer\">31<\/span><\/a>Horf \u00fe\u00fa ekki \u00e1 v\u00edni\u00f0, hve rautt \u00fea\u00f0 er, hversu \u00fea\u00f0 gl\u00f3ir \u00ed bikarnum og rennur lj\u00faflega ni\u00f0ur.<a name=\"32\"><span class=\"versanumer\">32<\/span><\/a>A\u00f0 s\u00ed\u00f0ustu b\u00edtur \u00fea\u00f0 sem h\u00f6ggormur og sp\u00fdtir eitri sem na\u00f0ra.<a name=\"33\"><span class=\"versanumer\">33<\/span><\/a>Augu \u00fe\u00edn munu sj\u00e1 kynlega hluti, og hjarta \u00feitt mun m\u00e6la fl\u00e1r\u00e6\u00f0i.<a name=\"34\"><span class=\"versanumer\">34<\/span><\/a>Og \u00fe\u00fa munt vera eins og s\u00e1, sem liggur \u00fati \u00ed mi\u00f0ju hafi, j\u00e1, eins og s\u00e1, er liggur efst uppi \u00e1 siglutr\u00e9.<a name=\"35\"><span class=\"versanumer\">35<\/span><\/a>\u00deeir hafa slegi\u00f0 mig, \u00e9g kenndi ekkert til, \u00feeir hafa bari\u00f0 mig, \u00e9g var\u00f0 \u00feess ekki var. Hven\u00e6r mun \u00e9g vakna? \u00c9g vil meira v\u00edn!<\/p>\n<div class=\"footnote1981\"><b>23.10<\/b> Landamerki Okv 22.28+<br \/>\n<b>23.11<\/b> Lausnari \u00feeirra Okv 22.23, Slm 72.12-14<br \/>\n<b>23.13-14<\/b> Spara ekki v\u00f6ndinn Okv 13.24+<br \/>\n<b>23.17<\/b> \u00d6funda ekki syndara Okv 3.31+<br \/>\n<b>23.18<\/b> Framt\u00ed\u00f0 Okv 14.32; sbr Slm 16.9-11; 49.16; 73.23-24<br \/>\n<b>23.22<\/b> Hl\u00fd\u00f0a f\u00f6\u00f0ur og m\u00f3\u00f0ur sbr Okv 20.20+<br \/>\n<b>23.27<\/b> Sk\u00e6kja Okv 2.16+<br \/>\n<b>23.29-35<\/b> Ofdrykkja Okv 20.1+<\/div>\n","protected":false},"excerpt":{"rendered":"<p>1\u00deegar \u00fe\u00fa situr til bor\u00f0s me\u00f0 valdsherra, \u00fe\u00e1 g\u00e6t \u00feess vel, hvern \u00fe\u00fa hefir fyrir framan \u00feig,2og set \u00fe\u00e9r hn\u00edf \u00e1 barka, ef \u00fe\u00fa ert matma\u00f0ur.3L\u00e1t \u00feig ekki langa \u00ed kr\u00e6singar hans, \u00fev\u00ed a\u00f0 \u00fe\u00e6r eru svikul f\u00e6\u00f0a.4Streist \u00fe\u00fa ekki vi\u00f0 a\u00f0 ver\u00f0a r\u00edkur, h\u00e6ttu a\u00f0 verja viti \u00fe\u00ednu til \u00feess.5Hvort skulu augu \u00fe\u00edn hvarfla til au\u00f0sins, sem er svo stopull? \u00dev\u00ed a\u00f0 sannlega gj\u00f6rir hann s\u00e9r v\u00e6ngi eins og \u00f6rn, sem fl\u00fdgur til himins.6Et eigi brau\u00f0 hj\u00e1 n\u00edskum manni og l\u00e1t \u00feig ekki langa \u00ed kr\u00e6singar hans,7\u00fev\u00ed a\u00f0 hann er eins og ma\u00f0ur, sem reiknar me\u00f0 sj\u00e1lfum s\u00e9r. Et <a href=\"https:\/\/biblian.is\/1981\/ordskvidirnir-23-kafli\/\"> [&#8230;]<\/a><\/p>\n","protected":false},"author":1,"featured_media":0,"parent":0,"menu_order":0,"comment_status":"open","ping_status":"open","template":"bibliukaflar.php","meta":{"footnotes":""},"class_list":["post-1998","page","type-page","status-publish","hentry"],"_links":{"self":[{"href":"https:\/\/biblian.is\/1981\/wp-json\/wp\/v2\/pages\/1998","targetHints":{"allow":["GET"]}}],"collection":[{"href":"https:\/\/biblian.is\/1981\/wp-json\/wp\/v2\/pages"}],"about":[{"href":"https:\/\/biblian.is\/1981\/wp-json\/wp\/v2\/types\/page"}],"author":[{"embeddable":true,"href":"https:\/\/biblian.is\/1981\/wp-json\/wp\/v2\/users\/1"}],"replies":[{"embeddable":true,"href":"https:\/\/biblian.is\/1981\/wp-json\/wp\/v2\/comments?post=1998"}],"version-history":[{"count":0,"href":"https:\/\/biblian.is\/1981\/wp-json\/wp\/v2\/pages\/1998\/revisions"}],"wp:attachment":[{"href":"https:\/\/biblian.is\/1981\/wp-json\/wp\/v2\/media?parent=1998"}],"curies":[{"name":"wp","href":"https:\/\/api.w.org\/{rel}","templated":true}]}}