{"id":1997,"date":"2017-11-18T20:19:38","date_gmt":"2017-11-18T20:19:38","guid":{"rendered":"http:\/\/biblian.is\/1981\/ordskvidirnir-22-kafli\/"},"modified":"2021-06-06T11:04:37","modified_gmt":"2021-06-06T11:04:37","slug":"ordskvidirnir-22-kafli","status":"publish","type":"page","link":"https:\/\/biblian.is\/1981\/ordskvidirnir-22-kafli\/","title":{"rendered":"Or\u00f0skvi\u00f0irnir 22. kafli"},"content":{"rendered":"<p><a name=\"1\"><span class=\"versanumer\">1<\/span><\/a>Gott mannor\u00f0 er d\u00fdrm\u00e6tara en mikill au\u00f0ur, vins\u00e6ld er betri en silfur og gull.<a name=\"2\"><span class=\"versanumer\">2<\/span><\/a>R\u00edkur og f\u00e1t\u00e6kur hittast, Drottinn sk\u00f3p \u00fe\u00e1 alla saman.<a name=\"3\"><span class=\"versanumer\">3<\/span><\/a>Vitur ma\u00f0ur s\u00e9r \u00f3g\u00e6funa og felur sig, en einfeldningarnir halda \u00e1fram og f\u00e1 a\u00f0 kenna \u00e1 \u00fev\u00ed.<a name=\"4\"><span class=\"versanumer\">4<\/span><\/a>Laun au\u00f0m\u00fdktar, \u00f3tta Drottins, eru au\u00f0ur, hei\u00f0ur og l\u00edf.<a name=\"5\"><span class=\"versanumer\">5<\/span><\/a>\u00deyrnar, sn\u00f6rur, eru \u00e1 vegi hins undirf\u00f6rula, s\u00e1 sem var\u00f0veitir l\u00edf sitt, kemur ekki n\u00e6rri \u00feeim.<a name=\"6\"><span class=\"versanumer\">6<\/span><\/a>Fr\u00e6\u00f0 \u00fe\u00fa sveininn um veginn, sem hann \u00e1 a\u00f0 halda, og \u00e1 gamals aldri mun hann ekki af honum v\u00edkja.<a name=\"7\"><span class=\"versanumer\">7<\/span><\/a>R\u00edkur ma\u00f0ur drottnar yfir f\u00e1t\u00e6kum, og l\u00e1n\u00feeginn ver\u00f0ur \u00fer\u00e6ll l\u00e1nsalans.<a name=\"8\"><span class=\"versanumer\">8<\/span><\/a>S\u00e1 sem rangl\u00e6ti s\u00e1ir, uppsker \u00f3hamingju, og sproti heiftar hans ver\u00f0ur a\u00f0 engu.<a name=\"9\"><span class=\"versanumer\">9<\/span><\/a>S\u00e1 sem er g\u00f3\u00f0gjarn, ver\u00f0ur blessa\u00f0ur, \u00fev\u00ed a\u00f0 hann gefur hinum f\u00e1t\u00e6ka af brau\u00f0i s\u00ednu.<a name=\"10\"><span class=\"versanumer\">10<\/span><\/a>Rek \u00fe\u00fa spottarann burt, \u00fe\u00e1 fer deilan burt, og \u00fe\u00e1 linnir \u00fer\u00e6tu og sm\u00e1n.<a name=\"11\"><span class=\"versanumer\">11<\/span><\/a>Drottinn elskar hjartahreinan, konungurinn er vinur \u00feess, sem hefir yndis\u00feokka \u00e1 v\u00f6rum s\u00e9r.<a name=\"12\"><span class=\"versanumer\">12<\/span><\/a>Augu Drottins var\u00f0veita \u00feekkinguna, en or\u00f0um svikarans kollvarpar hann.<a name=\"13\"><span class=\"versanumer\">13<\/span><\/a>Letinginn segir: Lj\u00f3n er \u00fati fyrir, \u00e9g kynni a\u00f0 ver\u00f0a drepinn \u00fati \u00e1 g\u00f6tunni.<a name=\"14\"><span class=\"versanumer\">14<\/span><\/a>Dj\u00fap gr\u00f6f er munnur l\u00e9tt\u00fa\u00f0arkvenna, s\u00e1 sem ver\u00f0ur fyrir rei\u00f0i Drottins, fellur \u00ed hana.<a name=\"15\"><span class=\"versanumer\">15<\/span><\/a>Ef f\u00edflska situr f\u00f6st \u00ed hjarta sveinsins, \u00fe\u00e1 mun v\u00f6ndur agans koma henni burt \u00fea\u00f0an.<a name=\"16\"><span class=\"versanumer\">16<\/span><\/a>A\u00f0 k\u00faga f\u00e1t\u00e6kan eykur efni hans, a\u00f0 gefa r\u00edkum manni ver\u00f0ur til \u00feess eins a\u00f0 gj\u00f6ra hann snau\u00f0an.<a name=\"17\"><span class=\"versanumer\">17<\/span><\/a>Hneig eyra \u00feitt og heyr or\u00f0 hinna vitru, og sn\u00fa athygli \u00feinni a\u00f0 kenning minni,<a name=\"18\"><span class=\"versanumer\">18<\/span><\/a>\u00fev\u00ed a\u00f0 \u00fea\u00f0 er fagurt, ef \u00fe\u00fa geymir \u00feau \u00ed brj\u00f3sti \u00fe\u00e9r, ef \u00feau eru \u00f6ll til taks \u00e1 v\u00f6rum \u00fe\u00ednum.<a name=\"19\"><span class=\"versanumer\">19<\/span><\/a>Til \u00feess a\u00f0 traust \u00feitt s\u00e9 \u00e1 Drottni, fr\u00e6\u00f0i \u00e9g \u00feig \u00ed dag, j\u00e1 \u00feig.<a name=\"20\"><span class=\"versanumer\">20<\/span><\/a>Vissulega skrifa \u00e9g kjarnyr\u00f0i handa \u00fe\u00e9r, me\u00f0 heilr\u00e6\u00f0um og fr\u00e6\u00f0slu,<a name=\"21\"><span class=\"versanumer\">21<\/span><\/a>til \u00feess a\u00f0 \u00e9g kunngj\u00f6ri \u00fe\u00e9r sannleika, \u00e1rei\u00f0anleg or\u00f0, svo a\u00f0 \u00fe\u00fa flytjir \u00feeim \u00e1rei\u00f0anleg or\u00f0, er senda \u00feig.<a name=\"22\"><span class=\"versanumer\">22<\/span><\/a>R\u00e6n eigi hinn l\u00edtilm\u00f3tlega, af \u00fev\u00ed a\u00f0 hann er l\u00edtilm\u00f3tlegur, og knosa eigi hinn vola\u00f0a \u00ed borgarhli\u00f0inu,<a name=\"23\"><span class=\"versanumer\">23<\/span><\/a>\u00fev\u00ed a\u00f0 Drottinn mun flytja m\u00e1l \u00feeirra og r\u00e6na \u00fe\u00e1 l\u00edfinu, er \u00fe\u00e1 r\u00e6na.<a name=\"24\"><span class=\"versanumer\">24<\/span><\/a>Legg eigi lag \u00feitt vi\u00f0 rei\u00f0igjarnan mann og haf eigi umgengni vi\u00f0 fauta,<a name=\"25\"><span class=\"versanumer\">25<\/span><\/a>til \u00feess a\u00f0 \u00fe\u00fa venjist eigi \u00e1 h\u00e1ttsemi hans og s\u00e6kir sn\u00f6ru fyrir l\u00edf \u00feitt.<a name=\"26\"><span class=\"versanumer\">26<\/span><\/a>Ver \u00fe\u00fa ekki me\u00f0al \u00feeirra, er ganga til handsala, me\u00f0al \u00feeirra, er ganga \u00ed \u00e1byrg\u00f0 fyrir skuldum,<a name=\"27\"><span class=\"versanumer\">27<\/span><\/a>\u00fev\u00ed \u00feegar \u00fe\u00fa ekkert hefir a\u00f0 borga me\u00f0, viltu \u00fe\u00e1 l\u00e1ta taka s\u00e6ngina undan \u00fe\u00e9r?<a name=\"28\"><span class=\"versanumer\">28<\/span><\/a>F\u00e6r \u00fe\u00fa eigi \u00far sta\u00f0 hin fornu landamerki, \u00feau er fe\u00f0ur \u00fe\u00ednir hafa sett.<a name=\"29\"><span class=\"versanumer\">29<\/span><\/a>Sj\u00e1ir \u00fe\u00fa mann vel f\u00e6ran \u00ed verki s\u00ednu, hann getur bo\u00f0i\u00f0 konungum \u00fej\u00f3nustu s\u00edna, eigi mun hann bj\u00f3\u00f0a sig \u00f3tignum m\u00f6nnum.<\/p>\n<div class=\"footnote1981\"><b>22.2<\/b> R\u00edkur og f\u00e1t\u00e6kur Okv 13.23; 14.31; sbr Okv 10.15+ &#8211; Drottinn skapa\u00f0i \u00fe\u00e1 Okv 29.13; Job 31.15; SSal 6.7<br \/>\n<b>22.4<\/b> Au\u00f0m\u00fdkt Okv 11.2+ &#8211; \u00f3tti Drottins Okv 10.27+<br \/>\n<b>22.7<\/b> \u00der\u00e6ll Neh 5.5-11; sbr 3M\u00f3s 25.39+<br \/>\n<b>22.9<\/b> \u00d6rl\u00e6ti Okv 14.21+ &#8211; blessun Okv 10.6+<br \/>\n<b>22.11<\/b> Konungshylli Okv 14.35; 16.13; sbr Okv 24.21<br \/>\n<b>22.14<\/b> Framandi konur Okv 2.16+<br \/>\n<b>22.15<\/b> V\u00f6ndur agans Okv 13.24+<br \/>\n<b>22.19<\/b> Treysta Drottni Okv 3.5-6+<br \/>\n<b>22.23<\/b> Flytja m\u00e1l \u00feeirra Okv 23.11+<br \/>\n<b>22.26<\/b> \u00c1byrg\u00f0 Okv 6.1-5+<br \/>\n<b>22.28<\/b> Vir\u00f0a landam\u00e6ri Okv 15.25; 23.10,11; Job 24.2+<\/div>\n","protected":false},"excerpt":{"rendered":"<p>1Gott mannor\u00f0 er d\u00fdrm\u00e6tara en mikill au\u00f0ur, vins\u00e6ld er betri en silfur og gull.2R\u00edkur og f\u00e1t\u00e6kur hittast, Drottinn sk\u00f3p \u00fe\u00e1 alla saman.3Vitur ma\u00f0ur s\u00e9r \u00f3g\u00e6funa og felur sig, en einfeldningarnir halda \u00e1fram og f\u00e1 a\u00f0 kenna \u00e1 \u00fev\u00ed.4Laun au\u00f0m\u00fdktar, \u00f3tta Drottins, eru au\u00f0ur, hei\u00f0ur og l\u00edf.5\u00deyrnar, sn\u00f6rur, eru \u00e1 vegi hins undirf\u00f6rula, s\u00e1 sem var\u00f0veitir l\u00edf sitt, kemur ekki n\u00e6rri \u00feeim.6Fr\u00e6\u00f0 \u00fe\u00fa sveininn um veginn, sem hann \u00e1 a\u00f0 halda, og \u00e1 gamals aldri mun hann ekki af honum v\u00edkja.7R\u00edkur ma\u00f0ur drottnar yfir f\u00e1t\u00e6kum, og l\u00e1n\u00feeginn ver\u00f0ur \u00fer\u00e6ll l\u00e1nsalans.8S\u00e1 sem rangl\u00e6ti s\u00e1ir, uppsker \u00f3hamingju, og sproti heiftar hans ver\u00f0ur a\u00f0 <a href=\"https:\/\/biblian.is\/1981\/ordskvidirnir-22-kafli\/\"> [&#8230;]<\/a><\/p>\n","protected":false},"author":1,"featured_media":0,"parent":0,"menu_order":0,"comment_status":"open","ping_status":"open","template":"bibliukaflar.php","meta":{"footnotes":""},"class_list":["post-1997","page","type-page","status-publish","hentry"],"_links":{"self":[{"href":"https:\/\/biblian.is\/1981\/wp-json\/wp\/v2\/pages\/1997","targetHints":{"allow":["GET"]}}],"collection":[{"href":"https:\/\/biblian.is\/1981\/wp-json\/wp\/v2\/pages"}],"about":[{"href":"https:\/\/biblian.is\/1981\/wp-json\/wp\/v2\/types\/page"}],"author":[{"embeddable":true,"href":"https:\/\/biblian.is\/1981\/wp-json\/wp\/v2\/users\/1"}],"replies":[{"embeddable":true,"href":"https:\/\/biblian.is\/1981\/wp-json\/wp\/v2\/comments?post=1997"}],"version-history":[{"count":0,"href":"https:\/\/biblian.is\/1981\/wp-json\/wp\/v2\/pages\/1997\/revisions"}],"wp:attachment":[{"href":"https:\/\/biblian.is\/1981\/wp-json\/wp\/v2\/media?parent=1997"}],"curies":[{"name":"wp","href":"https:\/\/api.w.org\/{rel}","templated":true}]}}