{"id":1992,"date":"2017-11-18T20:19:38","date_gmt":"2017-11-18T20:19:38","guid":{"rendered":"http:\/\/biblian.is\/1981\/ordskvidirnir-17-kafli\/"},"modified":"2021-06-06T11:04:35","modified_gmt":"2021-06-06T11:04:35","slug":"ordskvidirnir-17-kafli","status":"publish","type":"page","link":"https:\/\/biblian.is\/1981\/ordskvidirnir-17-kafli\/","title":{"rendered":"Or\u00f0skvi\u00f0irnir 17. kafli"},"content":{"rendered":"<p><a name=\"1\"><span class=\"versanumer\">1<\/span><\/a>Betri er \u00feurr brau\u00f0biti me\u00f0 r\u00f3 en fullt h\u00fas af f\u00f3rnarkj\u00f6ti me\u00f0 deilum.<a name=\"2\"><span class=\"versanumer\">2<\/span><\/a>Hygginn \u00fer\u00e6ll ver\u00f0ur drottnari yfir spilltum syni, og hann tekur erf\u00f0ahlut me\u00f0 br\u00e6\u00f0runum.<a name=\"3\"><span class=\"versanumer\">3<\/span><\/a>Deiglan er fyrir silfri\u00f0 og br\u00e6\u00f0sluofninn fyrir gulli\u00f0, en Drottinn pr\u00f3far hj\u00f6rtun.<a name=\"4\"><span class=\"versanumer\">4<\/span><\/a>Illmenni\u00f0 gefur gaum a\u00f0 fl\u00e1r\u00e6\u00f0is-v\u00f6rum, lygin hl\u00fd\u00f0ir \u00e1 gl\u00e6pa-tungu.<a name=\"5\"><span class=\"versanumer\">5<\/span><\/a>S\u00e1 sem gj\u00f6rir gys a\u00f0 f\u00e1t\u00e6kum, \u00f3vir\u00f0ir \u00feann er sk\u00f3p hann, og s\u00e1 sem gle\u00f0st yfir \u00f3g\u00e6fu, sleppur ekki \u00f3hegndur.<a name=\"6\"><span class=\"versanumer\">6<\/span><\/a>Barnab\u00f6rnin eru k\u00f3r\u00f3na \u00f6ldunganna, og fe\u00f0urnir eru hei\u00f0ur barnanna.<a name=\"7\"><span class=\"versanumer\">7<\/span><\/a>Ekki h\u00e6fa heimskum manni st\u00f3ryr\u00f0i, hve miklu s\u00ed\u00f0ur g\u00f6fgum manni lygavarir.<a name=\"8\"><span class=\"versanumer\">8<\/span><\/a>M\u00fatan er gimsteinn \u00ed augum \u00feess er hana f\u00e6r, hvert sem ma\u00f0ur sn\u00fdr s\u00e9r me\u00f0 hana, kemur hann s\u00ednu fram.<a name=\"9\"><span class=\"versanumer\">9<\/span><\/a>S\u00e1 sem brei\u00f0ir yfir bresti, eflir k\u00e6rleika, en s\u00e1 sem \u00fdfir upp s\u00f6k, veldur vinaskilna\u00f0i.<a name=\"10\"><span class=\"versanumer\">10<\/span><\/a>\u00c1v\u00edtur f\u00e1 meira \u00e1 hygginn mann en hundra\u00f0 h\u00f6gg \u00e1 heimskingja.<a name=\"11\"><span class=\"versanumer\">11<\/span><\/a>Uppreisnarma\u00f0urinn hyggur \u00e1 illt eitt, en grimmur sendibo\u00f0i mun sendur ver\u00f0a m\u00f3ti honum.<a name=\"12\"><span class=\"versanumer\">12<\/span><\/a>Betra er fyrir mann a\u00f0 m\u00e6ta birnu, sem r\u00e6nd er h\u00fanum s\u00ednum, heldur en heimskingja \u00ed fl\u00f3nsku hans.<a name=\"13\"><span class=\"versanumer\">13<\/span><\/a>S\u00e1 sem launar gott me\u00f0 illu, fr\u00e1 hans h\u00fasi v\u00edkur \u00f3g\u00e6fan eigi.<a name=\"14\"><span class=\"versanumer\">14<\/span><\/a>\u00deegar deila byrjar, er sem tekin s\u00e9 \u00far st\u00edfla, l\u00e1t \u00fev\u00ed af \u00fer\u00e6tunni, \u00e1\u00f0ur en rifrildi hefst.<a name=\"15\"><span class=\"versanumer\">15<\/span><\/a>S\u00e1 sem sekan s\u00fdknar, og s\u00e1 sem saklausan sakfellir, \u00feeir eru b\u00e1\u00f0ir Drottni andstygg\u00f0.<a name=\"16\"><span class=\"versanumer\">16<\/span><\/a>Hva\u00f0 sto\u00f0a peningar \u00ed hendi heimskingjans til \u00feess a\u00f0 kaupa speki, \u00fear sem viti\u00f0 er ekkert?<a name=\"17\"><span class=\"versanumer\">17<\/span><\/a>Vinur elskar \u00e6t\u00ed\u00f0 og \u00ed nau\u00f0um er hann sem br\u00f3\u00f0ir.<a name=\"18\"><span class=\"versanumer\">18<\/span><\/a>\u00d3vitur ma\u00f0ur er s\u00e1, er til handsala gengur, s\u00e1 sem gengur \u00ed \u00e1byrg\u00f0 fyrir n\u00e1unga sinn.<a name=\"19\"><span class=\"versanumer\">19<\/span><\/a>S\u00e1 elskar yfirsj\u00f3n, sem \u00fer\u00e6tu elskar, s\u00e1 sem h\u00e1ar gj\u00f6rir dyr s\u00ednar, s\u00e6kist eftir hruni.<a name=\"20\"><span class=\"versanumer\">20<\/span><\/a>Rangsn\u00fai\u00f0 hjarta \u00f6\u00f0last enga g\u00e6fu, og s\u00e1 sem hefir fl\u00e1r\u00e1\u00f0a tungu, hrapar \u00ed \u00f3g\u00e6fu.<a name=\"21\"><span class=\"versanumer\">21<\/span><\/a>S\u00e1 sem getur af s\u00e9r heimskingja, honum ver\u00f0ur \u00fea\u00f0 til m\u00e6\u00f0u, og fa\u00f0ir gl\u00f3psins fagnar ekki.<a name=\"22\"><span class=\"versanumer\">22<\/span><\/a>Glatt hjarta veitir g\u00f3\u00f0a heilsub\u00f3t, en dapurt ge\u00f0 skr\u00e6lir beinin.<a name=\"23\"><span class=\"versanumer\">23<\/span><\/a>Hinn \u00f3gu\u00f0legi \u00feiggur m\u00fatur \u00e1 laun til \u00feess a\u00f0 beygja lei\u00f0ir r\u00e9ttv\u00edsinnar.<a name=\"24\"><span class=\"versanumer\">24<\/span><\/a>Hygginn ma\u00f0ur hefir viskuna fyrir framan sig, en augu heimskingjans eru \u00fati \u00e1 heimsenda.<a name=\"25\"><span class=\"versanumer\">25<\/span><\/a>Heimskur sonur er f\u00f6\u00f0ur s\u00ednum til sorgar og \u00feeirri til angurs, er \u00f3l hann.<a name=\"26\"><span class=\"versanumer\">26<\/span><\/a>\u00dea\u00f0 eitt a\u00f0 sekta saklausan er ekki gott, en a\u00f0 berja tignarmenni tekur \u00fe\u00f3 \u00fat yfir.<a name=\"27\"><span class=\"versanumer\">27<\/span><\/a>F\u00e1m\u00e1lugur ma\u00f0ur er hygginn, og ge\u00f0r\u00f3r ma\u00f0ur er skynsamur.<a name=\"28\"><span class=\"versanumer\">28<\/span><\/a>Afglapinn getur jafnvel \u00e1litist vitur, ef hann \u00feegir, hygginn, ef hann lokar v\u00f6runum.<\/p>\n<div class=\"footnote1981\"><b>17.5<\/b> Svara til saka Okv 3.33+ ; 11.31+<br \/>\n<b>17.8<\/b> M\u00fata Okv 18.16; 19.6; 21.14; sbr 15.27+<br \/>\n<b>17.9<\/b> Brei\u00f0a yfir bresti Okv 10.12+<br \/>\n<b>17.15<\/b> Sakfella saklausa Okv 24.23; sbr Okv 15.27 \u2013 Drottni andstygg\u00f0 Okv 3.32+<br \/>\n<b>17.17<\/b> Vinur Okv 27.10+<br \/>\n<b>17.18<\/b> Ganga \u00ed \u00e1byrg\u00f0 Okv 6.1-5+<br \/>\n<b>17.23<\/b> M\u00fatur Okv 15.27+<\/div>\n","protected":false},"excerpt":{"rendered":"<p>1Betri er \u00feurr brau\u00f0biti me\u00f0 r\u00f3 en fullt h\u00fas af f\u00f3rnarkj\u00f6ti me\u00f0 deilum.2Hygginn \u00fer\u00e6ll ver\u00f0ur drottnari yfir spilltum syni, og hann tekur erf\u00f0ahlut me\u00f0 br\u00e6\u00f0runum.3Deiglan er fyrir silfri\u00f0 og br\u00e6\u00f0sluofninn fyrir gulli\u00f0, en Drottinn pr\u00f3far hj\u00f6rtun.4Illmenni\u00f0 gefur gaum a\u00f0 fl\u00e1r\u00e6\u00f0is-v\u00f6rum, lygin hl\u00fd\u00f0ir \u00e1 gl\u00e6pa-tungu.5S\u00e1 sem gj\u00f6rir gys a\u00f0 f\u00e1t\u00e6kum, \u00f3vir\u00f0ir \u00feann er sk\u00f3p hann, og s\u00e1 sem gle\u00f0st yfir \u00f3g\u00e6fu, sleppur ekki \u00f3hegndur.6Barnab\u00f6rnin eru k\u00f3r\u00f3na \u00f6ldunganna, og fe\u00f0urnir eru hei\u00f0ur barnanna.7Ekki h\u00e6fa heimskum manni st\u00f3ryr\u00f0i, hve miklu s\u00ed\u00f0ur g\u00f6fgum manni lygavarir.8M\u00fatan er gimsteinn \u00ed augum \u00feess er hana f\u00e6r, hvert sem ma\u00f0ur sn\u00fdr s\u00e9r me\u00f0 hana, kemur hann s\u00ednu fram.9S\u00e1 <a href=\"https:\/\/biblian.is\/1981\/ordskvidirnir-17-kafli\/\"> [&#8230;]<\/a><\/p>\n","protected":false},"author":1,"featured_media":0,"parent":0,"menu_order":0,"comment_status":"open","ping_status":"open","template":"bibliukaflar.php","meta":{"footnotes":""},"class_list":["post-1992","page","type-page","status-publish","hentry"],"_links":{"self":[{"href":"https:\/\/biblian.is\/1981\/wp-json\/wp\/v2\/pages\/1992","targetHints":{"allow":["GET"]}}],"collection":[{"href":"https:\/\/biblian.is\/1981\/wp-json\/wp\/v2\/pages"}],"about":[{"href":"https:\/\/biblian.is\/1981\/wp-json\/wp\/v2\/types\/page"}],"author":[{"embeddable":true,"href":"https:\/\/biblian.is\/1981\/wp-json\/wp\/v2\/users\/1"}],"replies":[{"embeddable":true,"href":"https:\/\/biblian.is\/1981\/wp-json\/wp\/v2\/comments?post=1992"}],"version-history":[{"count":0,"href":"https:\/\/biblian.is\/1981\/wp-json\/wp\/v2\/pages\/1992\/revisions"}],"wp:attachment":[{"href":"https:\/\/biblian.is\/1981\/wp-json\/wp\/v2\/media?parent=1992"}],"curies":[{"name":"wp","href":"https:\/\/api.w.org\/{rel}","templated":true}]}}