{"id":1991,"date":"2017-11-18T20:19:38","date_gmt":"2017-11-18T20:19:38","guid":{"rendered":"http:\/\/biblian.is\/1981\/ordskvidirnir-16-kafli\/"},"modified":"2021-06-06T11:04:34","modified_gmt":"2021-06-06T11:04:34","slug":"ordskvidirnir-16-kafli","status":"publish","type":"page","link":"https:\/\/biblian.is\/1981\/ordskvidirnir-16-kafli\/","title":{"rendered":"Or\u00f0skvi\u00f0irnir 16. kafli"},"content":{"rendered":"<p><a name=\"1\"><span class=\"versanumer\">1<\/span><\/a>Fyrir\u00e6tlanir hjartans eru \u00e1 mannsins valdi, en svar tungunnar kemur fr\u00e1 Drottni.<a name=\"2\"><span class=\"versanumer\">2<\/span><\/a>Manninum \u00feykja allir s\u00ednir vegir hreinir, en Drottinn pr\u00f3far hugar\u00feeli\u00f0.<a name=\"3\"><span class=\"versanumer\">3<\/span><\/a>Fel \u00fe\u00fa Drottni verk \u00fe\u00edn, \u00fe\u00e1 mun \u00e1formum \u00fe\u00ednum framgengt ver\u00f0a.<a name=\"4\"><span class=\"versanumer\">4<\/span><\/a>Allt hefir Drottinn skapa\u00f0 til s\u00edns \u00e1kve\u00f0na marks, svo og gu\u00f0leysingjann til \u00f3heilladagsins.<a name=\"5\"><span class=\"versanumer\">5<\/span><\/a>S\u00e9rhver hrokafullur ma\u00f0ur er Drottni andstygg\u00f0, h\u00e9r er h\u00f6ndin upp \u00e1 \u00fea\u00f0: hann sleppur ekki \u00f3hegndur!<a name=\"6\"><span class=\"versanumer\">6<\/span><\/a>Me\u00f0 elsku og tr\u00fafesti er fri\u00f0\u00fe\u00e6gt fyrir misgj\u00f6r\u00f0, og fyrir \u00f3tta Drottins for\u00f0ast menn hi\u00f0 illa.<a name=\"7\"><span class=\"versanumer\">7<\/span><\/a>\u00deegar Drottinn hefir \u00fe\u00f3knun \u00e1 breytni einhvers manns, \u00fe\u00e1 s\u00e6ttir hann og \u00f3vini hans vi\u00f0 hann.<a name=\"8\"><span class=\"versanumer\">8<\/span><\/a>Betra er l\u00edti\u00f0 me\u00f0 r\u00e9ttu en miklar tekjur me\u00f0 r\u00f6ngu.<a name=\"9\"><span class=\"versanumer\">9<\/span><\/a>Hjarta mannsins upphugsar veg hans, en Drottinn st\u00fdrir gangi hans.<a name=\"10\"><span class=\"versanumer\">10<\/span><\/a>Go\u00f0svar er \u00e1 v\u00f6rum konungsins, \u00ed d\u00f3mi mun munni hans ekki skeika.<a name=\"11\"><span class=\"versanumer\">11<\/span><\/a>R\u00e9tt vog og reisla koma fr\u00e1 Drottni, l\u00f3\u00f0in \u00e1 vogarsk\u00e1lunum eru hans verk.<a name=\"12\"><span class=\"versanumer\">12<\/span><\/a>A\u00f0 fremja rangl\u00e6ti er konungum andstygg\u00f0, \u00fev\u00ed a\u00f0 h\u00e1s\u00e6ti\u00f0 sta\u00f0festist fyrir r\u00e9ttl\u00e6ti.<a name=\"13\"><span class=\"versanumer\">13<\/span><\/a>R\u00e9ttl\u00e1tar varir eru yndi konunga, og \u00feeir elska \u00feann, er talar hreinskilni.<a name=\"14\"><span class=\"versanumer\">14<\/span><\/a>Konungsrei\u00f0i er sem sendibo\u00f0i dau\u00f0ans, en vitur ma\u00f0ur sefar hana.<a name=\"15\"><span class=\"versanumer\">15<\/span><\/a>\u00cd mildilegu augnar\u00e1\u00f0i konungs er l\u00edf, og hylli hans er sem vorregns-sk\u00fd.<a name=\"16\"><span class=\"versanumer\">16<\/span><\/a>Hversu miklu betra er a\u00f0 afla s\u00e9r visku en gulls og \u00e1kj\u00f3sanlegra a\u00f0 afla s\u00e9r hygginda en silfurs.<a name=\"17\"><span class=\"versanumer\">17<\/span><\/a>Braut hreinskilinna er a\u00f0 for\u00f0ast illt, a\u00f0 var\u00f0veita s\u00e1lu s\u00edna er a\u00f0 g\u00e6ta breytni sinnar.<a name=\"18\"><span class=\"versanumer\">18<\/span><\/a>Drambsemi er undanfari tort\u00edmingar, og ofl\u00e6ti veit \u00e1 fall.<a name=\"19\"><span class=\"versanumer\">19<\/span><\/a>Betra er a\u00f0 vera l\u00edtill\u00e1tur me\u00f0 au\u00f0mj\u00fakum en a\u00f0 skipta herfangi me\u00f0 drambl\u00e1tum.<a name=\"20\"><span class=\"versanumer\">20<\/span><\/a>S\u00e1 sem gefur g\u00e6tur a\u00f0 or\u00f0inu, hreppir hamingju, og s\u00e6ll er s\u00e1, sem treystir Drottni.<a name=\"21\"><span class=\"versanumer\">21<\/span><\/a>S\u00e1 sem er vitur \u00ed hjarta, ver\u00f0ur hygginn kalla\u00f0ur, og s\u00e6tleiki varanna eykur fr\u00e6\u00f0slu.<a name=\"22\"><span class=\"versanumer\">22<\/span><\/a>L\u00edfslind er hyggnin \u00feeim, sem hana \u00e1, en \u00f6gun afglapanna er \u00feeirra eigin fl\u00f3nska.<a name=\"23\"><span class=\"versanumer\">23<\/span><\/a>Hjarta spekingsins gj\u00f6rir munn hans hygginn og eykur fr\u00e6\u00f0sluna \u00e1 v\u00f6rum hans.<a name=\"24\"><span class=\"versanumer\">24<\/span><\/a>Vingjarnleg or\u00f0 eru hunangsseimur, s\u00e6t fyrir s\u00e1lina, l\u00e6kning fyrir beinin.<a name=\"25\"><span class=\"versanumer\">25<\/span><\/a>Margur vegurinn vir\u00f0ist grei\u00f0f\u00e6r, en endar \u00fe\u00f3 \u00e1 helsl\u00f3\u00f0um.<a name=\"26\"><span class=\"versanumer\">26<\/span><\/a>Hungur erfi\u00f0ismannsins erfi\u00f0ar me\u00f0 honum, \u00fev\u00ed a\u00f0 munnur hans rekur \u00e1 eftir honum.<a name=\"27\"><span class=\"versanumer\">27<\/span><\/a>Varmenni\u00f0 grefur \u00f3heillagr\u00f6f, og \u00e1 v\u00f6rum hans er sem brennandi eldur.<a name=\"28\"><span class=\"versanumer\">28<\/span><\/a>V\u00e9lr\u00e1\u00f0ur ma\u00f0ur kveikir illdeilur, og r\u00f3gberinn veldur vinaskilna\u00f0i.<a name=\"29\"><span class=\"versanumer\">29<\/span><\/a>Ofbeldisma\u00f0urinn ginnir n\u00e1unga sinn og lei\u00f0ir hann \u00e1 vondan veg.<a name=\"30\"><span class=\"versanumer\">30<\/span><\/a>S\u00e1 sem lokar augunum, upphugsar v\u00e9lr\u00e6\u00f0i, s\u00e1 sem kreistir saman varirnar, er alb\u00fainn til ills.<a name=\"31\"><span class=\"versanumer\">31<\/span><\/a>Gr\u00e1ar h\u00e6rur eru hei\u00f0ursk\u00f3r\u00f3na, \u00e1 vegi r\u00e9ttl\u00e6tis \u00f6\u00f0last menn hana.<a name=\"32\"><span class=\"versanumer\">32<\/span><\/a>S\u00e1 sem seinn er til rei\u00f0i, er betri en kappi, og s\u00e1 sem stj\u00f3rnar ge\u00f0i s\u00ednu, er meiri en s\u00e1 sem vinnur borgir.<a name=\"33\"><span class=\"versanumer\">33<\/span><\/a>\u00cd skikkjufellingum eru teningarnir hristir, en Drottinn r\u00e6\u00f0ur, hva\u00f0 upp kemur.<\/p>\n<div class=\"footnote1981\"><b>16.2<\/b> Drottinn reynir \u00e1setning Okv 21.2, 1Sam 2.3; Job 31.6; L\u00fak 16.15<br \/>\n<b>16.4<\/b> \u00d3heilladagurinn Okv 11.4+<br \/>\n<b>16.6<\/b> Misger\u00f0ir afpl\u00e1na\u00f0ar Okv 10.12, 1P\u00e9t 4.8 \u2013 \u00f3tti Drottins Okv 8.13+<br \/>\n<b>16.8<\/b> L\u00edti\u00f0 me\u00f0 r\u00e9ttu Okv 15.16; Slm 37.16; Tob 12.8-9<br \/>\n<b>16.10<\/b> R\u00edkja me\u00f0 r\u00e9ttl\u00e6ti Okv 31.4-5,8-9; 1Kon 3.28; Slm 72.1-4<br \/>\n<b>16.11<\/b> R\u00e9ttar vogir Okv 11.1+<br \/>\n<b>16.16<\/b> Gildi spekinnar Okv 8.11+<br \/>\n<b>16.20<\/b> Treysta Gu\u00f0i Okv 3.5-6+<br \/>\n<b>16.27<\/b> Brennandi eldur Jak 3.6; Okv 13.3+<\/div>\n","protected":false},"excerpt":{"rendered":"<p>1Fyrir\u00e6tlanir hjartans eru \u00e1 mannsins valdi, en svar tungunnar kemur fr\u00e1 Drottni.2Manninum \u00feykja allir s\u00ednir vegir hreinir, en Drottinn pr\u00f3far hugar\u00feeli\u00f0.3Fel \u00fe\u00fa Drottni verk \u00fe\u00edn, \u00fe\u00e1 mun \u00e1formum \u00fe\u00ednum framgengt ver\u00f0a.4Allt hefir Drottinn skapa\u00f0 til s\u00edns \u00e1kve\u00f0na marks, svo og gu\u00f0leysingjann til \u00f3heilladagsins.5S\u00e9rhver hrokafullur ma\u00f0ur er Drottni andstygg\u00f0, h\u00e9r er h\u00f6ndin upp \u00e1 \u00fea\u00f0: hann sleppur ekki \u00f3hegndur!6Me\u00f0 elsku og tr\u00fafesti er fri\u00f0\u00fe\u00e6gt fyrir misgj\u00f6r\u00f0, og fyrir \u00f3tta Drottins for\u00f0ast menn hi\u00f0 illa.7\u00deegar Drottinn hefir \u00fe\u00f3knun \u00e1 breytni einhvers manns, \u00fe\u00e1 s\u00e6ttir hann og \u00f3vini hans vi\u00f0 hann.8Betra er l\u00edti\u00f0 me\u00f0 r\u00e9ttu en miklar tekjur me\u00f0 r\u00f6ngu.9Hjarta mannsins upphugsar veg <a href=\"https:\/\/biblian.is\/1981\/ordskvidirnir-16-kafli\/\"> [&#8230;]<\/a><\/p>\n","protected":false},"author":1,"featured_media":0,"parent":0,"menu_order":0,"comment_status":"open","ping_status":"open","template":"bibliukaflar.php","meta":{"footnotes":""},"class_list":["post-1991","page","type-page","status-publish","hentry"],"_links":{"self":[{"href":"https:\/\/biblian.is\/1981\/wp-json\/wp\/v2\/pages\/1991","targetHints":{"allow":["GET"]}}],"collection":[{"href":"https:\/\/biblian.is\/1981\/wp-json\/wp\/v2\/pages"}],"about":[{"href":"https:\/\/biblian.is\/1981\/wp-json\/wp\/v2\/types\/page"}],"author":[{"embeddable":true,"href":"https:\/\/biblian.is\/1981\/wp-json\/wp\/v2\/users\/1"}],"replies":[{"embeddable":true,"href":"https:\/\/biblian.is\/1981\/wp-json\/wp\/v2\/comments?post=1991"}],"version-history":[{"count":0,"href":"https:\/\/biblian.is\/1981\/wp-json\/wp\/v2\/pages\/1991\/revisions"}],"wp:attachment":[{"href":"https:\/\/biblian.is\/1981\/wp-json\/wp\/v2\/media?parent=1991"}],"curies":[{"name":"wp","href":"https:\/\/api.w.org\/{rel}","templated":true}]}}