{"id":1973,"date":"2017-11-18T20:19:32","date_gmt":"2017-11-18T20:19:32","guid":{"rendered":"http:\/\/biblian.is\/1981\/salmarnir-148-kafli\/"},"modified":"2021-06-06T11:07:40","modified_gmt":"2021-06-06T11:07:40","slug":"salmarnir-148-kafli","status":"publish","type":"page","link":"https:\/\/biblian.is\/1981\/salmarnir-148-kafli\/","title":{"rendered":"S\u00e1lmarnir 148. kafli"},"content":{"rendered":"<p><a name=\"1\"><span class=\"versanumer\">1<\/span><\/a>Halel\u00faja. Lofi\u00f0 Drottin af himnum, lofi\u00f0 hann \u00e1 h\u00e6\u00f0um.<a name=\"2\"><span class=\"versanumer\">2<\/span><\/a>Lofi\u00f0 hann, allir englar hans, lofi\u00f0 hann, allir herskarar hans.<a name=\"3\"><span class=\"versanumer\">3<\/span><\/a>Lofi\u00f0 hann, s\u00f3l og tungl, lofi\u00f0 hann, allar l\u00fdsandi stj\u00f6rnur.<a name=\"4\"><span class=\"versanumer\">4<\/span><\/a>Lofi\u00f0 hann, himnar himnanna og v\u00f6tnin, sem eru yfir himninum.<a name=\"5\"><span class=\"versanumer\">5<\/span><\/a>\u00deau skulu lofa nafn Drottins, \u00fev\u00ed a\u00f0 hans bo\u00f0i voru \u00feau sk\u00f6pu\u00f0.<a name=\"6\"><span class=\"versanumer\">6<\/span><\/a>Og hann f\u00e9kk \u00feeim sta\u00f0 um aldur og \u00e6vi, hann gaf \u00feeim l\u00f6g, sem \u00feau mega eigi brj\u00f3ta.<a name=\"7\"><span class=\"versanumer\">7<\/span><\/a>Lofi\u00f0 Drottin af j\u00f6r\u00f0u, \u00fe\u00e9r sj\u00f3skr\u00edmsl og allir hafstraumar,<a name=\"8\"><span class=\"versanumer\">8<\/span><\/a>eldur og hagl, snj\u00f3r og reykur, stormbylurinn, sem framkv\u00e6mir or\u00f0 hans,<a name=\"9\"><span class=\"versanumer\">9<\/span><\/a>fj\u00f6llin og allar h\u00e6\u00f0ir, \u00e1vaxtartr\u00e9n og \u00f6ll sedrustr\u00e9n,<a name=\"10\"><span class=\"versanumer\">10<\/span><\/a>villid\u00fdrin og allur f\u00e9na\u00f0ur, skri\u00f0kvikindin og fleygir fuglar,<a name=\"11\"><span class=\"versanumer\">11<\/span><\/a>konungar jar\u00f0arinnar og allar \u00fej\u00f3\u00f0ir, h\u00f6f\u00f0ingjar og allir d\u00f3mendur jar\u00f0ar,<a name=\"12\"><span class=\"versanumer\">12<\/span><\/a>b\u00e6\u00f0i yngismenn og yngismeyjar, \u00f6ldungar og ungir sveinar!<a name=\"13\"><span class=\"versanumer\">13<\/span><\/a>\u00deau skulu lofa nafn Drottins, \u00fev\u00ed a\u00f0 hans nafn eitt er h\u00e1tt upp hafi\u00f0, tign hans er yfir j\u00f6r\u00f0 og himni.<a name=\"14\"><span class=\"versanumer\">14<\/span><\/a>Hann lyftir upp horni fyrir l\u00fd\u00f0 sinn, lofs\u00f6ngur hlj\u00f3mi hj\u00e1 \u00f6llum d\u00fdrkendum hans, hj\u00e1 sonum \u00cdsraels, \u00fej\u00f3\u00f0inni, sem er n\u00e1l\u00e6g honum. Halel\u00faja.<\/p>\n<div class=\"footnote1981\"><b>148.1<\/b> Hallel\u00faja Slm 106.1+ &#8211; af himnum L\u00fak 2.14<br \/>\n<b>148.2<\/b> Englar hans Slm 103.20,21<br \/>\n<b>148.5<\/b> Sk\u00f6pu\u00f0 a\u00f0 bo\u00f0i hans Slm 33.9<br \/>\n<b>148.6<\/b> F\u00f6st l\u00f6g Jer 31.35-36; 33.25<br \/>\n<b>148.8<\/b> Snj\u00f3r &#8230; Slm 147.16-17; Job 38.22 \u2013 stormurinn Slm 104.4<br \/>\n<b>148.13<\/b> H\u00e1tt upp hafi\u00f0 Slm 8.2; 113.4<br \/>\n<b>148.14<\/b> N\u00e1l\u00e6g Gu\u00f0i Jes 58.2 \u2013 hallel\u00faja Slm 104.35+<\/div>\n","protected":false},"excerpt":{"rendered":"<p>1Halel\u00faja. Lofi\u00f0 Drottin af himnum, lofi\u00f0 hann \u00e1 h\u00e6\u00f0um.2Lofi\u00f0 hann, allir englar hans, lofi\u00f0 hann, allir herskarar hans.3Lofi\u00f0 hann, s\u00f3l og tungl, lofi\u00f0 hann, allar l\u00fdsandi stj\u00f6rnur.4Lofi\u00f0 hann, himnar himnanna og v\u00f6tnin, sem eru yfir himninum.5\u00deau skulu lofa nafn Drottins, \u00fev\u00ed a\u00f0 hans bo\u00f0i voru \u00feau sk\u00f6pu\u00f0.6Og hann f\u00e9kk \u00feeim sta\u00f0 um aldur og \u00e6vi, hann gaf \u00feeim l\u00f6g, sem \u00feau mega eigi brj\u00f3ta.7Lofi\u00f0 Drottin af j\u00f6r\u00f0u, \u00fe\u00e9r sj\u00f3skr\u00edmsl og allir hafstraumar,8eldur og hagl, snj\u00f3r og reykur, stormbylurinn, sem framkv\u00e6mir or\u00f0 hans,9fj\u00f6llin og allar h\u00e6\u00f0ir, \u00e1vaxtartr\u00e9n og \u00f6ll sedrustr\u00e9n,10villid\u00fdrin og allur f\u00e9na\u00f0ur, skri\u00f0kvikindin og fleygir fuglar,11konungar jar\u00f0arinnar og allar \u00fej\u00f3\u00f0ir, <a href=\"https:\/\/biblian.is\/1981\/salmarnir-148-kafli\/\"> [&#8230;]<\/a><\/p>\n","protected":false},"author":1,"featured_media":0,"parent":0,"menu_order":0,"comment_status":"open","ping_status":"open","template":"bibliukaflar.php","meta":{"footnotes":""},"class_list":["post-1973","page","type-page","status-publish","hentry"],"_links":{"self":[{"href":"https:\/\/biblian.is\/1981\/wp-json\/wp\/v2\/pages\/1973","targetHints":{"allow":["GET"]}}],"collection":[{"href":"https:\/\/biblian.is\/1981\/wp-json\/wp\/v2\/pages"}],"about":[{"href":"https:\/\/biblian.is\/1981\/wp-json\/wp\/v2\/types\/page"}],"author":[{"embeddable":true,"href":"https:\/\/biblian.is\/1981\/wp-json\/wp\/v2\/users\/1"}],"replies":[{"embeddable":true,"href":"https:\/\/biblian.is\/1981\/wp-json\/wp\/v2\/comments?post=1973"}],"version-history":[{"count":0,"href":"https:\/\/biblian.is\/1981\/wp-json\/wp\/v2\/pages\/1973\/revisions"}],"wp:attachment":[{"href":"https:\/\/biblian.is\/1981\/wp-json\/wp\/v2\/media?parent=1973"}],"curies":[{"name":"wp","href":"https:\/\/api.w.org\/{rel}","templated":true}]}}