{"id":1969,"date":"2017-11-18T20:19:32","date_gmt":"2017-11-18T20:19:32","guid":{"rendered":"http:\/\/biblian.is\/1981\/salmarnir-144-kafli\/"},"modified":"2021-06-06T11:07:29","modified_gmt":"2021-06-06T11:07:29","slug":"salmarnir-144-kafli","status":"publish","type":"page","link":"https:\/\/biblian.is\/1981\/salmarnir-144-kafli\/","title":{"rendered":"S\u00e1lmarnir 144. kafli"},"content":{"rendered":"<p><a name=\"1\"><span class=\"versanumer\">1<\/span><\/a>Eftir Dav\u00ed\u00f0. Lofa\u00f0ur s\u00e9 Drottinn, bjarg mitt, sem \u00e6fir hendur m\u00ednar til bardaga, fingur m\u00edna til orustu.<a name=\"2\"><span class=\"versanumer\">2<\/span><\/a>Miskunn m\u00edn og v\u00edgi, h\u00e1borg m\u00edn og hj\u00e1lpari, skj\u00f6ldur minn og athvarf, hann leggur \u00fej\u00f3\u00f0ir undir mig.<a name=\"3\"><span class=\"versanumer\">3<\/span><\/a>Drottinn, hva\u00f0 er ma\u00f0urinn \u00feess, a\u00f0 \u00fe\u00fa \u00feekkir hann, mannsins barn, a\u00f0 \u00fe\u00fa gefir \u00fev\u00ed gaum.<a name=\"4\"><span class=\"versanumer\">4<\/span><\/a>Ma\u00f0urinn er sem vindbl\u00e6r, dagar hans sem hverfandi skuggi.<a name=\"5\"><span class=\"versanumer\">5<\/span><\/a>Drottinn, sveig \u00fe\u00fa himin \u00feinn og st\u00edg ni\u00f0ur, snertu fj\u00f6llin, svo a\u00f0 \u00far \u00feeim rj\u00faki.<a name=\"6\"><span class=\"versanumer\">6<\/span><\/a>L\u00e1t eldinguna leiftra og tv\u00edstra \u00f3vinum, skj\u00f3t \u00f6rvum \u00fe\u00ednum og skelf \u00fe\u00e1.<a name=\"7\"><span class=\"versanumer\">7<\/span><\/a>R\u00e9tt \u00fat h\u00f6nd \u00fe\u00edna fr\u00e1 h\u00e6\u00f0um, hr\u00edf mig burt og bjarga m\u00e9r \u00far hinum miklu v\u00f6tnum, af hendi \u00fatlendinganna.<a name=\"8\"><span class=\"versanumer\">8<\/span><\/a>Munnur \u00feeirra m\u00e6lir t\u00e1l, og h\u00e6gri h\u00f6nd \u00feeirra er lyginnar h\u00f6nd.<a name=\"9\"><span class=\"versanumer\">9<\/span><\/a>Gu\u00f0, \u00e9g vil syngja \u00fe\u00e9r n\u00fdjan s\u00f6ng, \u00e9g vil leika fyrir \u00fe\u00e9r \u00e1 t\u00edstrengja\u00f0a h\u00f6rpu.<a name=\"10\"><span class=\"versanumer\">10<\/span><\/a>\u00de\u00fa veitir konungunum sigur, hr\u00edfur Dav\u00ed\u00f0 \u00fej\u00f3n \u00feinn undan hinu illa sver\u00f0i.<a name=\"11\"><span class=\"versanumer\">11<\/span><\/a>Hr\u00edf mig burt og bjarga m\u00e9r af hendi \u00fatlendinganna. Munnur \u00feeirra m\u00e6lir t\u00e1l, og h\u00e6gri h\u00f6nd \u00feeirra er lyginnar h\u00f6nd.<a name=\"12\"><span class=\"versanumer\">12<\/span><\/a>Synir vorir eru sem \u00feroska\u00f0ir teinungar \u00ed \u00e6sku sinni, d\u00e6tur vorar sem horns\u00falur, \u00fath\u00f6ggnar \u00ed hallarst\u00edl.<a name=\"13\"><span class=\"versanumer\">13<\/span><\/a>Hl\u00f6\u00f0ur vorar eru fullar og veita afur\u00f0ir af hverri tegund, f\u00e9na\u00f0ur vor getur af s\u00e9r \u00fe\u00fasundir, ver\u00f0ur t\u00ed\u00fe\u00fasundfaldur \u00e1 haglendum vorum,<a name=\"14\"><span class=\"versanumer\">14<\/span><\/a>uxar vorir klyfja\u00f0ir, ekkert skar\u00f0 og engir hernumdir og ekkert \u00f3p \u00e1 torgum vorum.<a name=\"15\"><span class=\"versanumer\">15<\/span><\/a>S\u00e6l er s\u00fa \u00fej\u00f3\u00f0, sem svo er \u00e1statt fyrir, s\u00e6l er s\u00fa \u00fej\u00f3\u00f0, sem \u00e1 Drottin a\u00f0 Gu\u00f0i.<\/p>\n<div class=\"footnote1981\"><b>144.1<\/b> Lofa\u00f0ur s\u00e9 Drottinn Slm 28.6+ &#8211; bjarg mitt Slm 28.1+ &#8211; \u00e6fir hendur m\u00ednar Slm 18.35<br \/>\n<b>144.2<\/b> Hj\u00e1lparhella Slm 18.3+ &#8211; skj\u00f6ldur Slm 9.10+<br \/>\n<b>144.3<\/b> Hva\u00f0 er ma\u00f0urinn? Slm 8.5+<br \/>\n<b>144.4<\/b> Vindbl\u00e6r Slm 39.6; 62.10 \u2013 eins og skuggi Slm 102.12; Job 8.9; 14.2,3<br \/>\n<b>144.5<\/b> St\u00edg ni\u00f0ur Slm 18.10+ &#8211; svo a\u00f0 rj\u00faki Slm 104.32+<br \/>\n<b>144.6<\/b> Elding, \u00f6rvar Slm 18.15<br \/>\n<b>144.7<\/b> Fr\u00e1 h\u00e6\u00f0um &#8230; \u00fat v\u00f6tnunum Slm 18.17<br \/>\n<b>144.8<\/b> Sv\u00edkja me\u00f0 h\u00e6gri hendi Slm 26.10<br \/>\n<b>144.9<\/b> N\u00fdjan s\u00f6gn Slm 33.3+ &#8211; leika fyrir Drottni Slm 147.7+<br \/>\n<b>144.10<\/b> Gu\u00f0 veitir sigur Slm 33.16-19<br \/>\n<b>144.12<\/b> Synir vorir Slm 128.3<br \/>\n<b>144.13<\/b> Fullar hl\u00f6\u00f0ur 5M\u00f3s 28.8; Okv 3.10, sbr L\u00fak 12.16-21<br \/>\n<b>144.15<\/b> S\u00e6l Slm 1.1+ &#8211; s\u00fa \u00fej\u00f3\u00f0 &#8230; Slm 33.12<\/div>\n","protected":false},"excerpt":{"rendered":"<p>1Eftir Dav\u00ed\u00f0. Lofa\u00f0ur s\u00e9 Drottinn, bjarg mitt, sem \u00e6fir hendur m\u00ednar til bardaga, fingur m\u00edna til orustu.2Miskunn m\u00edn og v\u00edgi, h\u00e1borg m\u00edn og hj\u00e1lpari, skj\u00f6ldur minn og athvarf, hann leggur \u00fej\u00f3\u00f0ir undir mig.3Drottinn, hva\u00f0 er ma\u00f0urinn \u00feess, a\u00f0 \u00fe\u00fa \u00feekkir hann, mannsins barn, a\u00f0 \u00fe\u00fa gefir \u00fev\u00ed gaum.4Ma\u00f0urinn er sem vindbl\u00e6r, dagar hans sem hverfandi skuggi.5Drottinn, sveig \u00fe\u00fa himin \u00feinn og st\u00edg ni\u00f0ur, snertu fj\u00f6llin, svo a\u00f0 \u00far \u00feeim rj\u00faki.6L\u00e1t eldinguna leiftra og tv\u00edstra \u00f3vinum, skj\u00f3t \u00f6rvum \u00fe\u00ednum og skelf \u00fe\u00e1.7R\u00e9tt \u00fat h\u00f6nd \u00fe\u00edna fr\u00e1 h\u00e6\u00f0um, hr\u00edf mig burt og bjarga m\u00e9r \u00far hinum miklu v\u00f6tnum, af hendi \u00fatlendinganna.8Munnur \u00feeirra <a href=\"https:\/\/biblian.is\/1981\/salmarnir-144-kafli\/\"> [&#8230;]<\/a><\/p>\n","protected":false},"author":1,"featured_media":0,"parent":0,"menu_order":0,"comment_status":"open","ping_status":"open","template":"bibliukaflar.php","meta":{"footnotes":""},"class_list":["post-1969","page","type-page","status-publish","hentry"],"_links":{"self":[{"href":"https:\/\/biblian.is\/1981\/wp-json\/wp\/v2\/pages\/1969","targetHints":{"allow":["GET"]}}],"collection":[{"href":"https:\/\/biblian.is\/1981\/wp-json\/wp\/v2\/pages"}],"about":[{"href":"https:\/\/biblian.is\/1981\/wp-json\/wp\/v2\/types\/page"}],"author":[{"embeddable":true,"href":"https:\/\/biblian.is\/1981\/wp-json\/wp\/v2\/users\/1"}],"replies":[{"embeddable":true,"href":"https:\/\/biblian.is\/1981\/wp-json\/wp\/v2\/comments?post=1969"}],"version-history":[{"count":0,"href":"https:\/\/biblian.is\/1981\/wp-json\/wp\/v2\/pages\/1969\/revisions"}],"wp:attachment":[{"href":"https:\/\/biblian.is\/1981\/wp-json\/wp\/v2\/media?parent=1969"}],"curies":[{"name":"wp","href":"https:\/\/api.w.org\/{rel}","templated":true}]}}