{"id":1968,"date":"2017-11-18T20:19:32","date_gmt":"2017-11-18T20:19:32","guid":{"rendered":"http:\/\/biblian.is\/1981\/salmarnir-143-kafli\/"},"modified":"2021-06-06T11:07:27","modified_gmt":"2021-06-06T11:07:27","slug":"salmarnir-143-kafli","status":"publish","type":"page","link":"https:\/\/biblian.is\/1981\/salmarnir-143-kafli\/","title":{"rendered":"S\u00e1lmarnir 143. kafli"},"content":{"rendered":"<p><a name=\"1\"><span class=\"versanumer\">1<\/span><\/a>Dav\u00ed\u00f0ss\u00e1lmur. Drottinn, heyr \u00fe\u00fa b\u00e6n m\u00edna, lj\u00e1 eyra gr\u00e1tbei\u00f0ni minni \u00ed tr\u00fafesti \u00feinni, b\u00e6nheyr mig \u00ed r\u00e9ttl\u00e6ti \u00fe\u00ednu.<a name=\"2\"><span class=\"versanumer\">2<\/span><\/a>Gakk eigi \u00ed d\u00f3m vi\u00f0 \u00fej\u00f3n \u00feinn, \u00fev\u00ed a\u00f0 enginn er r\u00e9ttl\u00e1tur fyrir augliti \u00fe\u00ednu.<a name=\"3\"><span class=\"versanumer\">3<\/span><\/a>\u00d3vinurinn eltir s\u00e1l m\u00edna, sl\u00e6r l\u00edf mitt til jar\u00f0ar, l\u00e6tur mig b\u00faa \u00ed myrkri eins og \u00fe\u00e1 sem l\u00f6ngu eru d\u00e1nir.<a name=\"4\"><span class=\"versanumer\">4<\/span><\/a>Andi minn \u00f6rmagnast \u00ed m\u00e9r, hjarta mitt er agndofa hi\u00f0 innra \u00ed m\u00e9r.<a name=\"5\"><span class=\"versanumer\">5<\/span><\/a>\u00c9g minnist fornra daga, \u00edhuga allar gj\u00f6r\u00f0ir \u00fe\u00ednar, \u00edgrunda verk handa \u00feinna.<a name=\"6\"><span class=\"versanumer\">6<\/span><\/a>\u00c9g brei\u00f0i \u00fat hendurnar \u00ed m\u00f3ti \u00fe\u00e9r, s\u00e1l m\u00edn er sem \u00f6r\u00ferota land fyrir \u00fe\u00e9r.  Sela<a name=\"7\"><span class=\"versanumer\">7<\/span><\/a>Fl\u00fdt \u00fe\u00e9r a\u00f0 b\u00e6nheyra mig, Drottinn, andi minn \u00f6rmagnast, byrg eigi auglit \u00feitt fyrir m\u00e9r, svo a\u00f0 \u00e9g ver\u00f0i ekki l\u00edkur \u00feeim, er gengnir eru til grafar.<a name=\"8\"><span class=\"versanumer\">8<\/span><\/a>L\u00e1t \u00fe\u00fa mig heyra miskunn \u00fe\u00edna a\u00f0 morgni dags, \u00fev\u00ed a\u00f0 \u00fe\u00e9r treysti \u00e9g. Gj\u00f6r m\u00e9r kunnan \u00feann veg, er \u00e9g \u00e1 a\u00f0 ganga, \u00fev\u00ed a\u00f0 til \u00fe\u00edn hef \u00e9g s\u00e1l m\u00edna.<a name=\"9\"><span class=\"versanumer\">9<\/span><\/a>Frelsa mig fr\u00e1 \u00f3vinum m\u00ednum, Drottinn, \u00e9g fl\u00fd \u00e1 n\u00e1\u00f0ir \u00fe\u00ednar.<a name=\"10\"><span class=\"versanumer\">10<\/span><\/a>Kenn m\u00e9r a\u00f0 gj\u00f6ra vilja \u00feinn, \u00fev\u00ed a\u00f0 \u00fe\u00fa ert minn Gu\u00f0. \u00deinn g\u00f3\u00f0i andi lei\u00f0i mig um sl\u00e9tta braut.<a name=\"11\"><span class=\"versanumer\">11<\/span><\/a>Veit m\u00e9r a\u00f0 lifa, Drottinn, sakir nafns \u00fe\u00edns, lei\u00f0 mig \u00far nau\u00f0um sakir r\u00e9ttl\u00e6tis \u00fe\u00edns.<a name=\"12\"><span class=\"versanumer\">12<\/span><\/a>L\u00e1t \u00fe\u00fa \u00f3vini m\u00edna hverfa sakir tr\u00fafesti \u00feinnar, ry\u00f0 \u00feeim \u00f6llum \u00far vegi, er a\u00f0 m\u00e9r \u00ferengja, \u00fev\u00ed a\u00f0 \u00e9g er \u00fej\u00f3nn \u00feinn.<\/p>\n<div class=\"footnote1981\"><b>143.1<\/b> Heyr Slm 4.4; 102.2; 145.19 \u2013 lj\u00e1 eyra Slm 71.2+ &#8211; gr\u00e1tbei\u00f0ni Slm 55.2; 119.170; 140.7; 1Kon 8.28<br \/>\n<b>143.2<\/b> Enginn er r\u00e9ttl\u00e1tur R\u00f3m 3.20<br \/>\n<b>143.5<\/b> Fornir dagar Slm 77.6 \u2013 gj\u00f6r\u00f0ir \u00fe\u00ednar Slm 77.13<br \/>\n<b>143.6<\/b> Lyfir upp h\u00f6nduunum Slm 77.3; 88.10; sbr 28.2+ &#8211; \u00f6rfoka land Slm 63.2; Jes 32.2<br \/>\n<b>143.7<\/b> Flj\u00f3tt Slm 31.3+ &#8211; byrg eigi Slm 27.9+ &#8211; \u00feeir sem grafnir eru Slm 22.30+<br \/>\n<b>143.8<\/b> Miskunn a\u00f0 morgni Slm 59.17 \u2013 treysta Drottni Slm 9.11+ ; 55.24+ &#8211; \u00feann veg Slm 25.4 \u2013 til \u00fe\u00edn Slm 86.4<br \/>\n<b>143.10<\/b> Gu\u00f0 minn Slm 22.11+<br \/>\n<b>143.12<\/b> \u00dej\u00f3nn \u00feinn Slm 86.16; 116.16<\/div>\n","protected":false},"excerpt":{"rendered":"<p>1Dav\u00ed\u00f0ss\u00e1lmur. Drottinn, heyr \u00fe\u00fa b\u00e6n m\u00edna, lj\u00e1 eyra gr\u00e1tbei\u00f0ni minni \u00ed tr\u00fafesti \u00feinni, b\u00e6nheyr mig \u00ed r\u00e9ttl\u00e6ti \u00fe\u00ednu.2Gakk eigi \u00ed d\u00f3m vi\u00f0 \u00fej\u00f3n \u00feinn, \u00fev\u00ed a\u00f0 enginn er r\u00e9ttl\u00e1tur fyrir augliti \u00fe\u00ednu.3\u00d3vinurinn eltir s\u00e1l m\u00edna, sl\u00e6r l\u00edf mitt til jar\u00f0ar, l\u00e6tur mig b\u00faa \u00ed myrkri eins og \u00fe\u00e1 sem l\u00f6ngu eru d\u00e1nir.4Andi minn \u00f6rmagnast \u00ed m\u00e9r, hjarta mitt er agndofa hi\u00f0 innra \u00ed m\u00e9r.5\u00c9g minnist fornra daga, \u00edhuga allar gj\u00f6r\u00f0ir \u00fe\u00ednar, \u00edgrunda verk handa \u00feinna.6\u00c9g brei\u00f0i \u00fat hendurnar \u00ed m\u00f3ti \u00fe\u00e9r, s\u00e1l m\u00edn er sem \u00f6r\u00ferota land fyrir \u00fe\u00e9r. Sela7Fl\u00fdt \u00fe\u00e9r a\u00f0 b\u00e6nheyra mig, Drottinn, andi minn \u00f6rmagnast, byrg eigi <a href=\"https:\/\/biblian.is\/1981\/salmarnir-143-kafli\/\"> [&#8230;]<\/a><\/p>\n","protected":false},"author":1,"featured_media":0,"parent":0,"menu_order":0,"comment_status":"open","ping_status":"open","template":"bibliukaflar.php","meta":{"footnotes":""},"class_list":["post-1968","page","type-page","status-publish","hentry"],"_links":{"self":[{"href":"https:\/\/biblian.is\/1981\/wp-json\/wp\/v2\/pages\/1968","targetHints":{"allow":["GET"]}}],"collection":[{"href":"https:\/\/biblian.is\/1981\/wp-json\/wp\/v2\/pages"}],"about":[{"href":"https:\/\/biblian.is\/1981\/wp-json\/wp\/v2\/types\/page"}],"author":[{"embeddable":true,"href":"https:\/\/biblian.is\/1981\/wp-json\/wp\/v2\/users\/1"}],"replies":[{"embeddable":true,"href":"https:\/\/biblian.is\/1981\/wp-json\/wp\/v2\/comments?post=1968"}],"version-history":[{"count":0,"href":"https:\/\/biblian.is\/1981\/wp-json\/wp\/v2\/pages\/1968\/revisions"}],"wp:attachment":[{"href":"https:\/\/biblian.is\/1981\/wp-json\/wp\/v2\/media?parent=1968"}],"curies":[{"name":"wp","href":"https:\/\/api.w.org\/{rel}","templated":true}]}}