{"id":1965,"date":"2017-11-18T20:19:27","date_gmt":"2017-11-18T20:19:27","guid":{"rendered":"http:\/\/biblian.is\/1981\/salmarnir-140-kafli\/"},"modified":"2021-06-06T11:07:20","modified_gmt":"2021-06-06T11:07:20","slug":"salmarnir-140-kafli","status":"publish","type":"page","link":"https:\/\/biblian.is\/1981\/salmarnir-140-kafli\/","title":{"rendered":"S\u00e1lmarnir 140. kafli"},"content":{"rendered":"<p><a name=\"1\"><span class=\"versanumer\">1<\/span><\/a>Til s\u00f6ngstj\u00f3rans. Dav\u00ed\u00f0ss\u00e1lmur.<a name=\"2\"><span class=\"versanumer\">2<\/span><\/a>Frelsa mig, Drottinn, fr\u00e1 illmennum, vernda mig fyrir ofr\u00edkism\u00f6nnum,<a name=\"3\"><span class=\"versanumer\">3<\/span><\/a>\u00feeim er hyggja \u00e1 illt \u00ed hjarta s\u00ednu og vekja \u00f3fri\u00f0 \u00e1 degi hverjum.<a name=\"4\"><span class=\"versanumer\">4<\/span><\/a>\u00deeir gj\u00f6ra tungur s\u00ednar hvassar sem h\u00f6ggormar, n\u00f6\u00f0rueitur er undir v\u00f6rum \u00feeirra.  Sela<a name=\"5\"><span class=\"versanumer\">5<\/span><\/a>Var\u00f0veit mig, Drottinn, fyrir hendi \u00f3gu\u00f0legra, vernda mig fyrir ofr\u00edkism\u00f6nnum, er hyggja \u00e1 a\u00f0 breg\u00f0a f\u00e6ti fyrir mig.<a name=\"6\"><span class=\"versanumer\">6<\/span><\/a>Ofstopamenn hafa lagt gildrur \u00ed leyni fyrir mig og \u00feani\u00f0 \u00fat sn\u00f6rur eins og net, hj\u00e1 vegarbr\u00faninni hafa \u00feeir lagt m\u00f6skva fyrir mig.  Sela<a name=\"7\"><span class=\"versanumer\">7<\/span><\/a>\u00c9g sag\u00f0i vi\u00f0 Drottin: \u00de\u00fa ert Gu\u00f0 minn, lj\u00e1 eyra, Drottinn, gr\u00e1tbei\u00f0ni minni.<a name=\"8\"><span class=\"versanumer\">8<\/span><\/a>Drottinn Gu\u00f0, m\u00edn m\u00e1ttuga hj\u00e1lp, \u00fe\u00fa hl\u00edfir h\u00f6f\u00f0i m\u00ednu \u00e1 orustudeginum.<a name=\"9\"><span class=\"versanumer\">9<\/span><\/a>Uppfyll eigi, Drottinn, \u00f3skir hins \u00f3gu\u00f0lega, l\u00e1t v\u00e9lar hans eigi heppnast.  Sela<a name=\"10\"><span class=\"versanumer\">10<\/span><\/a>\u00deeir skulu eigi hefja h\u00f6fu\u00f0i\u00f0 umhverfis mig, rangl\u00e6ti vara \u00feeirra skal hylja sj\u00e1lfa \u00fe\u00e1.<a name=\"11\"><span class=\"versanumer\">11<\/span><\/a>L\u00e1t rigna \u00e1 \u00fe\u00e1 eldsgl\u00f3\u00f0um, hrind \u00feeim \u00ed gryfjur, svo a\u00f0 \u00feeir f\u00e1i eigi upp sta\u00f0i\u00f0.<a name=\"12\"><span class=\"versanumer\">12<\/span><\/a>Illm\u00e1ll ma\u00f0ur skal eigi f\u00e1 sta\u00f0ist \u00ed landinu, ofr\u00edkismanninn skal \u00f3g\u00e6fan elta me\u00f0 s\u00edfelldum h\u00f6ggum.<a name=\"13\"><span class=\"versanumer\">13<\/span><\/a>\u00c9g veit, a\u00f0 Drottinn flytur m\u00e1l hrj\u00e1\u00f0ra, rekur r\u00e9ttar snau\u00f0ra.<a name=\"14\"><span class=\"versanumer\">14<\/span><\/a>Vissulega skulu hinir r\u00e9ttl\u00e1tu lofa nafn \u00feitt, hinir hreinskilnu b\u00faa fyrir augliti \u00fe\u00ednu.<\/p>\n<div class=\"footnote1981\"><b>140.4<\/b> N\u00f6\u00f0rueitur R\u00f3m 3.13; sbr Slm 58.5; Job 20.16<br \/>\n<b>140.6<\/b> Net Slm 9.16+<br \/>\n<b>140.7<\/b> Gu\u00f0 minn Slm 22.11+ &#8211; lj\u00e1 eyra Slm 71.2+<br \/>\n<b>140.11<\/b> Eldsgl\u00f3\u00f0ir Slm 120.4; sbr 11.6<br \/>\n<b>140.13<\/b> Rekur r\u00e9ttar snau\u00f0ra Slm 72.4; 146.7; Job 36.6; Okv 29.26<br \/>\n<b>140.14<\/b> Hreinlyndir Slm 11.7<\/div>\n","protected":false},"excerpt":{"rendered":"<p>1Til s\u00f6ngstj\u00f3rans. Dav\u00ed\u00f0ss\u00e1lmur.2Frelsa mig, Drottinn, fr\u00e1 illmennum, vernda mig fyrir ofr\u00edkism\u00f6nnum,3\u00feeim er hyggja \u00e1 illt \u00ed hjarta s\u00ednu og vekja \u00f3fri\u00f0 \u00e1 degi hverjum.4\u00deeir gj\u00f6ra tungur s\u00ednar hvassar sem h\u00f6ggormar, n\u00f6\u00f0rueitur er undir v\u00f6rum \u00feeirra. Sela5Var\u00f0veit mig, Drottinn, fyrir hendi \u00f3gu\u00f0legra, vernda mig fyrir ofr\u00edkism\u00f6nnum, er hyggja \u00e1 a\u00f0 breg\u00f0a f\u00e6ti fyrir mig.6Ofstopamenn hafa lagt gildrur \u00ed leyni fyrir mig og \u00feani\u00f0 \u00fat sn\u00f6rur eins og net, hj\u00e1 vegarbr\u00faninni hafa \u00feeir lagt m\u00f6skva fyrir mig. Sela7\u00c9g sag\u00f0i vi\u00f0 Drottin: \u00de\u00fa ert Gu\u00f0 minn, lj\u00e1 eyra, Drottinn, gr\u00e1tbei\u00f0ni minni.8Drottinn Gu\u00f0, m\u00edn m\u00e1ttuga hj\u00e1lp, \u00fe\u00fa hl\u00edfir h\u00f6f\u00f0i m\u00ednu \u00e1 orustudeginum.9Uppfyll eigi, Drottinn, <a href=\"https:\/\/biblian.is\/1981\/salmarnir-140-kafli\/\"> [&#8230;]<\/a><\/p>\n","protected":false},"author":1,"featured_media":0,"parent":0,"menu_order":0,"comment_status":"open","ping_status":"open","template":"bibliukaflar.php","meta":{"footnotes":""},"class_list":["post-1965","page","type-page","status-publish","hentry"],"_links":{"self":[{"href":"https:\/\/biblian.is\/1981\/wp-json\/wp\/v2\/pages\/1965","targetHints":{"allow":["GET"]}}],"collection":[{"href":"https:\/\/biblian.is\/1981\/wp-json\/wp\/v2\/pages"}],"about":[{"href":"https:\/\/biblian.is\/1981\/wp-json\/wp\/v2\/types\/page"}],"author":[{"embeddable":true,"href":"https:\/\/biblian.is\/1981\/wp-json\/wp\/v2\/users\/1"}],"replies":[{"embeddable":true,"href":"https:\/\/biblian.is\/1981\/wp-json\/wp\/v2\/comments?post=1965"}],"version-history":[{"count":0,"href":"https:\/\/biblian.is\/1981\/wp-json\/wp\/v2\/pages\/1965\/revisions"}],"wp:attachment":[{"href":"https:\/\/biblian.is\/1981\/wp-json\/wp\/v2\/media?parent=1965"}],"curies":[{"name":"wp","href":"https:\/\/api.w.org\/{rel}","templated":true}]}}