{"id":1961,"date":"2017-11-18T20:19:27","date_gmt":"2017-11-18T20:19:27","guid":{"rendered":"http:\/\/biblian.is\/1981\/salmarnir-136-kafli\/"},"modified":"2021-06-06T11:07:10","modified_gmt":"2021-06-06T11:07:10","slug":"salmarnir-136-kafli","status":"publish","type":"page","link":"https:\/\/biblian.is\/1981\/salmarnir-136-kafli\/","title":{"rendered":"S\u00e1lmarnir 136. kafli"},"content":{"rendered":"<p><a name=\"1\"><span class=\"versanumer\">1<\/span><\/a>\u00deakki\u00f0 Drottni, \u00fev\u00ed a\u00f0 hann er g\u00f3\u00f0ur, \u00fev\u00ed a\u00f0 miskunn hans varir a\u00f0 eil\u00edfu.<a name=\"2\"><span class=\"versanumer\">2<\/span><\/a>\u00deakki\u00f0 Gu\u00f0i gu\u00f0anna, \u00fev\u00ed a\u00f0 miskunn hans varir a\u00f0 eil\u00edfu,<a name=\"3\"><span class=\"versanumer\">3<\/span><\/a>\u00feakki\u00f0 Drottni drottnanna, \u00fev\u00ed a\u00f0 miskunn hans varir a\u00f0 eil\u00edfu,<a name=\"4\"><span class=\"versanumer\">4<\/span><\/a>honum, sem einn gj\u00f6rir mikil d\u00e1semdarverk, \u00fev\u00ed a\u00f0 miskunn hans varir a\u00f0 eil\u00edfu,<a name=\"5\"><span class=\"versanumer\">5<\/span><\/a>honum, sem skapa\u00f0i himininn me\u00f0 speki, \u00fev\u00ed a\u00f0 miskunn hans varir a\u00f0 eil\u00edfu,<a name=\"6\"><span class=\"versanumer\">6<\/span><\/a>honum, sem breiddi j\u00f6r\u00f0ina \u00fat \u00e1 v\u00f6tnunum, \u00fev\u00ed a\u00f0 miskunn hans varir a\u00f0 eil\u00edfu,<a name=\"7\"><span class=\"versanumer\">7<\/span><\/a>honum, sem skapa\u00f0i st\u00f3ru lj\u00f3sin, \u00fev\u00ed a\u00f0 miskunn hans varir a\u00f0 eil\u00edfu,<a name=\"8\"><span class=\"versanumer\">8<\/span><\/a>s\u00f3lina til \u00feess a\u00f0 r\u00e1\u00f0a deginum, \u00fev\u00ed a\u00f0 miskunn hans varir a\u00f0 eil\u00edfu,<a name=\"9\"><span class=\"versanumer\">9<\/span><\/a>tungli\u00f0 og stj\u00f6rnurnar til \u00feess a\u00f0 r\u00e1\u00f0a n\u00f3ttunni, \u00fev\u00ed a\u00f0 miskunn hans varir a\u00f0 eil\u00edfu,<a name=\"10\"><span class=\"versanumer\">10<\/span><\/a>honum, sem laust Egypta me\u00f0 dey\u00f0ing frumbur\u00f0anna, \u00fev\u00ed a\u00f0 miskunn hans varir a\u00f0 eil\u00edfu,<a name=\"11\"><span class=\"versanumer\">11<\/span><\/a>og leiddi \u00cdsrael burt fr\u00e1 \u00feeim, \u00fev\u00ed a\u00f0 miskunn hans varir a\u00f0 eil\u00edfu,<a name=\"12\"><span class=\"versanumer\">12<\/span><\/a>me\u00f0 sterkri hendi og \u00fatr\u00e9ttum armlegg, \u00fev\u00ed a\u00f0 miskunn hans varir a\u00f0 eil\u00edfu,<a name=\"13\"><span class=\"versanumer\">13<\/span><\/a>honum, sem skipti Rau\u00f0ahafinu sundur, \u00fev\u00ed a\u00f0 miskunn hans varir a\u00f0 eil\u00edfu,<a name=\"14\"><span class=\"versanumer\">14<\/span><\/a>og l\u00e9t \u00cdsrael ganga gegnum \u00fea\u00f0, \u00fev\u00ed a\u00f0 miskunn hans varir a\u00f0 eil\u00edfu,<a name=\"15\"><span class=\"versanumer\">15<\/span><\/a>og keyr\u00f0i Fara\u00f3 og her hans \u00fat \u00ed Rau\u00f0ahafi\u00f0, \u00fev\u00ed a\u00f0 miskunn hans varir a\u00f0 eil\u00edfu,<a name=\"16\"><span class=\"versanumer\">16<\/span><\/a>honum, sem leiddi l\u00fd\u00f0 sinn gegnum ey\u00f0im\u00f6rkina, \u00fev\u00ed a\u00f0 miskunn hans varir a\u00f0 eil\u00edfu,<a name=\"17\"><span class=\"versanumer\">17<\/span><\/a>honum, sem laust mikla konunga, \u00fev\u00ed a\u00f0 miskunn hans varir a\u00f0 eil\u00edfu,<a name=\"18\"><span class=\"versanumer\">18<\/span><\/a>og deyddi volduga konunga, \u00fev\u00ed a\u00f0 miskunn hans varir a\u00f0 eil\u00edfu,<a name=\"19\"><span class=\"versanumer\">19<\/span><\/a>S\u00edhon Amor\u00edtakonung, \u00fev\u00ed a\u00f0 miskunn hans varir a\u00f0 eil\u00edfu,<a name=\"20\"><span class=\"versanumer\">20<\/span><\/a>og \u00d3g konung \u00ed Basan, \u00fev\u00ed a\u00f0 miskunn hans varir a\u00f0 eil\u00edfu,<a name=\"21\"><span class=\"versanumer\">21<\/span><\/a>og gaf land \u00feeirra a\u00f0 erf\u00f0, \u00fev\u00ed a\u00f0 miskunn hans varir a\u00f0 eil\u00edfu,<a name=\"22\"><span class=\"versanumer\">22<\/span><\/a>a\u00f0 erf\u00f0 \u00cdsrael \u00fej\u00f3ni s\u00ednum, \u00fev\u00ed a\u00f0 miskunn hans varir a\u00f0 eil\u00edfu,<a name=\"23\"><span class=\"versanumer\">23<\/span><\/a>honum, sem minntist vor \u00ed l\u00e6ging vorri, \u00fev\u00ed a\u00f0 miskunn hans varir a\u00f0 eil\u00edfu,<a name=\"24\"><span class=\"versanumer\">24<\/span><\/a>og frelsa\u00f0i oss fr\u00e1 fjandm\u00f6nnum vorum, \u00fev\u00ed a\u00f0 miskunn hans varir a\u00f0 eil\u00edfu,<a name=\"25\"><span class=\"versanumer\">25<\/span><\/a>sem gefur f\u00e6\u00f0u \u00f6llu holdi, \u00fev\u00ed a\u00f0 miskunn hans varir a\u00f0 eil\u00edfu.<a name=\"26\"><span class=\"versanumer\">26<\/span><\/a>\u00deakki\u00f0 Gu\u00f0i himnanna, \u00fev\u00ed a\u00f0 miskunn hans varir a\u00f0 eil\u00edfu.<\/p>\n<div class=\"footnote1981\"><b>136.1<\/b> \u00deakki\u00f0 Drottni Slm 105.1+ &#8211; hann er g\u00f3\u00f0ur Slm 106.1+<br \/>\n<b>136.2-3<\/b> Gu\u00f0 gu\u00f0anna, Drottinn drottnanna 5M\u00f3s 10.17<br \/>\n<b>136.4<\/b> Hann einn Slm 72.18<br \/>\n<b>136.5<\/b> Skapa\u00f0i himininn 1M\u00f3s 1.1,6-8; sbr Slm 121.2+<br \/>\n<b>136.6<\/b> Breiddi j\u00f6r\u00f0ina \u00fat Slm 24.1<br \/>\n<b>136.7-9<\/b> St\u00f3ru lj\u00f3sin 1M\u00f3s 1.14-18<br \/>\n<b>136.10<\/b> Frumbur\u00f0ir Egyptalands Slm 135.8+<br \/>\n<b>136.11<\/b> Leiddi \u00cdsrael burt 2M\u00f3s 12.31,51; 13.3<br \/>\n<b>136.12<\/b> Me\u00f0 sterkri hendi 5M\u00f3s 4.34; 5.15; 7.19; 11.2; 26.8; 1Kon 8.42; Jer 32.21; Esk 20.33-34; 2Kro 6.32<br \/>\n<b>136.13<\/b> Skipti hafinu sundur 2M\u00f3s 14.21; Slm 78.13<br \/>\n<b>136.14<\/b> Ganga gegnum hafi\u00f0 2M\u00f3s 14.22,29<br \/>\n<b>136.15<\/b> Her Fara\u00f3s 2M\u00f3s 14.26-28; 15.4-5,21<br \/>\n<b>136.16<\/b> \u00cd gegnum au\u00f0nina Slm 78.52; 2M\u00f3s 15.22; 5M\u00f3s 8.2,15; Jer 2.6<br \/>\n<b>136.17-20<\/b> Laust konunga Slm 135.10-11+<br \/>\n<b>136.22<\/b> Erf\u00f0ahlut Slm 135.12+ &#8211; \u00cdsrael \u00fej\u00f3ni s\u00ednum Jes 44.21<br \/>\n<b>136.23<\/b> Hann minntist vor Slm 106.45; sbr L\u00fak 1.72<br \/>\n<b>136.24<\/b> Fr\u00e1 fjandm\u00f6nnum L\u00fak 1.71<br \/>\n<b>136.25<\/b> F\u00e6\u00f0ir hverja skepnu Slm 104.27-28; 145.15-16<\/div>\n","protected":false},"excerpt":{"rendered":"<p>1\u00deakki\u00f0 Drottni, \u00fev\u00ed a\u00f0 hann er g\u00f3\u00f0ur, \u00fev\u00ed a\u00f0 miskunn hans varir a\u00f0 eil\u00edfu.2\u00deakki\u00f0 Gu\u00f0i gu\u00f0anna, \u00fev\u00ed a\u00f0 miskunn hans varir a\u00f0 eil\u00edfu,3\u00feakki\u00f0 Drottni drottnanna, \u00fev\u00ed a\u00f0 miskunn hans varir a\u00f0 eil\u00edfu,4honum, sem einn gj\u00f6rir mikil d\u00e1semdarverk, \u00fev\u00ed a\u00f0 miskunn hans varir a\u00f0 eil\u00edfu,5honum, sem skapa\u00f0i himininn me\u00f0 speki, \u00fev\u00ed a\u00f0 miskunn hans varir a\u00f0 eil\u00edfu,6honum, sem breiddi j\u00f6r\u00f0ina \u00fat \u00e1 v\u00f6tnunum, \u00fev\u00ed a\u00f0 miskunn hans varir a\u00f0 eil\u00edfu,7honum, sem skapa\u00f0i st\u00f3ru lj\u00f3sin, \u00fev\u00ed a\u00f0 miskunn hans varir a\u00f0 eil\u00edfu,8s\u00f3lina til \u00feess a\u00f0 r\u00e1\u00f0a deginum, \u00fev\u00ed a\u00f0 miskunn hans varir a\u00f0 eil\u00edfu,9tungli\u00f0 og stj\u00f6rnurnar til \u00feess a\u00f0 r\u00e1\u00f0a n\u00f3ttunni, \u00fev\u00ed <a href=\"https:\/\/biblian.is\/1981\/salmarnir-136-kafli\/\"> [&#8230;]<\/a><\/p>\n","protected":false},"author":1,"featured_media":0,"parent":0,"menu_order":0,"comment_status":"open","ping_status":"open","template":"bibliukaflar.php","meta":{"footnotes":""},"class_list":["post-1961","page","type-page","status-publish","hentry"],"_links":{"self":[{"href":"https:\/\/biblian.is\/1981\/wp-json\/wp\/v2\/pages\/1961","targetHints":{"allow":["GET"]}}],"collection":[{"href":"https:\/\/biblian.is\/1981\/wp-json\/wp\/v2\/pages"}],"about":[{"href":"https:\/\/biblian.is\/1981\/wp-json\/wp\/v2\/types\/page"}],"author":[{"embeddable":true,"href":"https:\/\/biblian.is\/1981\/wp-json\/wp\/v2\/users\/1"}],"replies":[{"embeddable":true,"href":"https:\/\/biblian.is\/1981\/wp-json\/wp\/v2\/comments?post=1961"}],"version-history":[{"count":0,"href":"https:\/\/biblian.is\/1981\/wp-json\/wp\/v2\/pages\/1961\/revisions"}],"wp:attachment":[{"href":"https:\/\/biblian.is\/1981\/wp-json\/wp\/v2\/media?parent=1961"}],"curies":[{"name":"wp","href":"https:\/\/api.w.org\/{rel}","templated":true}]}}