{"id":1954,"date":"2017-11-18T20:19:27","date_gmt":"2017-11-18T20:19:27","guid":{"rendered":"http:\/\/biblian.is\/1981\/salmarnir-129-kafli\/"},"modified":"2021-06-06T11:06:53","modified_gmt":"2021-06-06T11:06:53","slug":"salmarnir-129-kafli","status":"publish","type":"page","link":"https:\/\/biblian.is\/1981\/salmarnir-129-kafli\/","title":{"rendered":"S\u00e1lmarnir 129. kafli"},"content":{"rendered":"<p><a name=\"1\"><span class=\"versanumer\">1<\/span><\/a>Helgig\u00f6ngulj\u00f3\u00f0. \u00deeir hafa fjandskapast mj\u00f6g vi\u00f0 mig fr\u00e1 \u00e6sku, skal \u00cdsrael segja<a name=\"2\"><span class=\"versanumer\">2<\/span><\/a>\u00feeir hafa fjandskapast mj\u00f6g vi\u00f0 mig fr\u00e1 \u00e6sku, en \u00fe\u00f3 eigi bori\u00f0 af m\u00e9r.<a name=\"3\"><span class=\"versanumer\">3<\/span><\/a>Pl\u00f3gmennirnir hafa pl\u00e6gt um hrygg m\u00e9r, gj\u00f6rt pl\u00f3gf\u00f6r s\u00edn l\u00f6ng,<a name=\"4\"><span class=\"versanumer\">4<\/span><\/a>en Drottinn hinn r\u00e9ttl\u00e1ti hefir skori\u00f0 \u00ed sundur reipi \u00f3gu\u00f0legra.<a name=\"5\"><span class=\"versanumer\">5<\/span><\/a>Sneypast skulu \u00feeir og undan h\u00f6rfa, allir \u00feeir sem hata S\u00edon.<a name=\"6\"><span class=\"versanumer\">6<\/span><\/a>\u00deeir skulu ver\u00f0a sem gras \u00e1 \u00feekju, er visnar \u00e1\u00f0ur en \u00fea\u00f0 fr\u00e6vist.<a name=\"7\"><span class=\"versanumer\">7<\/span><\/a>Sl\u00e1ttuma\u00f0urinn skal eigi fylla h\u00f6nd s\u00edna n\u00e9 s\u00e1 fang sitt sem bindur,<a name=\"8\"><span class=\"versanumer\">8<\/span><\/a>og \u00feeir sem fram hj\u00e1 fara skulu ekki segja: Blessun Drottins s\u00e9 me\u00f0 y\u00f0ur. V\u00e9r blessum y\u00f0ur \u00ed nafni Drottins!<\/p>\n<div class=\"footnote1981\"><b>129.1<\/b> Skal \u00cdsrael segja Slm 118.2; 124.1<br \/>\n<b>129.4<\/b> Drottinn er r\u00e9ttl\u00e1tur Slm 7.10,12; 11.7; 51.6; 119.137; 145.17; Jes 45.21; Sef 3.5; Hlj 1.18; Dan 4.34; 9.14; Esr 9.15; Neh 9.33<br \/>\n<b>129.5<\/b> H\u00f6rfa Slm 35.4; 40.15<br \/>\n<b>129.6<\/b> Gras \u00e1 \u00feekju 2Kon 19.26<br \/>\n<b>129.8<\/b> V\u00e9r blessum y\u00f0ur Slm 118.26<\/div>\n","protected":false},"excerpt":{"rendered":"<p>1Helgig\u00f6ngulj\u00f3\u00f0. \u00deeir hafa fjandskapast mj\u00f6g vi\u00f0 mig fr\u00e1 \u00e6sku, skal \u00cdsrael segja2\u00feeir hafa fjandskapast mj\u00f6g vi\u00f0 mig fr\u00e1 \u00e6sku, en \u00fe\u00f3 eigi bori\u00f0 af m\u00e9r.3Pl\u00f3gmennirnir hafa pl\u00e6gt um hrygg m\u00e9r, gj\u00f6rt pl\u00f3gf\u00f6r s\u00edn l\u00f6ng,4en Drottinn hinn r\u00e9ttl\u00e1ti hefir skori\u00f0 \u00ed sundur reipi \u00f3gu\u00f0legra.5Sneypast skulu \u00feeir og undan h\u00f6rfa, allir \u00feeir sem hata S\u00edon.6\u00deeir skulu ver\u00f0a sem gras \u00e1 \u00feekju, er visnar \u00e1\u00f0ur en \u00fea\u00f0 fr\u00e6vist.7Sl\u00e1ttuma\u00f0urinn skal eigi fylla h\u00f6nd s\u00edna n\u00e9 s\u00e1 fang sitt sem bindur,8og \u00feeir sem fram hj\u00e1 fara skulu ekki segja: Blessun Drottins s\u00e9 me\u00f0 y\u00f0ur. V\u00e9r blessum y\u00f0ur \u00ed nafni Drottins! 129.1 Skal \u00cdsrael segja Slm <a href=\"https:\/\/biblian.is\/1981\/salmarnir-129-kafli\/\"> [&#8230;]<\/a><\/p>\n","protected":false},"author":1,"featured_media":0,"parent":0,"menu_order":0,"comment_status":"open","ping_status":"open","template":"bibliukaflar.php","meta":{"footnotes":""},"class_list":["post-1954","page","type-page","status-publish","hentry"],"_links":{"self":[{"href":"https:\/\/biblian.is\/1981\/wp-json\/wp\/v2\/pages\/1954","targetHints":{"allow":["GET"]}}],"collection":[{"href":"https:\/\/biblian.is\/1981\/wp-json\/wp\/v2\/pages"}],"about":[{"href":"https:\/\/biblian.is\/1981\/wp-json\/wp\/v2\/types\/page"}],"author":[{"embeddable":true,"href":"https:\/\/biblian.is\/1981\/wp-json\/wp\/v2\/users\/1"}],"replies":[{"embeddable":true,"href":"https:\/\/biblian.is\/1981\/wp-json\/wp\/v2\/comments?post=1954"}],"version-history":[{"count":0,"href":"https:\/\/biblian.is\/1981\/wp-json\/wp\/v2\/pages\/1954\/revisions"}],"wp:attachment":[{"href":"https:\/\/biblian.is\/1981\/wp-json\/wp\/v2\/media?parent=1954"}],"curies":[{"name":"wp","href":"https:\/\/api.w.org\/{rel}","templated":true}]}}