{"id":1953,"date":"2017-11-18T20:19:27","date_gmt":"2017-11-18T20:19:27","guid":{"rendered":"http:\/\/biblian.is\/1981\/salmarnir-128-kafli\/"},"modified":"2021-06-06T11:06:51","modified_gmt":"2021-06-06T11:06:51","slug":"salmarnir-128-kafli","status":"publish","type":"page","link":"https:\/\/biblian.is\/1981\/salmarnir-128-kafli\/","title":{"rendered":"S\u00e1lmarnir 128. kafli"},"content":{"rendered":"<p><a name=\"1\"><span class=\"versanumer\">1<\/span><\/a>Helgig\u00f6ngulj\u00f3\u00f0. S\u00e6ll er hver s\u00e1, er \u00f3ttast Drottin, er gengur \u00e1 hans vegum.<a name=\"2\"><span class=\"versanumer\">2<\/span><\/a>J\u00e1, afla handa \u00feinna skalt \u00fe\u00fa nj\u00f3ta, s\u00e6ll ert \u00fe\u00fa, vel farnast \u00fe\u00e9r.<a name=\"3\"><span class=\"versanumer\">3<\/span><\/a>Kona \u00fe\u00edn er sem frj\u00f3samur v\u00ednvi\u00f0ur innst \u00ed h\u00fasi \u00fe\u00ednu, synir \u00fe\u00ednir sem teinungar ol\u00edutr\u00e9sins umhverfis bor\u00f0 \u00feitt.<a name=\"4\"><span class=\"versanumer\">4<\/span><\/a>Sj\u00e1, sannarlega hl\u00fdtur sl\u00edka blessun s\u00e1 ma\u00f0ur, er \u00f3ttast Drottin.<a name=\"5\"><span class=\"versanumer\">5<\/span><\/a>Drottinn blessi \u00feig fr\u00e1 S\u00edon, \u00fe\u00fa munt horfa me\u00f0 unun \u00e1 hamingju Jer\u00fasalem alla \u00e6vidaga \u00fe\u00edna,<a name=\"6\"><span class=\"versanumer\">6<\/span><\/a>og sj\u00e1 sonu sona \u00feinna. Fri\u00f0ur s\u00e9 yfir \u00cdsrael!<\/p>\n<div class=\"footnote1981\"><b>128.1<\/b> S\u00e6ll Slm 1.1+ &#8211; \u00f3ttast Drottinn Slm 15.4+ &#8211; vegir Drottins Slm 18.22+<br \/>\n<b>128.3<\/b> Kona \u00fe\u00edn Okv 18.22; 19.14 \u2013 b\u00f6rn \u00fe\u00edn Slm 127.3-5; 144.12<br \/>\n<b>128.5<\/b> Drottinn blessi \u00feig Slm 134.3 \u2013 fr\u00e1 S\u00edon Slm 20.3+<br \/>\n<b>128.6<\/b> Fri\u00f0ur yfir \u00cdsrael Slm 125.5+<\/div>\n","protected":false},"excerpt":{"rendered":"<p>1Helgig\u00f6ngulj\u00f3\u00f0. S\u00e6ll er hver s\u00e1, er \u00f3ttast Drottin, er gengur \u00e1 hans vegum.2J\u00e1, afla handa \u00feinna skalt \u00fe\u00fa nj\u00f3ta, s\u00e6ll ert \u00fe\u00fa, vel farnast \u00fe\u00e9r.3Kona \u00fe\u00edn er sem frj\u00f3samur v\u00ednvi\u00f0ur innst \u00ed h\u00fasi \u00fe\u00ednu, synir \u00fe\u00ednir sem teinungar ol\u00edutr\u00e9sins umhverfis bor\u00f0 \u00feitt.4Sj\u00e1, sannarlega hl\u00fdtur sl\u00edka blessun s\u00e1 ma\u00f0ur, er \u00f3ttast Drottin.5Drottinn blessi \u00feig fr\u00e1 S\u00edon, \u00fe\u00fa munt horfa me\u00f0 unun \u00e1 hamingju Jer\u00fasalem alla \u00e6vidaga \u00fe\u00edna,6og sj\u00e1 sonu sona \u00feinna. Fri\u00f0ur s\u00e9 yfir \u00cdsrael! 128.1 S\u00e6ll Slm 1.1+ &#8211; \u00f3ttast Drottinn Slm 15.4+ &#8211; vegir Drottins Slm 18.22+ 128.3 Kona \u00fe\u00edn Okv 18.22; 19.14 \u2013 b\u00f6rn \u00fe\u00edn Slm 127.3-5; 144.12 <a href=\"https:\/\/biblian.is\/1981\/salmarnir-128-kafli\/\"> [&#8230;]<\/a><\/p>\n","protected":false},"author":1,"featured_media":0,"parent":0,"menu_order":0,"comment_status":"open","ping_status":"open","template":"bibliukaflar.php","meta":{"footnotes":""},"class_list":["post-1953","page","type-page","status-publish","hentry"],"_links":{"self":[{"href":"https:\/\/biblian.is\/1981\/wp-json\/wp\/v2\/pages\/1953","targetHints":{"allow":["GET"]}}],"collection":[{"href":"https:\/\/biblian.is\/1981\/wp-json\/wp\/v2\/pages"}],"about":[{"href":"https:\/\/biblian.is\/1981\/wp-json\/wp\/v2\/types\/page"}],"author":[{"embeddable":true,"href":"https:\/\/biblian.is\/1981\/wp-json\/wp\/v2\/users\/1"}],"replies":[{"embeddable":true,"href":"https:\/\/biblian.is\/1981\/wp-json\/wp\/v2\/comments?post=1953"}],"version-history":[{"count":0,"href":"https:\/\/biblian.is\/1981\/wp-json\/wp\/v2\/pages\/1953\/revisions"}],"wp:attachment":[{"href":"https:\/\/biblian.is\/1981\/wp-json\/wp\/v2\/media?parent=1953"}],"curies":[{"name":"wp","href":"https:\/\/api.w.org\/{rel}","templated":true}]}}