{"id":1952,"date":"2017-11-18T20:19:27","date_gmt":"2017-11-18T20:19:27","guid":{"rendered":"http:\/\/biblian.is\/1981\/salmarnir-127-kafli\/"},"modified":"2021-06-06T11:06:49","modified_gmt":"2021-06-06T11:06:49","slug":"salmarnir-127-kafli","status":"publish","type":"page","link":"https:\/\/biblian.is\/1981\/salmarnir-127-kafli\/","title":{"rendered":"S\u00e1lmarnir 127. kafli"},"content":{"rendered":"<p><a name=\"1\"><span class=\"versanumer\">1<\/span><\/a>Helgig\u00f6ngulj\u00f3\u00f0. Eftir Sal\u00f3mon. Ef Drottinn byggir ekki h\u00fasi\u00f0, erfi\u00f0a smi\u00f0irnir til \u00f3n\u00fdtis. Ef Drottinn verndar eigi borgina, vakir v\u00f6r\u00f0urinn til \u00f3n\u00fdtis.<a name=\"2\"><span class=\"versanumer\">2<\/span><\/a>\u00dea\u00f0 er til \u00f3n\u00fdtis fyrir y\u00f0ur, \u00fe\u00e9r sem snemma r\u00edsi\u00f0 og gangi\u00f0 seint til hv\u00edldar og eti\u00f0 brau\u00f0, sem afla\u00f0 er me\u00f0 striti: Svo gefur hann \u00e1stvinum s\u00ednum \u00ed svefni!<a name=\"3\"><span class=\"versanumer\">3<\/span><\/a>Sj\u00e1, synir eru gj\u00f6f fr\u00e1 Drottni, \u00e1v\u00f6xtur m\u00f3\u00f0urkvi\u00f0arins er umbun.<a name=\"4\"><span class=\"versanumer\">4<\/span><\/a>Eins og \u00f6rvar \u00ed hendi kappans, svo eru synir getnir \u00ed \u00e6sku.<a name=\"5\"><span class=\"versanumer\">5<\/span><\/a>S\u00e6ll er s\u00e1 ma\u00f0ur, er fyllt hefir \u00f6rvam\u00e6li sinn me\u00f0 \u00feeim, \u00feeir ver\u00f0a eigi til skammar, er \u00feeir tala vi\u00f0 \u00f3vini s\u00edna \u00ed borgarhli\u00f0inu.<\/p>\n<div class=\"footnote1981\"><b>127.1<\/b> Ef Drottinn &#8230; Slm 128; 5M\u00f3s 8.17-18; Okv 10.22; sbr Slm 33.16+<br \/>\n<b>127.2<\/b> Til \u00f3n\u00fdtis Matt 6.25-34 \u2013 afla\u00f0 me\u00f0 striti 1M\u00f3s 3.19<br \/>\n<b>127.3<\/b> Synir Slm 128.3-4; Okv 17.6<br \/>\n<b>127.5<\/b> \u00cd borgarhli\u00f0inu Job 29.5,7-12<\/div>\n","protected":false},"excerpt":{"rendered":"<p>1Helgig\u00f6ngulj\u00f3\u00f0. Eftir Sal\u00f3mon. Ef Drottinn byggir ekki h\u00fasi\u00f0, erfi\u00f0a smi\u00f0irnir til \u00f3n\u00fdtis. Ef Drottinn verndar eigi borgina, vakir v\u00f6r\u00f0urinn til \u00f3n\u00fdtis.2\u00dea\u00f0 er til \u00f3n\u00fdtis fyrir y\u00f0ur, \u00fe\u00e9r sem snemma r\u00edsi\u00f0 og gangi\u00f0 seint til hv\u00edldar og eti\u00f0 brau\u00f0, sem afla\u00f0 er me\u00f0 striti: Svo gefur hann \u00e1stvinum s\u00ednum \u00ed svefni!3Sj\u00e1, synir eru gj\u00f6f fr\u00e1 Drottni, \u00e1v\u00f6xtur m\u00f3\u00f0urkvi\u00f0arins er umbun.4Eins og \u00f6rvar \u00ed hendi kappans, svo eru synir getnir \u00ed \u00e6sku.5S\u00e6ll er s\u00e1 ma\u00f0ur, er fyllt hefir \u00f6rvam\u00e6li sinn me\u00f0 \u00feeim, \u00feeir ver\u00f0a eigi til skammar, er \u00feeir tala vi\u00f0 \u00f3vini s\u00edna \u00ed borgarhli\u00f0inu. 127.1 Ef Drottinn &#8230; Slm 128; 5M\u00f3s <a href=\"https:\/\/biblian.is\/1981\/salmarnir-127-kafli\/\"> [&#8230;]<\/a><\/p>\n","protected":false},"author":1,"featured_media":0,"parent":0,"menu_order":0,"comment_status":"open","ping_status":"open","template":"bibliukaflar.php","meta":{"footnotes":""},"class_list":["post-1952","page","type-page","status-publish","hentry"],"_links":{"self":[{"href":"https:\/\/biblian.is\/1981\/wp-json\/wp\/v2\/pages\/1952","targetHints":{"allow":["GET"]}}],"collection":[{"href":"https:\/\/biblian.is\/1981\/wp-json\/wp\/v2\/pages"}],"about":[{"href":"https:\/\/biblian.is\/1981\/wp-json\/wp\/v2\/types\/page"}],"author":[{"embeddable":true,"href":"https:\/\/biblian.is\/1981\/wp-json\/wp\/v2\/users\/1"}],"replies":[{"embeddable":true,"href":"https:\/\/biblian.is\/1981\/wp-json\/wp\/v2\/comments?post=1952"}],"version-history":[{"count":0,"href":"https:\/\/biblian.is\/1981\/wp-json\/wp\/v2\/pages\/1952\/revisions"}],"wp:attachment":[{"href":"https:\/\/biblian.is\/1981\/wp-json\/wp\/v2\/media?parent=1952"}],"curies":[{"name":"wp","href":"https:\/\/api.w.org\/{rel}","templated":true}]}}