{"id":1950,"date":"2017-11-18T20:19:27","date_gmt":"2017-11-18T20:19:27","guid":{"rendered":"http:\/\/biblian.is\/1981\/salmarnir-125-kafli\/"},"modified":"2021-06-06T11:06:46","modified_gmt":"2021-06-06T11:06:46","slug":"salmarnir-125-kafli","status":"publish","type":"page","link":"https:\/\/biblian.is\/1981\/salmarnir-125-kafli\/","title":{"rendered":"S\u00e1lmarnir 125. kafli"},"content":{"rendered":"<p><a name=\"1\"><span class=\"versanumer\">1<\/span><\/a>Helgig\u00f6ngulj\u00f3\u00f0. \u00deeir sem treysta Drottni eru sem S\u00edonfjall, er eigi bifast, sem stendur a\u00f0 eil\u00edfu.<a name=\"2\"><span class=\"versanumer\">2<\/span><\/a>Fj\u00f6ll eru kringum Jer\u00fasalem, og Drottinn er kringum l\u00fd\u00f0 sinn h\u00e9\u00f0an \u00ed fr\u00e1 og a\u00f0 eil\u00edfu.<a name=\"3\"><span class=\"versanumer\">3<\/span><\/a>\u00dev\u00ed a\u00f0 veldissproti gu\u00f0leysisins mun eigi hv\u00edla \u00e1 landi r\u00e9ttl\u00e1tra, til \u00feess a\u00f0 hinir r\u00e9ttl\u00e1tu skuli eigi r\u00e9tta fram hendur s\u00ednar til rangl\u00e6tis.<a name=\"4\"><span class=\"versanumer\">4<\/span><\/a>Gj\u00f6r \u00fe\u00fa g\u00f3\u00f0um vel til, Drottinn, og \u00feeim sem hjartahreinir eru.<a name=\"5\"><span class=\"versanumer\">5<\/span><\/a>En \u00fe\u00e1 er beygja \u00e1 kr\u00f3k\u00f3ttar lei\u00f0ir mun Drottinn l\u00e1ta hverfa me\u00f0 illgj\u00f6r\u00f0am\u00f6nnum. Fri\u00f0ur s\u00e9 yfir \u00cdsrael!<\/p>\n<div class=\"footnote1981\"><b>125.1<\/b> Treysta Drottni Slm 9.11+ ; 55.24+ &#8211; bifast eigi Slm 15.5+ ; 55.23 \u2013 stendur a\u00f0 eil\u00edfu Jl 4.20; sbr 1J\u00f3h 2.17<br \/>\n<b>125.2<\/b> Umlykur l\u00fd\u00f0 sinn Slm 32.10; Sk 2.9 \u2013 h\u00e9\u00f0an \u00ed fr\u00e1 Slm 121.8; 131.3<br \/>\n<b>125.4<\/b> G\u00f3\u00f0ir Slm 18.26-27<br \/>\n<b>125.5<\/b> Lei\u00f0a burt Slm 92.8-10; Matt 7.23 \u2013 fri\u00f0ur yfir \u00cdsrael Slm 128.6; Gal 6.16; sbr Jes 32.18<\/div>\n","protected":false},"excerpt":{"rendered":"<p>1Helgig\u00f6ngulj\u00f3\u00f0. \u00deeir sem treysta Drottni eru sem S\u00edonfjall, er eigi bifast, sem stendur a\u00f0 eil\u00edfu.2Fj\u00f6ll eru kringum Jer\u00fasalem, og Drottinn er kringum l\u00fd\u00f0 sinn h\u00e9\u00f0an \u00ed fr\u00e1 og a\u00f0 eil\u00edfu.3\u00dev\u00ed a\u00f0 veldissproti gu\u00f0leysisins mun eigi hv\u00edla \u00e1 landi r\u00e9ttl\u00e1tra, til \u00feess a\u00f0 hinir r\u00e9ttl\u00e1tu skuli eigi r\u00e9tta fram hendur s\u00ednar til rangl\u00e6tis.4Gj\u00f6r \u00fe\u00fa g\u00f3\u00f0um vel til, Drottinn, og \u00feeim sem hjartahreinir eru.5En \u00fe\u00e1 er beygja \u00e1 kr\u00f3k\u00f3ttar lei\u00f0ir mun Drottinn l\u00e1ta hverfa me\u00f0 illgj\u00f6r\u00f0am\u00f6nnum. Fri\u00f0ur s\u00e9 yfir \u00cdsrael! 125.1 Treysta Drottni Slm 9.11+ ; 55.24+ &#8211; bifast eigi Slm 15.5+ ; 55.23 \u2013 stendur a\u00f0 eil\u00edfu Jl 4.20; sbr 1J\u00f3h <a href=\"https:\/\/biblian.is\/1981\/salmarnir-125-kafli\/\"> [&#8230;]<\/a><\/p>\n","protected":false},"author":1,"featured_media":0,"parent":0,"menu_order":0,"comment_status":"open","ping_status":"open","template":"bibliukaflar.php","meta":{"footnotes":""},"class_list":["post-1950","page","type-page","status-publish","hentry"],"_links":{"self":[{"href":"https:\/\/biblian.is\/1981\/wp-json\/wp\/v2\/pages\/1950","targetHints":{"allow":["GET"]}}],"collection":[{"href":"https:\/\/biblian.is\/1981\/wp-json\/wp\/v2\/pages"}],"about":[{"href":"https:\/\/biblian.is\/1981\/wp-json\/wp\/v2\/types\/page"}],"author":[{"embeddable":true,"href":"https:\/\/biblian.is\/1981\/wp-json\/wp\/v2\/users\/1"}],"replies":[{"embeddable":true,"href":"https:\/\/biblian.is\/1981\/wp-json\/wp\/v2\/comments?post=1950"}],"version-history":[{"count":0,"href":"https:\/\/biblian.is\/1981\/wp-json\/wp\/v2\/pages\/1950\/revisions"}],"wp:attachment":[{"href":"https:\/\/biblian.is\/1981\/wp-json\/wp\/v2\/media?parent=1950"}],"curies":[{"name":"wp","href":"https:\/\/api.w.org\/{rel}","templated":true}]}}