{"id":1935,"date":"2017-11-18T20:19:21","date_gmt":"2017-11-18T20:19:21","guid":{"rendered":"http:\/\/biblian.is\/1981\/salmarnir-110-kafli\/"},"modified":"2021-06-06T11:06:18","modified_gmt":"2021-06-06T11:06:18","slug":"salmarnir-110-kafli","status":"publish","type":"page","link":"https:\/\/biblian.is\/1981\/salmarnir-110-kafli\/","title":{"rendered":"S\u00e1lmarnir 110. kafli"},"content":{"rendered":"<p><a name=\"1\"><span class=\"versanumer\">1<\/span><\/a>Svo segir Drottinn vi\u00f0 herra minn: Sest \u00fe\u00fa m\u00e9r til h\u00e6gri handar, \u00fe\u00e1 mun \u00e9g leggja \u00f3vini \u00fe\u00edna sem f\u00f3tsk\u00f6r a\u00f0 f\u00f3tum \u00fe\u00e9r.<a name=\"2\"><span class=\"versanumer\">2<\/span><\/a>Drottinn r\u00e9ttir \u00fat \u00feinn volduga sprota fr\u00e1 S\u00edon, drottna \u00fe\u00fa mitt \u00e1 me\u00f0al \u00f3vina \u00feinna!<a name=\"3\"><span class=\"versanumer\">3<\/span><\/a>\u00dej\u00f3\u00f0 \u00fe\u00edn kemur sj\u00e1lfbo\u00f0a \u00e1 valdadegi \u00fe\u00ednum. \u00cd helgu skrauti fr\u00e1 skauti morgunro\u00f0ans kemur d\u00f6gg \u00e6skuli\u00f0s \u00fe\u00edns til \u00fe\u00edn.<a name=\"4\"><span class=\"versanumer\">4<\/span><\/a>Drottinn hefir svari\u00f0, og hann i\u00f0rar \u00feess eigi: \u00de\u00fa ert prestur a\u00f0 eil\u00edfu, a\u00f0 h\u00e6tti Melk\u00edsedeks.<a name=\"5\"><span class=\"versanumer\">5<\/span><\/a>Drottinn er \u00fe\u00e9r til h\u00e6gri handar, hann knosar konunga \u00e1 degi rei\u00f0i sinnar.<a name=\"6\"><span class=\"versanumer\">6<\/span><\/a>Hann heldur d\u00f3m me\u00f0al \u00fej\u00f3\u00f0anna, fyllir allt l\u00edkum, hann knosar h\u00f6fu\u00f0 um v\u00ed\u00f0an vang.<a name=\"7\"><span class=\"versanumer\">7<\/span><\/a>\u00c1 lei\u00f0inni drekkur hann \u00far l\u00e6knum, \u00feess vegna ber hann h\u00f6fu\u00f0i\u00f0 h\u00e1tt.<\/p>\n<div class=\"footnote1981\"><b>110.1<\/b> Sbr Matt 22.44; 26.64; Mrk 12.36; 14.62; 16.19; L\u00fak 20.42-43; 22.69; Post 2.34-35; R\u00f3m 8.34; 1Kor 15.25; Ef 1.20, K\u00f3l 3.1; Heb 1.3,13; 8.1; 10.12,13; 12.2 \u2013 Gu\u00f0 til h\u00e6gri handar Slm 16.11<br \/>\n<b>110.2<\/b> Fr\u00e1 S\u00edon Slm 14.7; 20.3; 128.5; Jes 2.3<br \/>\n<b>110.3<\/b> D\u00f6gg Jes 26.19<br \/>\n<b>110.4<\/b> Sbr J\u00f3h 12.34; Heb 5.6,10; 6.20, 7.3,17,21 \u2013 Drottinn hefir svari\u00f0 Slm 89.4; 132.11 \u2013 Mel\u00fak\u00edsedek 1M\u00f3s 14.18<br \/>\n<b>110.5<\/b> \u00c1 degi rei\u00f0i sinnar Slm 76.8; Jes 63.6; Nah 1.6<br \/>\n<b>110.6<\/b> Heldur d\u00f3m Slm 7.9<\/div>\n","protected":false},"excerpt":{"rendered":"<p>1Svo segir Drottinn vi\u00f0 herra minn: Sest \u00fe\u00fa m\u00e9r til h\u00e6gri handar, \u00fe\u00e1 mun \u00e9g leggja \u00f3vini \u00fe\u00edna sem f\u00f3tsk\u00f6r a\u00f0 f\u00f3tum \u00fe\u00e9r.2Drottinn r\u00e9ttir \u00fat \u00feinn volduga sprota fr\u00e1 S\u00edon, drottna \u00fe\u00fa mitt \u00e1 me\u00f0al \u00f3vina \u00feinna!3\u00dej\u00f3\u00f0 \u00fe\u00edn kemur sj\u00e1lfbo\u00f0a \u00e1 valdadegi \u00fe\u00ednum. \u00cd helgu skrauti fr\u00e1 skauti morgunro\u00f0ans kemur d\u00f6gg \u00e6skuli\u00f0s \u00fe\u00edns til \u00fe\u00edn.4Drottinn hefir svari\u00f0, og hann i\u00f0rar \u00feess eigi: \u00de\u00fa ert prestur a\u00f0 eil\u00edfu, a\u00f0 h\u00e6tti Melk\u00edsedeks.5Drottinn er \u00fe\u00e9r til h\u00e6gri handar, hann knosar konunga \u00e1 degi rei\u00f0i sinnar.6Hann heldur d\u00f3m me\u00f0al \u00fej\u00f3\u00f0anna, fyllir allt l\u00edkum, hann knosar h\u00f6fu\u00f0 um v\u00ed\u00f0an vang.7\u00c1 lei\u00f0inni drekkur hann \u00far l\u00e6knum, <a href=\"https:\/\/biblian.is\/1981\/salmarnir-110-kafli\/\"> [&#8230;]<\/a><\/p>\n","protected":false},"author":1,"featured_media":0,"parent":0,"menu_order":0,"comment_status":"open","ping_status":"open","template":"bibliukaflar.php","meta":{"footnotes":""},"class_list":["post-1935","page","type-page","status-publish","hentry"],"_links":{"self":[{"href":"https:\/\/biblian.is\/1981\/wp-json\/wp\/v2\/pages\/1935","targetHints":{"allow":["GET"]}}],"collection":[{"href":"https:\/\/biblian.is\/1981\/wp-json\/wp\/v2\/pages"}],"about":[{"href":"https:\/\/biblian.is\/1981\/wp-json\/wp\/v2\/types\/page"}],"author":[{"embeddable":true,"href":"https:\/\/biblian.is\/1981\/wp-json\/wp\/v2\/users\/1"}],"replies":[{"embeddable":true,"href":"https:\/\/biblian.is\/1981\/wp-json\/wp\/v2\/comments?post=1935"}],"version-history":[{"count":0,"href":"https:\/\/biblian.is\/1981\/wp-json\/wp\/v2\/pages\/1935\/revisions"}],"wp:attachment":[{"href":"https:\/\/biblian.is\/1981\/wp-json\/wp\/v2\/media?parent=1935"}],"curies":[{"name":"wp","href":"https:\/\/api.w.org\/{rel}","templated":true}]}}