{"id":1919,"date":"2017-11-18T20:19:15","date_gmt":"2017-11-18T20:19:15","guid":{"rendered":"http:\/\/biblian.is\/1981\/salmarnir-94-kafli\/"},"modified":"2021-06-06T11:10:07","modified_gmt":"2021-06-06T11:10:07","slug":"salmarnir-94-kafli","status":"publish","type":"page","link":"https:\/\/biblian.is\/1981\/salmarnir-94-kafli\/","title":{"rendered":"S\u00e1lmarnir 94. kafli"},"content":{"rendered":"<p><a name=\"1\"><span class=\"versanumer\">1<\/span><\/a>Drottinn, Gu\u00f0 hefndarinnar, Gu\u00f0 hefndarinnar, birst \u00fe\u00fa \u00ed geislad\u00fdr\u00f0!<a name=\"2\"><span class=\"versanumer\">2<\/span><\/a>R\u00eds \u00fe\u00fa upp, d\u00f3mari jar\u00f0ar, endurgjald ofstopam\u00f6nnunum \u00fea\u00f0 er \u00feeir hafa a\u00f0hafst!<a name=\"3\"><span class=\"versanumer\">3<\/span><\/a>Hversu lengi, Drottinn, eiga illir menn, hversu lengi, Drottinn, eiga illir menn a\u00f0 fagna?<a name=\"4\"><span class=\"versanumer\">4<\/span><\/a>\u00deeir ausa \u00far s\u00e9r drambyr\u00f0um, allir illvirkjarnir rembast.<a name=\"5\"><span class=\"versanumer\">5<\/span><\/a>\u00deeir kremja l\u00fd\u00f0 \u00feinn, Drottinn, \u00fej\u00e1 arfleif\u00f0 \u00fe\u00edna,<a name=\"6\"><span class=\"versanumer\">6<\/span><\/a>drepa ekkjur og a\u00f0komandi og myr\u00f0a f\u00f6\u00f0urlausa<a name=\"7\"><span class=\"versanumer\">7<\/span><\/a>og segja: Drottinn s\u00e9r \u00fea\u00f0 ekki, Jakobs Gu\u00f0 tekur eigi eftir \u00fev\u00ed.<a name=\"8\"><span class=\"versanumer\">8<\/span><\/a>Taki\u00f0 eftir, \u00fe\u00e9r hinir f\u00edflsku me\u00f0al l\u00fd\u00f0sins, og \u00fe\u00e9r f\u00e1r\u00e1\u00f0lingar, hven\u00e6r \u00e6tli\u00f0 \u00fe\u00e9r a\u00f0 ver\u00f0a hyggnir?<a name=\"9\"><span class=\"versanumer\">9<\/span><\/a>Mun s\u00e1 eigi heyra, sem eyra\u00f0 hefir planta\u00f0, mun s\u00e1 eigi sj\u00e1, sem auga\u00f0 hefir til b\u00fai\u00f0?<a name=\"10\"><span class=\"versanumer\">10<\/span><\/a>Skyldi s\u00e1 er agar \u00fej\u00f3\u00f0irnar eigi hegna, hann sem kennir m\u00f6nnunum \u00feekkingu?<a name=\"11\"><span class=\"versanumer\">11<\/span><\/a>Drottinn \u00feekkir hugsanir mannsins, a\u00f0 \u00fe\u00e6r eru einber h\u00e9g\u00f3mi.<a name=\"12\"><span class=\"versanumer\">12<\/span><\/a>S\u00e6ll er s\u00e1 ma\u00f0ur, er \u00fe\u00fa agar, Drottinn, og fr\u00e6\u00f0ir \u00ed l\u00f6gm\u00e1li \u00fe\u00ednu,<a name=\"13\"><span class=\"versanumer\">13<\/span><\/a>til \u00feess a\u00f0 hl\u00edfa honum vi\u00f0 m\u00f3tl\u00e6tisd\u00f6gunum, uns gr\u00f6f er grafin fyrir \u00f3gu\u00f0lega.<a name=\"14\"><span class=\"versanumer\">14<\/span><\/a>\u00dev\u00ed a\u00f0 Drottinn hrindir eigi burt l\u00fd\u00f0 s\u00ednum og yfirgefur eigi arfleif\u00f0 s\u00edna,<a name=\"15\"><span class=\"versanumer\">15<\/span><\/a>heldur mun r\u00e9tturinn hverfa aftur til hins r\u00e9ttl\u00e1ta, og honum munu allir hjartahreinir fylgja.<a name=\"16\"><span class=\"versanumer\">16<\/span><\/a>Hver r\u00eds upp m\u00e9r til hj\u00e1lpar gegn illvirkjunum, hver gengur fram fyrir mig gegn illgj\u00f6r\u00f0am\u00f6nnunum?<a name=\"17\"><span class=\"versanumer\">17<\/span><\/a>Ef Drottinn veitti m\u00e9r eigi fulltingi, \u00fe\u00e1 mundi s\u00e1l m\u00edn br\u00e1tt hv\u00edla \u00ed dau\u00f0a\u00fe\u00f6gn.<a name=\"18\"><span class=\"versanumer\">18<\/span><\/a>\u00deegar \u00e9g hugsa\u00f0i: M\u00e9r skri\u00f0nar f\u00f3tur, \u00fe\u00e1 studdi mig miskunn \u00fe\u00edn, Drottinn.<a name=\"19\"><span class=\"versanumer\">19<\/span><\/a>\u00deegar miklar \u00e1hyggjur l\u00f6g\u00f0ust \u00e1 hjarta mitt, hressti huggun \u00fe\u00edn s\u00e1lu m\u00edna.<a name=\"20\"><span class=\"versanumer\">20<\/span><\/a>Mun d\u00f3mst\u00f3ll spillingarinnar vera \u00ed bandalagi vi\u00f0 \u00feig, hann sem b\u00fdr \u00f6\u00f0rum tj\u00f3n undir yfirskini r\u00e9ttarins?<a name=\"21\"><span class=\"versanumer\">21<\/span><\/a>\u00deeir r\u00e1\u00f0ast \u00e1 l\u00edf hins r\u00e9ttl\u00e1ta og sakfella saklaust bl\u00f3\u00f0.<a name=\"22\"><span class=\"versanumer\">22<\/span><\/a>En Drottinn er m\u00e9r h\u00e1borg og Gu\u00f0 minn klettur m\u00e9r til h\u00e6lis.<a name=\"23\"><span class=\"versanumer\">23<\/span><\/a>Hann geldur \u00feeim misgj\u00f6r\u00f0 \u00feeirra og afm\u00e1ir \u00fe\u00e1 \u00ed illsku \u00feeirra, Drottinn, Gu\u00f0 vor, afm\u00e1ir \u00fe\u00e1.<\/p>\n<div class=\"footnote1981\"><b>94.1<\/b> Gu\u00f0 hefndarinnar 5M\u00f3s 32.35; Jes 35.4; Nah 1.2; R\u00f3m 12.19; 1\u00deess 4.6<br \/>\n<b>94.2<\/b> R\u00eds \u00fe\u00fa upp Slm 3.8+ &#8211; d\u00f3mari jar\u00f0ar 1M\u00f3s 18.25; sbr Slm 9.20; 50.6; 75.8; 76.9<br \/>\n<b>94.3<\/b> Hveru lengi? Slm 6.4+<br \/>\n<b>94.4<\/b> St\u00f3ryr\u00f0i illra manna Slm 73.3-12<br \/>\n<b>94.6<\/b> Ekkjur, a\u00f0komandi, muna\u00f0arlausir 2M\u00f3s 22.21-22; 5M\u00f3s 24.17,19-21<br \/>\n<b>94.7<\/b> ,,Drottinn s\u00e9r \u00fea\u00f0 ekki\u201d Slm 10.11; 73.11<br \/>\n<b>94.9<\/b> Mun s\u00e1 eigi heyra 2M\u00f3s 4.11; Okv 20.12<br \/>\n<b>94.11<\/b> Drottinn \u00feekkir 1Kor 3.20 \u2013 vindgustur Pr\u00e9d.1.2<br \/>\n<b>94.12<\/b> Drottinn agar Slm 119.71; Job 5.17<br \/>\n<b>94.16<\/b> Hver hj\u00e1lpar? Slm 43.1<br \/>\n<b>94.17<\/b> Hef\u00f0i Drottinn &#8230; Slm 124.1-5<br \/>\n<b>94.21<\/b> Sakfella saklausa Okv 17.15<br \/>\n<b>94.22<\/b> H\u00e1borg Slm 18.3+ &#8211; klettur Slm 28.1+<br \/>\n<b>94.23<\/b> \u00cd illsku \u00feeirra Slm 7.17+<\/div>\n","protected":false},"excerpt":{"rendered":"<p>1Drottinn, Gu\u00f0 hefndarinnar, Gu\u00f0 hefndarinnar, birst \u00fe\u00fa \u00ed geislad\u00fdr\u00f0!2R\u00eds \u00fe\u00fa upp, d\u00f3mari jar\u00f0ar, endurgjald ofstopam\u00f6nnunum \u00fea\u00f0 er \u00feeir hafa a\u00f0hafst!3Hversu lengi, Drottinn, eiga illir menn, hversu lengi, Drottinn, eiga illir menn a\u00f0 fagna?4\u00deeir ausa \u00far s\u00e9r drambyr\u00f0um, allir illvirkjarnir rembast.5\u00deeir kremja l\u00fd\u00f0 \u00feinn, Drottinn, \u00fej\u00e1 arfleif\u00f0 \u00fe\u00edna,6drepa ekkjur og a\u00f0komandi og myr\u00f0a f\u00f6\u00f0urlausa7og segja: Drottinn s\u00e9r \u00fea\u00f0 ekki, Jakobs Gu\u00f0 tekur eigi eftir \u00fev\u00ed.8Taki\u00f0 eftir, \u00fe\u00e9r hinir f\u00edflsku me\u00f0al l\u00fd\u00f0sins, og \u00fe\u00e9r f\u00e1r\u00e1\u00f0lingar, hven\u00e6r \u00e6tli\u00f0 \u00fe\u00e9r a\u00f0 ver\u00f0a hyggnir?9Mun s\u00e1 eigi heyra, sem eyra\u00f0 hefir planta\u00f0, mun s\u00e1 eigi sj\u00e1, sem auga\u00f0 hefir til b\u00fai\u00f0?10Skyldi s\u00e1 er agar \u00fej\u00f3\u00f0irnar eigi <a href=\"https:\/\/biblian.is\/1981\/salmarnir-94-kafli\/\"> [&#8230;]<\/a><\/p>\n","protected":false},"author":1,"featured_media":0,"parent":0,"menu_order":0,"comment_status":"open","ping_status":"open","template":"bibliukaflar.php","meta":{"footnotes":""},"class_list":["post-1919","page","type-page","status-publish","hentry"],"_links":{"self":[{"href":"https:\/\/biblian.is\/1981\/wp-json\/wp\/v2\/pages\/1919","targetHints":{"allow":["GET"]}}],"collection":[{"href":"https:\/\/biblian.is\/1981\/wp-json\/wp\/v2\/pages"}],"about":[{"href":"https:\/\/biblian.is\/1981\/wp-json\/wp\/v2\/types\/page"}],"author":[{"embeddable":true,"href":"https:\/\/biblian.is\/1981\/wp-json\/wp\/v2\/users\/1"}],"replies":[{"embeddable":true,"href":"https:\/\/biblian.is\/1981\/wp-json\/wp\/v2\/comments?post=1919"}],"version-history":[{"count":0,"href":"https:\/\/biblian.is\/1981\/wp-json\/wp\/v2\/pages\/1919\/revisions"}],"wp:attachment":[{"href":"https:\/\/biblian.is\/1981\/wp-json\/wp\/v2\/media?parent=1919"}],"curies":[{"name":"wp","href":"https:\/\/api.w.org\/{rel}","templated":true}]}}