{"id":1907,"date":"2017-11-18T20:19:10","date_gmt":"2017-11-18T20:19:10","guid":{"rendered":"http:\/\/biblian.is\/1981\/salmarnir-82-kafli\/"},"modified":"2021-06-06T11:10:03","modified_gmt":"2021-06-06T11:10:03","slug":"salmarnir-82-kafli","status":"publish","type":"page","link":"https:\/\/biblian.is\/1981\/salmarnir-82-kafli\/","title":{"rendered":"S\u00e1lmarnir 82. kafli"},"content":{"rendered":"<p><a name=\"1\"><span class=\"versanumer\">1<\/span><\/a>Asafs-s\u00e1lmur. Gu\u00f0 stendur \u00e1 gu\u00f0a\u00feingi, heldur d\u00f3m mitt \u00e1 me\u00f0al gu\u00f0anna:<a name=\"2\"><span class=\"versanumer\">2<\/span><\/a>Hversu lengi \u00e6tli\u00f0 \u00fe\u00e9r a\u00f0 d\u00e6ma me\u00f0 rangsleitni og draga taum hinna \u00f3gu\u00f0legu?  Sela<a name=\"3\"><span class=\"versanumer\">3<\/span><\/a>Reki\u00f0 r\u00e9ttar b\u00e1gstaddra og f\u00f6\u00f0urlausra, l\u00e1ti\u00f0 hinn \u00fej\u00e1\u00f0a og f\u00e1t\u00e6ka n\u00e1 r\u00e9tti s\u00ednum,<a name=\"4\"><span class=\"versanumer\">4<\/span><\/a>bjargi\u00f0 b\u00e1gst\u00f6ddum og snau\u00f0um, frelsi\u00f0 \u00fe\u00e1 af hendi \u00f3gu\u00f0legra.<a name=\"5\"><span class=\"versanumer\">5<\/span><\/a>\u00deeir hafa eigi skyn n\u00e9 skilning, \u00feeir r\u00e1fa \u00ed myrkri, allar undirst\u00f6\u00f0ur jar\u00f0arinnar ri\u00f0a.<a name=\"6\"><span class=\"versanumer\">6<\/span><\/a>\u00c9g hefi sagt: \u00de\u00e9r eru\u00f0 gu\u00f0ir og allir saman synir Hins h\u00e6sta,<a name=\"7\"><span class=\"versanumer\">7<\/span><\/a>en sannlega skulu\u00f0 \u00fe\u00e9r deyja sem menn, falla sem einn af h\u00f6f\u00f0ingjunum.<a name=\"8\"><span class=\"versanumer\">8<\/span><\/a>R\u00eds upp, \u00f3 Gu\u00f0, d\u00e6m \u00fe\u00fa j\u00f6r\u00f0ina, \u00fev\u00ed a\u00f0 \u00fe\u00fa ert erf\u00f0ah\u00f6f\u00f0ingi yfir \u00f6llum \u00fej\u00f3\u00f0um.<\/p>\n<div class=\"footnote1981\"><b>82.1<\/b> Asaf Slm 50.1+  &#8211; \u00e1 gu\u00f0a\u00feingi Slm 89.6 \u2013 gu\u00f0ir sbr 2M\u00f3s 4.16<br \/>\n<b>82.2<\/b> Ranglega Jer 5.28; Esk 22.27; M\u00edk 3.1-4; sbr Sak 9.9<br \/>\n<b>82.3<\/b> B\u00e1gstaddir og f\u00f6\u00f0urlausir 2M\u00f3s 23.6; Jes 1.17; Job 29.12<br \/>\n<b>82.6<\/b> \u00de\u00e9r eru\u00f0 gu\u00f0ir J\u00f3h 10.34; sbr Slm 58.2<br \/>\n<b>82.8<\/b> Allar \u00fej\u00f3\u00f0ir eign \u00fe\u00edn sbr 5M\u00f3s 32.8<\/div>\n","protected":false},"excerpt":{"rendered":"<p>1Asafs-s\u00e1lmur. Gu\u00f0 stendur \u00e1 gu\u00f0a\u00feingi, heldur d\u00f3m mitt \u00e1 me\u00f0al gu\u00f0anna:2Hversu lengi \u00e6tli\u00f0 \u00fe\u00e9r a\u00f0 d\u00e6ma me\u00f0 rangsleitni og draga taum hinna \u00f3gu\u00f0legu? Sela3Reki\u00f0 r\u00e9ttar b\u00e1gstaddra og f\u00f6\u00f0urlausra, l\u00e1ti\u00f0 hinn \u00fej\u00e1\u00f0a og f\u00e1t\u00e6ka n\u00e1 r\u00e9tti s\u00ednum,4bjargi\u00f0 b\u00e1gst\u00f6ddum og snau\u00f0um, frelsi\u00f0 \u00fe\u00e1 af hendi \u00f3gu\u00f0legra.5\u00deeir hafa eigi skyn n\u00e9 skilning, \u00feeir r\u00e1fa \u00ed myrkri, allar undirst\u00f6\u00f0ur jar\u00f0arinnar ri\u00f0a.6\u00c9g hefi sagt: \u00de\u00e9r eru\u00f0 gu\u00f0ir og allir saman synir Hins h\u00e6sta,7en sannlega skulu\u00f0 \u00fe\u00e9r deyja sem menn, falla sem einn af h\u00f6f\u00f0ingjunum.8R\u00eds upp, \u00f3 Gu\u00f0, d\u00e6m \u00fe\u00fa j\u00f6r\u00f0ina, \u00fev\u00ed a\u00f0 \u00fe\u00fa ert erf\u00f0ah\u00f6f\u00f0ingi yfir \u00f6llum \u00fej\u00f3\u00f0um. 82.1 Asaf Slm 50.1+ &#8211; \u00e1 gu\u00f0a\u00feingi <a href=\"https:\/\/biblian.is\/1981\/salmarnir-82-kafli\/\"> [&#8230;]<\/a><\/p>\n","protected":false},"author":1,"featured_media":0,"parent":0,"menu_order":0,"comment_status":"open","ping_status":"open","template":"bibliukaflar.php","meta":{"footnotes":""},"class_list":["post-1907","page","type-page","status-publish","hentry"],"_links":{"self":[{"href":"https:\/\/biblian.is\/1981\/wp-json\/wp\/v2\/pages\/1907","targetHints":{"allow":["GET"]}}],"collection":[{"href":"https:\/\/biblian.is\/1981\/wp-json\/wp\/v2\/pages"}],"about":[{"href":"https:\/\/biblian.is\/1981\/wp-json\/wp\/v2\/types\/page"}],"author":[{"embeddable":true,"href":"https:\/\/biblian.is\/1981\/wp-json\/wp\/v2\/users\/1"}],"replies":[{"embeddable":true,"href":"https:\/\/biblian.is\/1981\/wp-json\/wp\/v2\/comments?post=1907"}],"version-history":[{"count":0,"href":"https:\/\/biblian.is\/1981\/wp-json\/wp\/v2\/pages\/1907\/revisions"}],"wp:attachment":[{"href":"https:\/\/biblian.is\/1981\/wp-json\/wp\/v2\/media?parent=1907"}],"curies":[{"name":"wp","href":"https:\/\/api.w.org\/{rel}","templated":true}]}}