{"id":1904,"date":"2017-11-18T20:19:10","date_gmt":"2017-11-18T20:19:10","guid":{"rendered":"http:\/\/biblian.is\/1981\/salmarnir-79-kafli\/"},"modified":"2021-06-06T11:10:02","modified_gmt":"2021-06-06T11:10:02","slug":"salmarnir-79-kafli","status":"publish","type":"page","link":"https:\/\/biblian.is\/1981\/salmarnir-79-kafli\/","title":{"rendered":"S\u00e1lmarnir 79. kafli"},"content":{"rendered":"<p><a name=\"1\"><span class=\"versanumer\">1<\/span><\/a>Asafs-s\u00e1lmur. Gu\u00f0, hei\u00f0ingjar hafa brotist inn \u00ed \u00f3\u00f0al \u00feitt, \u00feeir hafa saurga\u00f0 \u00feitt heilaga musteri og lagt Jer\u00fasalem \u00ed r\u00fastir.<a name=\"2\"><span class=\"versanumer\">2<\/span><\/a>\u00deeir hafa gefi\u00f0 l\u00edk \u00fej\u00f3na \u00feinna fuglum himins a\u00f0 f\u00e6\u00f0u og villid\u00fdrunum hold d\u00fdrkenda \u00feinna.<a name=\"3\"><span class=\"versanumer\">3<\/span><\/a>\u00deeir hafa \u00fathellt bl\u00f3\u00f0i \u00feeirra sem vatni umhverfis Jer\u00fasalem, og enginn jar\u00f0a\u00f0i \u00fe\u00e1.<a name=\"4\"><span class=\"versanumer\">4<\/span><\/a>V\u00e9r erum til h\u00e1\u00f0ungar n\u00e1b\u00faum vorum, til spotts og athl\u00e6gis \u00feeim er b\u00faa umhverfis oss.<a name=\"5\"><span class=\"versanumer\">5<\/span><\/a>Hversu lengi, Drottinn, \u00e6tlar \u00fe\u00fa a\u00f0 vera rei\u00f0ur, \u00e1 vandl\u00e6ti \u00feitt a\u00f0 brenna sem eldur \u00e1n afl\u00e1ts?<a name=\"6\"><span class=\"versanumer\">6<\/span><\/a>Hell \u00fe\u00fa rei\u00f0i \u00feinni yfir hei\u00f0ingjana, sem eigi \u00feekkja \u00feig, og yfir konungsr\u00edki, er eigi \u00e1kalla nafn \u00feitt.<a name=\"7\"><span class=\"versanumer\">7<\/span><\/a>\u00dev\u00ed a\u00f0 \u00feeir hafa uppeti\u00f0 Jakob og lagt b\u00fasta\u00f0 hans \u00ed ey\u00f0i.<a name=\"8\"><span class=\"versanumer\">8<\/span><\/a>L\u00e1t oss eigi gjalda misgj\u00f6r\u00f0a forfe\u00f0ra vorra, l\u00e1t miskunn \u00fe\u00edna flj\u00f3tt koma \u00ed m\u00f3ti oss, \u00fev\u00ed a\u00f0 v\u00e9r erum mj\u00f6g \u00fejaka\u00f0ir.<a name=\"9\"><span class=\"versanumer\">9<\/span><\/a>Hj\u00e1lpa \u00fe\u00fa oss, Gu\u00f0 hj\u00e1lpr\u00e6\u00f0is vors, sakir d\u00fdr\u00f0ar nafns \u00fe\u00edns, frelsa oss og fyrirgef syndir vorar sakir nafns \u00fe\u00edns.<a name=\"10\"><span class=\"versanumer\">10<\/span><\/a>Hv\u00ed eiga hei\u00f0ingjarnir a\u00f0 segja: Hvar er Gu\u00f0 \u00feeirra? L\u00e1t fyrir augum vorum kunna ver\u00f0a \u00e1 hei\u00f0ingjunum hefndina fyrir \u00fathellt bl\u00f3\u00f0 \u00fej\u00f3na \u00feinna.<a name=\"11\"><span class=\"versanumer\">11<\/span><\/a>L\u00e1t andv\u00f6rp bandingjanna koma fram fyrir \u00feig, leys \u00fe\u00e1 sem komnir eru \u00ed dau\u00f0ann, me\u00f0 \u00fe\u00ednum sterka armlegg,<a name=\"12\"><span class=\"versanumer\">12<\/span><\/a>og gjald n\u00e1gr\u00f6nnum vorum sj\u00f6falt h\u00e1\u00f0ungina er \u00feeir hafa s\u00fdnt \u00fe\u00e9r, Drottinn.<a name=\"13\"><span class=\"versanumer\">13<\/span><\/a>En v\u00e9r, l\u00fd\u00f0ur \u00feinn og g\u00e6sluhj\u00f6r\u00f0 \u00fe\u00edn, munum lofa \u00feig um eil\u00edf\u00f0, kunngj\u00f6ra lofst\u00edr \u00feinn fr\u00e1 kyni til kyns.<\/p>\n<div class=\"footnote1981\"><b>79.1<\/b> Asaf Slm 50.1+ &#8211; erf\u00f0aland Gu\u00f0s 2Kon 25.9; Hlj 1.10; Slm 74.3-9<br \/>\n<b>79.2<\/b> L\u00edkin ekki grafin 1Makk 7.17; sbr Jer 19.7<br \/>\n<b>79.3<\/b> Bl\u00f3\u00f0 eins og vatn Opb 16.6<br \/>\n<b>79.4<\/b> Sm\u00e1na\u00f0ir Slm 44.14<br \/>\n<b>79.5<\/b> Hversu lengi rei\u00f0ur? Slm 85.6; 89.47<br \/>\n<b>79.6<\/b> Rei\u00f0i \u00feinni Jer 10.25 \u2013 \u00feekkja ekki 1\u00deess 4.5<br \/>\n<b>79.8<\/b> Misgj\u00f6r\u00f0ir forfe\u00f0ranna Slm 25.7 \u2013 flj\u00f3tt Slm 31.3+ &#8211; \u00f6rmagna Slm 142.7<br \/>\n<b>79.9<\/b> Gu\u00f0 frelsari vor Jes 43.3+ &#8211; fyrirgef syndir vorar Slm 51.3,11; Jes 43.25; 44.22; Post 3.19<br \/>\n<b>79.10<\/b> Hei\u00f0ingjar segja Slm 115.2; Jl 2.17 \u2013 hver er Gu\u00f0 \u00feeirra? Slm 42.4; M\u00edk 7.10; Mal 2.17 \u2013 hefnd 4M\u00f3s 35.19<br \/>\n<b>79.11<\/b> Andv\u00f6rp bandingjanna Slm 102.21<br \/>\n<b>79.12<\/b> H\u00e1\u00f0ungin Slm 89.51<br \/>\n<b>79.13<\/b> G\u00e6sluhj\u00f6r\u00f0 \u00fe\u00edn Slm 77.21+<\/div>\n","protected":false},"excerpt":{"rendered":"<p>1Asafs-s\u00e1lmur. Gu\u00f0, hei\u00f0ingjar hafa brotist inn \u00ed \u00f3\u00f0al \u00feitt, \u00feeir hafa saurga\u00f0 \u00feitt heilaga musteri og lagt Jer\u00fasalem \u00ed r\u00fastir.2\u00deeir hafa gefi\u00f0 l\u00edk \u00fej\u00f3na \u00feinna fuglum himins a\u00f0 f\u00e6\u00f0u og villid\u00fdrunum hold d\u00fdrkenda \u00feinna.3\u00deeir hafa \u00fathellt bl\u00f3\u00f0i \u00feeirra sem vatni umhverfis Jer\u00fasalem, og enginn jar\u00f0a\u00f0i \u00fe\u00e1.4V\u00e9r erum til h\u00e1\u00f0ungar n\u00e1b\u00faum vorum, til spotts og athl\u00e6gis \u00feeim er b\u00faa umhverfis oss.5Hversu lengi, Drottinn, \u00e6tlar \u00fe\u00fa a\u00f0 vera rei\u00f0ur, \u00e1 vandl\u00e6ti \u00feitt a\u00f0 brenna sem eldur \u00e1n afl\u00e1ts?6Hell \u00fe\u00fa rei\u00f0i \u00feinni yfir hei\u00f0ingjana, sem eigi \u00feekkja \u00feig, og yfir konungsr\u00edki, er eigi \u00e1kalla nafn \u00feitt.7\u00dev\u00ed a\u00f0 \u00feeir hafa uppeti\u00f0 Jakob og lagt <a href=\"https:\/\/biblian.is\/1981\/salmarnir-79-kafli\/\"> [&#8230;]<\/a><\/p>\n","protected":false},"author":1,"featured_media":0,"parent":0,"menu_order":0,"comment_status":"open","ping_status":"open","template":"bibliukaflar.php","meta":{"footnotes":""},"class_list":["post-1904","page","type-page","status-publish","hentry"],"_links":{"self":[{"href":"https:\/\/biblian.is\/1981\/wp-json\/wp\/v2\/pages\/1904","targetHints":{"allow":["GET"]}}],"collection":[{"href":"https:\/\/biblian.is\/1981\/wp-json\/wp\/v2\/pages"}],"about":[{"href":"https:\/\/biblian.is\/1981\/wp-json\/wp\/v2\/types\/page"}],"author":[{"embeddable":true,"href":"https:\/\/biblian.is\/1981\/wp-json\/wp\/v2\/users\/1"}],"replies":[{"embeddable":true,"href":"https:\/\/biblian.is\/1981\/wp-json\/wp\/v2\/comments?post=1904"}],"version-history":[{"count":0,"href":"https:\/\/biblian.is\/1981\/wp-json\/wp\/v2\/pages\/1904\/revisions"}],"wp:attachment":[{"href":"https:\/\/biblian.is\/1981\/wp-json\/wp\/v2\/media?parent=1904"}],"curies":[{"name":"wp","href":"https:\/\/api.w.org\/{rel}","templated":true}]}}