{"id":1903,"date":"2017-11-18T20:19:10","date_gmt":"2017-11-18T20:19:10","guid":{"rendered":"http:\/\/biblian.is\/1981\/salmarnir-78-kafli\/"},"modified":"2021-06-06T11:10:01","modified_gmt":"2021-06-06T11:10:01","slug":"salmarnir-78-kafli","status":"publish","type":"page","link":"https:\/\/biblian.is\/1981\/salmarnir-78-kafli\/","title":{"rendered":"S\u00e1lmarnir 78. kafli"},"content":{"rendered":"<p><a name=\"1\"><span class=\"versanumer\">1<\/span><\/a>Asafs-mask\u00edl. Hl\u00fd\u00f0 \u00fe\u00fa, l\u00fd\u00f0ur minn, \u00e1 kenning m\u00edna, hneigi\u00f0 eyrun a\u00f0 or\u00f0um munns m\u00edns.<a name=\"2\"><span class=\"versanumer\">2<\/span><\/a>\u00c9g vil opna munn minn me\u00f0 or\u00f0skvi\u00f0i, m\u00e6la fram g\u00e1tur fr\u00e1 fornum t\u00ed\u00f0um.<a name=\"3\"><span class=\"versanumer\">3<\/span><\/a>\u00dea\u00f0 sem v\u00e9r h\u00f6fum heyrt og skili\u00f0 og fe\u00f0ur vorir s\u00f6g\u00f0u oss,<a name=\"4\"><span class=\"versanumer\">4<\/span><\/a>\u00fea\u00f0 viljum v\u00e9r eigi dylja fyrir ni\u00f0jum \u00feeirra, er v\u00e9r segjum seinni kynsl\u00f3\u00f0 fr\u00e1 lofst\u00edr Drottins og m\u00e6tti hans og d\u00e1semdarverkum og \u00feeim undrum er hann gj\u00f6r\u00f0i.<a name=\"5\"><span class=\"versanumer\">5<\/span><\/a>Hann setti reglu \u00ed Jakob og skipa\u00f0i l\u00f6gm\u00e1l \u00ed \u00cdsrael, sem hann bau\u00f0 fe\u00f0rum vorum a\u00f0 kunngj\u00f6ra sonum \u00feeirra,<a name=\"6\"><span class=\"versanumer\">6<\/span><\/a>til \u00feess a\u00f0 seinni kynsl\u00f3\u00f0 m\u00e6tti skilja \u00fea\u00f0 og synir \u00feeir er f\u00e6\u00f0ast mundu, m\u00e6ttu ganga fram og segja sonum s\u00ednum fr\u00e1 \u00fev\u00ed,<a name=\"7\"><span class=\"versanumer\">7<\/span><\/a>og setja traust sitt \u00e1 Gu\u00f0 og eigi gleyma st\u00f3rvirkjum Gu\u00f0s, heldur var\u00f0veita bo\u00f0or\u00f0 hans,<a name=\"8\"><span class=\"versanumer\">8<\/span><\/a>og eigi ver\u00f0a sem fe\u00f0ur \u00feeirra, \u00ferj\u00f3sk og \u00f3d\u00e6l kynsl\u00f3\u00f0, kynsl\u00f3\u00f0 me\u00f0 \u00f3st\u00f6\u00f0ugu hjarta og anda sem var Gu\u00f0i \u00f3tr\u00far.<a name=\"9\"><span class=\"versanumer\">9<\/span><\/a>Ni\u00f0jar Efra\u00edms, herb\u00fanir bogmenn, sneru vi\u00f0 \u00e1 orustudeginum.<a name=\"10\"><span class=\"versanumer\">10<\/span><\/a>\u00deeir h\u00e9ldu eigi s\u00e1ttm\u00e1la Gu\u00f0s og f\u00e6r\u00f0ust undan a\u00f0 fylgja l\u00f6gm\u00e1li hans.<a name=\"11\"><span class=\"versanumer\">11<\/span><\/a>\u00deeir gleymdu st\u00f3rvirkjum hans og d\u00e1semdum hans, er hann haf\u00f0i l\u00e1ti\u00f0 \u00fe\u00e1 horfa \u00e1.<a name=\"12\"><span class=\"versanumer\">12<\/span><\/a>\u00cd augs\u00fdn fe\u00f0ra \u00feeirra haf\u00f0i hann frami\u00f0 fur\u00f0uverk \u00ed Egyptalandi og S\u00f3anh\u00e9ra\u00f0i.<a name=\"13\"><span class=\"versanumer\">13<\/span><\/a>Hann klauf hafi\u00f0 og l\u00e9t \u00fe\u00e1 fara yfir og l\u00e9t vatni\u00f0 standa sem vegg.<a name=\"14\"><span class=\"versanumer\">14<\/span><\/a>Hann leiddi \u00fe\u00e1 me\u00f0 sk\u00fdinu um daga og alla n\u00f3ttina me\u00f0 eldskini.<a name=\"15\"><span class=\"versanumer\">15<\/span><\/a>Hann klauf bj\u00f6rg \u00ed ey\u00f0im\u00f6rkinni og gaf \u00feeim gn\u00f3ttir a\u00f0 drekka eins og \u00far st\u00f3rv\u00f6tnum,<a name=\"16\"><span class=\"versanumer\">16<\/span><\/a>hann l\u00e9t l\u00e6ki spretta upp \u00far klettinum og vatni\u00f0 streyma ni\u00f0ur sem flj\u00f3t.<a name=\"17\"><span class=\"versanumer\">17<\/span><\/a>\u00de\u00f3 h\u00e9ldu \u00feeir \u00e1fram a\u00f0 syndga \u00ed gegn honum, a\u00f0 r\u00edsa \u00ed gegn Hinum h\u00e6sta \u00ed ey\u00f0im\u00f6rkinni.<a name=\"18\"><span class=\"versanumer\">18<\/span><\/a>\u00deeir freistu\u00f0u Gu\u00f0s \u00ed hj\u00f6rtum s\u00ednum, er \u00feeir kr\u00f6f\u00f0ust matar \u00feess er \u00feeir girntust<a name=\"19\"><span class=\"versanumer\">19<\/span><\/a>og t\u00f6lu\u00f0u gegn Gu\u00f0i og s\u00f6g\u00f0u: Skyldi Gu\u00f0 geta b\u00fai\u00f0 bor\u00f0 \u00ed ey\u00f0im\u00f6rkinni?<a name=\"20\"><span class=\"versanumer\">20<\/span><\/a>V\u00edst sl\u00f3 hann \u00e1 klettinn, svo a\u00f0 vatni\u00f0 vall upp og l\u00e6kir streymdu, en skyldi hann l\u00edka geta gefi\u00f0 brau\u00f0 e\u00f0a veitt l\u00fd\u00f0 s\u00ednum kj\u00f6t?<a name=\"21\"><span class=\"versanumer\">21<\/span><\/a>Fyrir \u00fev\u00ed reiddist Drottinn, er hann heyr\u00f0i \u00feetta, eldur b\u00e1la\u00f0i upp gegn Jakob og rei\u00f0i steig upp gegn \u00cdsrael,<a name=\"22\"><span class=\"versanumer\">22<\/span><\/a>af \u00fev\u00ed a\u00f0 \u00feeir tr\u00fa\u00f0u eigi \u00e1 Gu\u00f0 n\u00e9 treystu hj\u00e1lp hans.<a name=\"23\"><span class=\"versanumer\">23<\/span><\/a>Og hann bau\u00f0 sk\u00fdjunum a\u00f0 ofan og opna\u00f0i hur\u00f0ir himinsins,<a name=\"24\"><span class=\"versanumer\">24<\/span><\/a>&#8222;l\u00e9t manna rigna yfir \u00fe\u00e1 til matar og gaf \u00feeim himnakorn;&#8220;<a name=\"25\"><span class=\"versanumer\">25<\/span><\/a>englabrau\u00f0 fengu menn a\u00f0 eta, f\u00e6\u00f0i sendi hann \u00feeim til sa\u00f0ningar.<a name=\"26\"><span class=\"versanumer\">26<\/span><\/a>Hann l\u00e9t austanvindinn taka sig upp \u00ed himninum og leiddi sunnanvindinn a\u00f0 me\u00f0 m\u00e6tti s\u00ednum.<a name=\"27\"><span class=\"versanumer\">27<\/span><\/a>Hann l\u00e9t kj\u00f6ti rigna yfir \u00fe\u00e1 sem dufti og v\u00e6ngju\u00f0um fuglum sem sj\u00e1varsandi,<a name=\"28\"><span class=\"versanumer\">28<\/span><\/a>og hann l\u00e9t \u00fe\u00e1 falla ni\u00f0ur \u00ed b\u00fa\u00f0ir s\u00ednar, umhverfis b\u00fasta\u00f0 sinn.<a name=\"29\"><span class=\"versanumer\">29<\/span><\/a>\u00c1tu \u00feeir og ur\u00f0u vel saddir, og gr\u00e6\u00f0gi \u00feeirra sefa\u00f0i hann.<a name=\"30\"><span class=\"versanumer\">30<\/span><\/a>En me\u00f0an \u00feeir voru eigi horfnir fr\u00e1 gr\u00e6\u00f0gi sinni, me\u00f0an f\u00e6\u00f0an enn var \u00ed munni \u00feeirra,<a name=\"31\"><span class=\"versanumer\">31<\/span><\/a>\u00fe\u00e1 steig rei\u00f0i Gu\u00f0s upp \u00ed gegn \u00feeim. Hann deyddi hina gildustu me\u00f0al \u00feeirra og lag\u00f0i a\u00f0 velli \u00e6skumenn \u00cdsraels.<a name=\"32\"><span class=\"versanumer\">32<\/span><\/a>\u00der\u00e1tt fyrir allt \u00feetta h\u00e9ldu \u00feeir \u00e1fram a\u00f0 syndga og tr\u00fa\u00f0u eigi \u00e1 d\u00e1semdarverk hans.<a name=\"33\"><span class=\"versanumer\">33<\/span><\/a>\u00de\u00e1 l\u00e9t hann daga \u00feeirra hverfa \u00ed h\u00e9g\u00f3ma og \u00e1r \u00feeirra enda \u00ed skelfingu.<a name=\"34\"><span class=\"versanumer\">34<\/span><\/a>\u00deegar hann deyddi \u00fe\u00e1, leitu\u00f0u \u00feeir hans, sneru s\u00e9r og spur\u00f0u eftir Gu\u00f0i<a name=\"35\"><span class=\"versanumer\">35<\/span><\/a>og minntust \u00feess, a\u00f0 Gu\u00f0 var klettur \u00feeirra og Gu\u00f0 hinn h\u00e6sti frelsari \u00feeirra.<a name=\"36\"><span class=\"versanumer\">36<\/span><\/a>\u00deeir beittu vi\u00f0 hann fagurgala me\u00f0 munni s\u00ednum og lugu a\u00f0 honum me\u00f0 tungum s\u00ednum.<a name=\"37\"><span class=\"versanumer\">37<\/span><\/a>En hjarta \u00feeirra var eigi st\u00f6\u00f0ugt gagnvart honum, og \u00feeir voru eigi tr\u00fair s\u00e1ttm\u00e1la hans.<a name=\"38\"><span class=\"versanumer\">38<\/span><\/a>En hann er miskunnsamur, hann fyrirgefur misgj\u00f6r\u00f0ir og tort\u00edmir eigi, hann stillir rei\u00f0i s\u00edna hva\u00f0 eftir anna\u00f0 og hleypir eigi fram allri br\u00e6\u00f0i sinni.<a name=\"39\"><span class=\"versanumer\">39<\/span><\/a>Hann minntist \u00feess, a\u00f0 \u00feeir voru hold, andgustur, sem l\u00ed\u00f0ur burt og sn\u00fdr eigi aftur.<a name=\"40\"><span class=\"versanumer\">40<\/span><\/a>Hversu oft \u00ferj\u00f3sku\u00f0ust \u00feeir vi\u00f0 hann \u00ed ey\u00f0im\u00f6rkinni, hrygg\u00f0u hann \u00e1 \u00f6r\u00e6funum.<a name=\"41\"><span class=\"versanumer\">41<\/span><\/a>Og aftur freistu\u00f0u \u00feeir Gu\u00f0s og m\u00f3\u00f0gu\u00f0u Hinn heilaga \u00ed \u00cdsrael.<a name=\"42\"><span class=\"versanumer\">42<\/span><\/a>\u00deeir minntust eigi handar hans, e\u00f0ur dags \u00feess, er hann frelsa\u00f0i \u00fe\u00e1 fr\u00e1 fjandm\u00f6nnum \u00feeirra,<a name=\"43\"><span class=\"versanumer\">43<\/span><\/a>hann sem gj\u00f6r\u00f0i t\u00e1kn s\u00edn \u00ed Egyptalandi og undur s\u00edn \u00ed S\u00f3anh\u00e9ra\u00f0i.<a name=\"44\"><span class=\"versanumer\">44<\/span><\/a>Hann breytti \u00e1m \u00feeirra \u00ed bl\u00f3\u00f0 og l\u00e6kjum \u00feeirra, svo a\u00f0 \u00feeir fengu eigi drukki\u00f0.<a name=\"45\"><span class=\"versanumer\">45<\/span><\/a>Hann sendi flugur me\u00f0al \u00feeirra, er bitu \u00fe\u00e1, og froska, er eyddu \u00feeim.<a name=\"46\"><span class=\"versanumer\">46<\/span><\/a>Hann gaf engisprettunum afur\u00f0ir \u00feeirra og jar\u00f0v\u00f6rgunum uppskeru \u00feeirra.<a name=\"47\"><span class=\"versanumer\">47<\/span><\/a>Hann eyddi v\u00ednvi\u00f0 \u00feeirra me\u00f0 haglhr\u00ed\u00f0 og m\u00f3rberjatr\u00e9 \u00feeirra me\u00f0 frosti.<a name=\"48\"><span class=\"versanumer\">48<\/span><\/a>Hann ofurseldi haglhr\u00ed\u00f0inni f\u00e9na\u00f0 \u00feeirra og eldingunni hjar\u00f0ir \u00feeirra.<a name=\"49\"><span class=\"versanumer\">49<\/span><\/a>Hann sendi heiftarrei\u00f0i s\u00edna \u00ed gegn \u00feeim, \u00e6\u00f0i, br\u00e6\u00f0i og nau\u00f0ir, sveitir af sendibo\u00f0um \u00f3g\u00e6funnar.<a name=\"50\"><span class=\"versanumer\">50<\/span><\/a>Hann ruddi braut rei\u00f0i sinni, \u00feyrmdi eigi s\u00e1lum \u00feeirra vi\u00f0 dau\u00f0anum og ofurseldi dreps\u00f3ttinni l\u00edf \u00feeirra.<a name=\"51\"><span class=\"versanumer\">51<\/span><\/a>Hann laust alla frumbur\u00f0i \u00ed Egyptalandi, frumgr\u00f3\u00f0a styrkleikans \u00ed tj\u00f6ldum Kams.<a name=\"52\"><span class=\"versanumer\">52<\/span><\/a>Hann l\u00e9t l\u00fd\u00f0 sinn leggja af sta\u00f0 sem sau\u00f0i og leiddi \u00fe\u00e1 eins og hj\u00f6r\u00f0 \u00ed ey\u00f0im\u00f6rkinni.<a name=\"53\"><span class=\"versanumer\">53<\/span><\/a>Hann leiddi \u00fe\u00e1 \u00f6ruggt, svo a\u00f0 \u00feeir \u00f3ttu\u00f0ust eigi, en \u00f3vini \u00feeirra huldi hafi\u00f0.<a name=\"54\"><span class=\"versanumer\">54<\/span><\/a>Hann f\u00f3r me\u00f0 \u00fe\u00e1 til s\u00edns helga h\u00e9ra\u00f0s, til fjalllendis \u00feess, er h\u00e6gri h\u00f6nd hans haf\u00f0i afla\u00f0.<a name=\"55\"><span class=\"versanumer\">55<\/span><\/a>Hann st\u00f6kkti \u00fej\u00f3\u00f0um undan \u00feeim, skipti \u00feeim ni\u00f0ur eins og erf\u00f0ahlut og l\u00e9t kynkv\u00edslir \u00cdsraels setjast a\u00f0 \u00ed tj\u00f6ldum \u00feeirra.<a name=\"56\"><span class=\"versanumer\">56<\/span><\/a>En \u00feeir freistu\u00f0u \u00ed \u00ferj\u00f3sku sinni Gu\u00f0s hins h\u00e6sta og g\u00e6ttu eigi vitnisbur\u00f0a hans.<a name=\"57\"><span class=\"versanumer\">57<\/span><\/a>\u00deeir viku af lei\u00f0, rufu tr\u00fana\u00f0 sinn, eins og fe\u00f0ur \u00feeirra, brug\u00f0ust eins og svikull bogi.<a name=\"58\"><span class=\"versanumer\">58<\/span><\/a>\u00deeir egndu hann til rei\u00f0i me\u00f0 f\u00f3rnarh\u00e6\u00f0um s\u00ednum, v\u00f6ktu vandl\u00e6ti hans me\u00f0 skur\u00f0go\u00f0um s\u00ednum.<a name=\"59\"><span class=\"versanumer\">59<\/span><\/a>Gu\u00f0 heyr\u00f0i \u00fea\u00f0 og reiddist og f\u00e9kk mikla \u00f3beit \u00e1 \u00cdsrael.<a name=\"60\"><span class=\"versanumer\">60<\/span><\/a>Hann hafna\u00f0i b\u00fasta\u00f0num \u00ed S\u00edl\u00f3, tjaldi \u00fev\u00ed, er hann haf\u00f0i reist me\u00f0al mannanna,<a name=\"61\"><span class=\"versanumer\">61<\/span><\/a>hann ofurseldi hern\u00e1minu vegsemd s\u00edna og fjandmannshendi pr\u00fd\u00f0i s\u00edna.<a name=\"62\"><span class=\"versanumer\">62<\/span><\/a>Hann seldi l\u00fd\u00f0 sinn undir sver\u00f0seggjar og reiddist arfleif\u00f0 sinni.<a name=\"63\"><span class=\"versanumer\">63<\/span><\/a>\u00c6skum\u00f6nnum hans eyddi eldurinn og meyjar hans misstu br\u00fa\u00f0s\u00f6ngs s\u00edns.<a name=\"64\"><span class=\"versanumer\">64<\/span><\/a>Prestar hans f\u00e9llu fyrir sver\u00f0seggjum, og ekkjur hans fengu engan l\u00edks\u00f6ng flutt.<a name=\"65\"><span class=\"versanumer\">65<\/span><\/a>\u00de\u00e1 vakna\u00f0i Drottinn eins og af svefni, eins og hetja, sem hefir l\u00e1ti\u00f0 sigrast af v\u00edni.<a name=\"66\"><span class=\"versanumer\">66<\/span><\/a>Hann bar\u00f0i fjandmenn s\u00edna \u00e1 bakhlutina, l\u00e9t \u00fe\u00e1 s\u00e6ta eil\u00edfri h\u00e1\u00f0ung.<a name=\"67\"><span class=\"versanumer\">67<\/span><\/a>Samt hafna\u00f0i hann tjaldi J\u00f3sefs og \u00fatvaldi eigi kynkv\u00edsl Efra\u00edms,<a name=\"68\"><span class=\"versanumer\">68<\/span><\/a>heldur \u00fatvaldi hann J\u00fada kynkv\u00edsl, S\u00edonfjall, sem hann elskar.<a name=\"69\"><span class=\"versanumer\">69<\/span><\/a>Hann reisti helgid\u00f3m sinn sem himinh\u00e6\u00f0ir, grundvalla\u00f0i hann a\u00f0 eil\u00edfu eins og j\u00f6r\u00f0ina.<a name=\"70\"><span class=\"versanumer\">70<\/span><\/a>Hann \u00fatvaldi \u00fej\u00f3n sinn Dav\u00ed\u00f0 og t\u00f3k hann fr\u00e1 fj\u00e1rbyrgjunum.<a name=\"71\"><span class=\"versanumer\">71<\/span><\/a>Hann s\u00f3tti hann fr\u00e1 lamb\u00e1num til \u00feess a\u00f0 vera hir\u00f0ir fyrir Jakob, l\u00fd\u00f0 sinn, og fyrir \u00cdsrael, arfleif\u00f0 s\u00edna.<a name=\"72\"><span class=\"versanumer\">72<\/span><\/a>Og Dav\u00ed\u00f0 var hir\u00f0ir fyrir \u00fe\u00e1 af heilum hug og leiddi \u00fe\u00e1 me\u00f0 hygginni hendi.<\/p>\n<div class=\"footnote1981\"><b>78.1<\/b> Asaf Slm 50.1+ &#8211; \u00fej\u00f3\u00f0 m\u00edn Slm 50.7; 81.9 \u2013 Hl\u00fd\u00f0 \u00fe\u00fa \u00e1 5M\u00f3s 32.1, Jes 28.23; sbr Okv 22.17<br \/>\n<b>78.2<\/b> Opna munn minn Matt 13.35 \u2013 me\u00f0 l\u00edkingu sbr Slm 49.5<br \/>\n<b>78.3<\/b> Heyrt og \u00feekkjum Slm 44.2; 5M\u00f3s 4.9<br \/>\n<b>78.4<\/b> Komandi kynsl\u00f3\u00f0 Slm 22.32; 48.14; 102.19<br \/>\n<b>78.5<\/b> Fe\u00f0ur kunngj\u00f6ri b\u00f6rnum 2M\u00f3s 12.26-27; 5M\u00f3s 4.9; 6.7,20-25<br \/>\n<b>78.7<\/b> Treysta Gu\u00f0i Slm 40.5; 2Kon 18.5; Jes 30.15; Okv 22.19; sbr Slm 9.11+ ; 55.24+ ; 1M\u00f3s 15.6 \u2013 gleyma ekki Slm 77.12; 103.2; 106.13 \u2013 var\u00f0veita bo\u00f0or\u00f0 hans Slm 119.60,115; 5M\u00f3s 4.40; 6.17; 8.6; 10.13; 11.1 o.fl.; 1Kon 8.58,61; Pr\u00e9d 12.13; Matt 19.17<br \/>\n<b>78.8<\/b> Eins og fe\u00f0ur \u00feeirra Slm 78.57; 106.6 \u2013 \u00ferj\u00f3sk og \u00f3d\u00e6l 2M\u00f3s 32.9; 33.3,5; 34.9; 5M\u00f3s 9.6,13; 21.18,20; 31.27<br \/>\n<b>78.12<\/b> S\u00f3an Jes 30.4; Esk 30.14<br \/>\n<b>78.13<\/b> Yfir hafi\u00f0 2M\u00f3s 14-15; sbr Slm 106.9; 136.13-15<br \/>\n<b>78.14<\/b> Sk\u00fd, l\u00fdsandi eldur Slm 105.39; 2M\u00f3s 13.21; 14.20-24; 4M\u00f3s 9.15-22; 10.11-12; Jes 4.5<br \/>\n<b>78.15-16<\/b> Vatn af kletti Slm 105.41; 114.8; 2M\u00f3s 17.1-7: 4M\u00f3s 20.1-13; Neh 9.15; Jes 43.20; 48.21; SSal 11.4<br \/>\n<b>78.18-20<\/b> Freistu\u00f0u Gu\u00f0s Slm 95.9; 106.14; 2M\u00f3s 17.2,7; 4M\u00f3s 14.22; 5M\u00f3s 6.16; Jes 7.12; Matt 4.7; Post 15.10; 1Kor 10.9 \u2013 kr\u00f6f\u00f0ust matar Slm 105.40; 106.15; 2M\u00f3s 16.2-36<br \/>\n<b>78.21<\/b> Drottinn reiddist 4M\u00f3s 11.33-34<br \/>\n<b>78.22<\/b> \u00deeir treystu ekki \u2026 Slm 106.13<br \/>\n<b>78.23-25<\/b> Manna 2M\u00f3s 16.15; 4M\u00f3s 11.7-9; 5M\u00f3s 8.3; Neh 9.15; SSal 16.20; J\u00f3h 6.49,58<br \/>\n<b>78.24<\/b> Himnakorn 2M\u00f3s 16.4,11-15; J\u00f3h 6.31<br \/>\n<b>78.25<\/b> Englabrau\u00f0 sbr 1Kor 10.3<br \/>\n<b>78.26-28<\/b> Lyngh\u00e6nsn 4M\u00f3s 11.31<br \/>\n<b>78.29-31<\/b> Me\u00f0an f\u00e6\u00f0an \u2026 4M\u00f3s 11.33; SSal 16.2-3; 19.11-12<br \/>\n<b>78.32<\/b> H\u00e9ldu \u00e1fram a\u00f0 syndga Slm 106.7<br \/>\n<b>78.34<\/b> Sneru s\u00e9r sbr D\u00f3m 2.11-19; 3.7-9 o.fl.<br \/>\n<b>78.35<\/b> Gu\u00f0, klettur \u00feeirra Slm 28.1+<br \/>\n<b>78.37<\/b> Hjarta \u00feeirra Post 8.21<br \/>\n<b>78.38<\/b> Miskunnsamur 2M\u00f3s 34.6+ ; 5M\u00f3s 4.31 \u2013 stillir rei\u00f0i s\u00edna 4M\u00f3s 14.18<br \/>\n<b>78.39<\/b> \u00deeir voru hold 1M\u00f3s 6.3 \u2013 andgustur Slm 144.4<br \/>\n<b>78.40-42<\/b> Risu gegn Slm 78.32+<br \/>\n<b>78.41<\/b> Reyndu Slm 78.18+ &#8211; hinn heilagi \u00ed \u00cdsrael Jes 1.4+<br \/>\n<b>78.42<\/b> Minntust ekki Slm 106.7,13,21<br \/>\n<b>78.43<\/b> T\u00e1kn \u00ed Egyptalandi Slm 105.27; 135.9; 2M\u00f3s 7.3; Jer 32.20 \u2013 S\u00f3an Slm 78.12<br \/>\n<b>78.44<\/b> Breytti vatni \u00ed bl\u00f3\u00f0 Slm 105.29; 2M\u00f3s 7.14-25; SSal 11.4-14; Opb 16.4<br \/>\n<b>78.45<\/b> Flugur Slm 105.31; 2M\u00f3s 8.16-28 \u2013 froskar Slm 105.30; 2M\u00f3s 8.1-14<br \/>\n<b>78.46<\/b> Engisprettur Slm 105.34; 2M\u00f3s 10.1-20; SSal 16.9; sbr Jl 1.4-12; Opb 9.3-11<br \/>\n<b>78.47-48<\/b> Haglhr\u00ed\u00f0 Slm 105.32; 2M\u00f3s 9.13-35; SSal 16.16; Opb 8.7; 16.21<br \/>\n<b>78.49-51<\/b> Frumbur\u00f0ir deyddir Slm 105.36 135.8; 136.10; 2M\u00f3s 11.1-9; 12.29; SSal 18.5-19<br \/>\n<b>78.51<\/b> Kam Slm 105.23,27; 106.22<br \/>\n<b>78.52<\/b> Eins og hj\u00f6r\u00f0 Slm 77.21+ &#8211; \u00ed ey\u00f0im\u00f6rkinni Slm 68.8; 136.16; 2M\u00f3s 13.18; 5M\u00f3s 29.4; J\u00f3s 24.7; Neh 9.19,21; Jer 2.6; 31.2; Esk 20.10<br \/>\n<b>78.53<\/b> Hann leiddi \u00fe\u00e1 Slm 23.2; Jes 62.12-13 \u2013 huldi \u00f3vinina Slm 106.11; 2M\u00f3s 14.27-28; 15.10<br \/>\n<b>78.54<\/b> Til fjalllendis 2M\u00f3s 15.17; Jes 56.7<br \/>\n<b>78.55<\/b> St\u00f6kkti \u00fej\u00f3\u00f0um Slm 135.10; 136.17-20 \u2013 skipti \u00feeim Slm 105.44; 135.12; 136.21-22; 1M\u00f3s 15.13-16; 5M\u00f3s 4.1,38; 6.10; J\u00f3s 23.4<br \/>\n<b>78.56<\/b> Freistu\u00f0u Gu\u00f0s Slm 78.18+,41 \u2013 risu gegn Slm 78.32+,40-42<br \/>\n<b>78.57<\/b> Sviku \u00ed trygg\u00f0um 5M\u00f3s 32.15; D\u00f3m 2.13<br \/>\n<b>78.58<\/b> Me\u00f0 skur\u00f0go\u00f0um s\u00ednum Slm 106.28,36-39<br \/>\n<b>78.59<\/b> Gu\u00f0 reiddist Slm 106.29; 5M\u00f3s 32.19; Jes 59.15 \u2013 hafna\u00f0i \u00cdsrael Slm 60.3,12; R\u00f3m 11.1<br \/>\n<b>78.60<\/b> Hafna\u00f0i S\u00edl\u00f3 1Sam 4.3,16; Jer 7.14; 26.9<br \/>\n<b>78.61<\/b> \u00d6rkin ofurseld Filisteum 1Sam 5.1-6.12<br \/>\n<b>78.65<\/b> Drottinn vaknar Slm 35.23+<br \/>\n<b>78.66<\/b> Rak fjandmenn s\u00edna 1Sam 5.6<br \/>\n<b>78.68<\/b> Hann \u00fatvaldi S\u00edon Slm 132.13; 135.21; Jes 46.13; 31.9; Jl 4.17 \u2013 elskar S\u00edonfjall Slm 87.2; sbr Slm 2.6+ ; sbr 2Sam 5.7<br \/>\n<b>78.70-72<\/b> \u00datvaldi Dav\u00ed\u00f0 1Sam 13.15; 16.11-13; 2Sam 7.8-9<br \/>\n<b>78.71<\/b> Fr\u00e1 lamb\u00e1num sbr Am 7.15 \u2013 hir\u00f0ir Esk 34.23<\/div>\n","protected":false},"excerpt":{"rendered":"<p>1Asafs-mask\u00edl. Hl\u00fd\u00f0 \u00fe\u00fa, l\u00fd\u00f0ur minn, \u00e1 kenning m\u00edna, hneigi\u00f0 eyrun a\u00f0 or\u00f0um munns m\u00edns.2\u00c9g vil opna munn minn me\u00f0 or\u00f0skvi\u00f0i, m\u00e6la fram g\u00e1tur fr\u00e1 fornum t\u00ed\u00f0um.3\u00dea\u00f0 sem v\u00e9r h\u00f6fum heyrt og skili\u00f0 og fe\u00f0ur vorir s\u00f6g\u00f0u oss,4\u00fea\u00f0 viljum v\u00e9r eigi dylja fyrir ni\u00f0jum \u00feeirra, er v\u00e9r segjum seinni kynsl\u00f3\u00f0 fr\u00e1 lofst\u00edr Drottins og m\u00e6tti hans og d\u00e1semdarverkum og \u00feeim undrum er hann gj\u00f6r\u00f0i.5Hann setti reglu \u00ed Jakob og skipa\u00f0i l\u00f6gm\u00e1l \u00ed \u00cdsrael, sem hann bau\u00f0 fe\u00f0rum vorum a\u00f0 kunngj\u00f6ra sonum \u00feeirra,6til \u00feess a\u00f0 seinni kynsl\u00f3\u00f0 m\u00e6tti skilja \u00fea\u00f0 og synir \u00feeir er f\u00e6\u00f0ast mundu, m\u00e6ttu ganga fram og segja sonum <a href=\"https:\/\/biblian.is\/1981\/salmarnir-78-kafli\/\"> [&#8230;]<\/a><\/p>\n","protected":false},"author":1,"featured_media":0,"parent":0,"menu_order":0,"comment_status":"open","ping_status":"open","template":"bibliukaflar.php","meta":{"footnotes":""},"class_list":["post-1903","page","type-page","status-publish","hentry"],"_links":{"self":[{"href":"https:\/\/biblian.is\/1981\/wp-json\/wp\/v2\/pages\/1903","targetHints":{"allow":["GET"]}}],"collection":[{"href":"https:\/\/biblian.is\/1981\/wp-json\/wp\/v2\/pages"}],"about":[{"href":"https:\/\/biblian.is\/1981\/wp-json\/wp\/v2\/types\/page"}],"author":[{"embeddable":true,"href":"https:\/\/biblian.is\/1981\/wp-json\/wp\/v2\/users\/1"}],"replies":[{"embeddable":true,"href":"https:\/\/biblian.is\/1981\/wp-json\/wp\/v2\/comments?post=1903"}],"version-history":[{"count":0,"href":"https:\/\/biblian.is\/1981\/wp-json\/wp\/v2\/pages\/1903\/revisions"}],"wp:attachment":[{"href":"https:\/\/biblian.is\/1981\/wp-json\/wp\/v2\/media?parent=1903"}],"curies":[{"name":"wp","href":"https:\/\/api.w.org\/{rel}","templated":true}]}}