{"id":1902,"date":"2017-11-18T20:19:10","date_gmt":"2017-11-18T20:19:10","guid":{"rendered":"http:\/\/biblian.is\/1981\/salmarnir-77-kafli\/"},"modified":"2021-06-06T11:10:01","modified_gmt":"2021-06-06T11:10:01","slug":"salmarnir-77-kafli","status":"publish","type":"page","link":"https:\/\/biblian.is\/1981\/salmarnir-77-kafli\/","title":{"rendered":"S\u00e1lmarnir 77. kafli"},"content":{"rendered":"<p><a name=\"1\"><span class=\"versanumer\">1<\/span><\/a>Til s\u00f6ngstj\u00f3rans. Fyrir Jed\u00fat\u00fan. Asafs-s\u00e1lmur.<a name=\"2\"><span class=\"versanumer\">2<\/span><\/a>\u00c9g kalla til Gu\u00f0s og hr\u00f3pa, kalla til Gu\u00f0s, a\u00f0 hann megi heyra til m\u00edn.<a name=\"3\"><span class=\"versanumer\">3<\/span><\/a>\u00deegar \u00e9g er \u00ed nau\u00f0um, leita \u00e9g Drottins, r\u00e9tti \u00fat hendur m\u00ednar um n\u00e6tur og \u00fereytist ekki, s\u00e1l m\u00edn er \u00f3huggandi.<a name=\"4\"><span class=\"versanumer\">4<\/span><\/a>\u00c9g minnist Gu\u00f0s og kveina, \u00e9g styn, og andi minn \u00f6rmagnast.  Sela<a name=\"5\"><span class=\"versanumer\">5<\/span><\/a>\u00de\u00fa heldur uppi augnalokum m\u00ednum, m\u00e9r er \u00f3r\u00f3tt og \u00e9g m\u00e1 eigi m\u00e6la.<a name=\"6\"><span class=\"versanumer\">6<\/span><\/a>\u00c9g \u00ed huga fyrri daga, \u00e1r \u00feau sem l\u00f6ngu eru li\u00f0in,<a name=\"7\"><span class=\"versanumer\">7<\/span><\/a>\u00e9g minnist strengjaleiks m\u00edns um n\u00e6tur, \u00e9g huglei\u00f0i \u00ed hjarta m\u00ednu, og andi minn rannsakar.<a name=\"8\"><span class=\"versanumer\">8<\/span><\/a>Mun Drottinn \u00fe\u00e1 \u00fatsk\u00fafa um eil\u00edf\u00f0 og aldrei framar vera n\u00e1\u00f0ugur?<a name=\"9\"><span class=\"versanumer\">9<\/span><\/a>Er miskunn hans loki\u00f0 um eil\u00edf\u00f0, fyrirheit hans \u00ferotin um aldir alda?<a name=\"10\"><span class=\"versanumer\">10<\/span><\/a>Hefir Gu\u00f0 gleymt a\u00f0 s\u00fdna l\u00edkn, byrgt miskunn s\u00edna me\u00f0 rei\u00f0i?  Sela<a name=\"11\"><span class=\"versanumer\">11<\/span><\/a>\u00de\u00e1 sag\u00f0i \u00e9g: \u00deetta er kv\u00f6l m\u00edn, a\u00f0 h\u00e6gri h\u00f6nd Hins h\u00e6sta hefir brug\u00f0ist.<a name=\"12\"><span class=\"versanumer\">12<\/span><\/a>\u00c9g v\u00ed\u00f0fr\u00e6gi st\u00f3rvirki Drottins, \u00e9g vil minnast fur\u00f0uverka \u00feinna fr\u00e1 fyrri t\u00ed\u00f0um,<a name=\"13\"><span class=\"versanumer\">13<\/span><\/a>\u00e9g \u00edhuga allar athafnir \u00fe\u00ednar, athuga st\u00f3rvirki \u00fe\u00edn.<a name=\"14\"><span class=\"versanumer\">14<\/span><\/a>Gu\u00f0, helgur er vegur \u00feinn, hver er svo mikill Gu\u00f0 sem Drottinn?<a name=\"15\"><span class=\"versanumer\">15<\/span><\/a>\u00de\u00fa ert Gu\u00f0, s\u00e1 er fur\u00f0uverk gj\u00f6rir, \u00fe\u00fa hefir kunngj\u00f6rt m\u00e1tt \u00feinn me\u00f0al \u00fej\u00f3\u00f0anna.<a name=\"16\"><span class=\"versanumer\">16<\/span><\/a>Me\u00f0 m\u00e1ttugum armlegg frelsa\u00f0ir \u00fe\u00fa l\u00fd\u00f0 \u00feinn, sonu Jakobs og J\u00f3sefs.  Sela<a name=\"17\"><span class=\"versanumer\">17<\/span><\/a>V\u00f6tnin s\u00e1u \u00feig, \u00f3 Gu\u00f0, v\u00f6tnin s\u00e1u \u00feig og skelfdust, og undirdj\u00fapin skulfu.<a name=\"18\"><span class=\"versanumer\">18<\/span><\/a>Vatni\u00f0 streymdi \u00far sk\u00fdjunum, \u00ferumuraust drundi \u00far sk\u00fd\u00feykkninu, og \u00f6rvar \u00fe\u00ednar flugu.<a name=\"19\"><span class=\"versanumer\">19<\/span><\/a>Rei\u00f0ar\u00ferumur \u00fe\u00ednar kv\u00e1\u00f0u vi\u00f0, leiftur l\u00fdstu um jar\u00f0r\u00edki, j\u00f6r\u00f0in skalf og n\u00f6tra\u00f0i.<a name=\"20\"><span class=\"versanumer\">20<\/span><\/a>Lei\u00f0 \u00fe\u00edn l\u00e1 gegnum hafi\u00f0, st\u00edgar \u00fe\u00ednir gegnum mikil v\u00f6tn, og spor \u00fe\u00edn ur\u00f0u eigi rakin.<a name=\"21\"><span class=\"versanumer\">21<\/span><\/a>\u00de\u00fa leiddir l\u00fd\u00f0 \u00feinn eins og hj\u00f6r\u00f0 fyrir M\u00f3se og Aron.<\/p>\n<div class=\"footnote1981\"><b>77.1<\/b> Asaf Slm 50.1+<br \/>\n<b>77.2<\/b> Kalla til Gu\u00f0s Slm 3.5+ &#8211; heyri til m\u00edn Slm 17.6; 20.2,10; 28.6; 120.1+<br \/>\n<b>77.3<\/b> \u00cd ney\u00f0 minni Slm 9.10; 20.2; 37.39; 50.15; 59.17; 86.7; 102.3; 1M\u00f3s 35.3; Jes 33.2; Jer 14.8; Nah 1.7; Hab 3.16 \u2013 leita Drottins Slm 9.11+<br \/>\n<b>77.4<\/b> Hugsa um Gu\u00f0 sbr Slm 42.5 \u2013 andvarpa Slm 42.6,12; 43.5<br \/>\n<b>77.6<\/b> Fyrri dagar Slm 143.5<br \/>\n<b>77.8<\/b> \u00datsk\u00fafa Slm 44.10+ &#8211; aldur og \u00e6vi Hlj 3.31; 5.22<br \/>\n<b>77.9<\/b> Er tr\u00fafesti hans \u00e1 enda? Hlj 3.21-22<br \/>\n<b>77.11<\/b> H\u00f6nd hins h\u00e6sta Slm 17.7+<br \/>\n<b>77.14<\/b> Mikill Gu\u00f0 Slm 48.2; 86.10; 95.3; 96.4; 104.1; 135.5; 145.3; 147.5; Jer 32.18-19; Dan 9.4<br \/>\n<b>77.17<\/b> V\u00f6tnin \u2026 Slm 114.3; Jes 51.10; Job 38.8-11<br \/>\n<b>77.19<\/b> \u00derumur 2M\u00f3s 19.16 \u2013 j\u00f6r\u00f0in skalf Slm 97.4<br \/>\n<b>77.20-21<\/b> Lei\u00f0 gegnum hafi\u00f0 Slm 114.3-5; Jes 63.12-13; SSal 19.7-8; sbr 2M\u00f3s 15.8<br \/>\n<b>77.21<\/b> \u00dej\u00f3\u00f0 \u00fe\u00edna eins og hj\u00f6r\u00f0 Slm 74.1; 79.13; 80.2; 95.7; 100.3; Jes 40.11; Jer 13.17,20; sbr L\u00fak 12.32+ ; J\u00f3h 10.16; 1P\u00e9t 5.2-3 \u2013 M\u00f3se og Aron 2M\u00f3s 4.14-16; 7.1; J\u00f3s 24.5; 1Sam 12.8; M\u00edk 6.4; sbr Slm 99.6<\/div>\n","protected":false},"excerpt":{"rendered":"<p>1Til s\u00f6ngstj\u00f3rans. Fyrir Jed\u00fat\u00fan. Asafs-s\u00e1lmur.2\u00c9g kalla til Gu\u00f0s og hr\u00f3pa, kalla til Gu\u00f0s, a\u00f0 hann megi heyra til m\u00edn.3\u00deegar \u00e9g er \u00ed nau\u00f0um, leita \u00e9g Drottins, r\u00e9tti \u00fat hendur m\u00ednar um n\u00e6tur og \u00fereytist ekki, s\u00e1l m\u00edn er \u00f3huggandi.4\u00c9g minnist Gu\u00f0s og kveina, \u00e9g styn, og andi minn \u00f6rmagnast. Sela5\u00de\u00fa heldur uppi augnalokum m\u00ednum, m\u00e9r er \u00f3r\u00f3tt og \u00e9g m\u00e1 eigi m\u00e6la.6\u00c9g \u00ed huga fyrri daga, \u00e1r \u00feau sem l\u00f6ngu eru li\u00f0in,7\u00e9g minnist strengjaleiks m\u00edns um n\u00e6tur, \u00e9g huglei\u00f0i \u00ed hjarta m\u00ednu, og andi minn rannsakar.8Mun Drottinn \u00fe\u00e1 \u00fatsk\u00fafa um eil\u00edf\u00f0 og aldrei framar vera n\u00e1\u00f0ugur?9Er miskunn hans loki\u00f0 um <a href=\"https:\/\/biblian.is\/1981\/salmarnir-77-kafli\/\"> [&#8230;]<\/a><\/p>\n","protected":false},"author":1,"featured_media":0,"parent":0,"menu_order":0,"comment_status":"open","ping_status":"open","template":"bibliukaflar.php","meta":{"footnotes":""},"class_list":["post-1902","page","type-page","status-publish","hentry"],"_links":{"self":[{"href":"https:\/\/biblian.is\/1981\/wp-json\/wp\/v2\/pages\/1902","targetHints":{"allow":["GET"]}}],"collection":[{"href":"https:\/\/biblian.is\/1981\/wp-json\/wp\/v2\/pages"}],"about":[{"href":"https:\/\/biblian.is\/1981\/wp-json\/wp\/v2\/types\/page"}],"author":[{"embeddable":true,"href":"https:\/\/biblian.is\/1981\/wp-json\/wp\/v2\/users\/1"}],"replies":[{"embeddable":true,"href":"https:\/\/biblian.is\/1981\/wp-json\/wp\/v2\/comments?post=1902"}],"version-history":[{"count":0,"href":"https:\/\/biblian.is\/1981\/wp-json\/wp\/v2\/pages\/1902\/revisions"}],"wp:attachment":[{"href":"https:\/\/biblian.is\/1981\/wp-json\/wp\/v2\/media?parent=1902"}],"curies":[{"name":"wp","href":"https:\/\/api.w.org\/{rel}","templated":true}]}}