{"id":1876,"date":"2017-11-18T20:19:04","date_gmt":"2017-11-18T20:19:04","guid":{"rendered":"http:\/\/biblian.is\/1981\/salmarnir-51-kafli\/"},"modified":"2021-06-06T11:09:54","modified_gmt":"2021-06-06T11:09:54","slug":"salmarnir-51-kafli","status":"publish","type":"page","link":"https:\/\/biblian.is\/1981\/salmarnir-51-kafli\/","title":{"rendered":"S\u00e1lmarnir 51. kafli"},"content":{"rendered":"<p><a name=\"1\"><span class=\"versanumer\">1<\/span><\/a>Til s\u00f6ngstj\u00f3rans. S\u00e1lmur Dav\u00ed\u00f0s,<a name=\"2\"><span class=\"versanumer\">2<\/span><\/a>\u00fe\u00e1 er Natan sp\u00e1ma\u00f0ur kom til hans, eftir a\u00f0 hann haf\u00f0i gengi\u00f0 inn til Batsebu.<a name=\"3\"><span class=\"versanumer\">3<\/span><\/a>Gu\u00f0, vertu m\u00e9r n\u00e1\u00f0ugur sakir elsku \u00feinnar, afm\u00e1 brot m\u00edn sakir \u00feinnar miklu miskunnsemi.<a name=\"4\"><span class=\"versanumer\">4<\/span><\/a>\u00devo mig hreinan af misgj\u00f6r\u00f0 minni, hreinsa mig af synd minni,<a name=\"5\"><span class=\"versanumer\">5<\/span><\/a>\u00fev\u00ed a\u00f0 \u00e9g \u00feekki sj\u00e1lfur afbrot m\u00edn, og synd m\u00edn stendur m\u00e9r st\u00f6\u00f0ugt fyrir hugskotssj\u00f3num.<a name=\"6\"><span class=\"versanumer\">6<\/span><\/a>Gegn \u00fe\u00e9r einum hefi \u00e9g syndga\u00f0 og gj\u00f6rt \u00fea\u00f0 sem illt er \u00ed augum \u00fe\u00ednum. \u00dev\u00ed ert \u00fe\u00fa r\u00e9ttl\u00e1tur, er \u00fe\u00fa talar, hreinn, er \u00fe\u00fa d\u00e6mir.<a name=\"7\"><span class=\"versanumer\">7<\/span><\/a>Sj\u00e1, sekur var \u00e9g, er \u00e9g var\u00f0 til, syndugur, er m\u00f3\u00f0ir m\u00edn f\u00e6ddi mig.<a name=\"8\"><span class=\"versanumer\">8<\/span><\/a>Sj\u00e1, \u00fe\u00fa hefir \u00fe\u00f3knun \u00e1 hreinskilni hi\u00f0 innra, og \u00ed fylgsnum hjartans kennir \u00fe\u00fa m\u00e9r visku!<a name=\"9\"><span class=\"versanumer\">9<\/span><\/a>Hreinsa mig me\u00f0 \u00eds\u00f3p, svo a\u00f0 \u00e9g ver\u00f0i hreinn, \u00fevo mig, svo a\u00f0 \u00e9g ver\u00f0i hv\u00edtari en mj\u00f6ll.<a name=\"10\"><span class=\"versanumer\">10<\/span><\/a>L\u00e1t mig heyra f\u00f6gnu\u00f0 og gle\u00f0i, l\u00e1t k\u00e6tast beinin sem \u00fe\u00fa hefir sundurmari\u00f0.<a name=\"11\"><span class=\"versanumer\">11<\/span><\/a>Byrg auglit \u00feitt fyrir syndum m\u00ednum og afm\u00e1 allar misgj\u00f6r\u00f0ir m\u00ednar.<a name=\"12\"><span class=\"versanumer\">12<\/span><\/a>Skapa \u00ed m\u00e9r hreint hjarta, \u00f3 Gu\u00f0, og veit m\u00e9r n\u00fdjan, st\u00f6\u00f0ugan anda.<a name=\"13\"><span class=\"versanumer\">13<\/span><\/a>Varpa m\u00e9r ekki burt fr\u00e1 augliti \u00fe\u00ednu og tak ekki \u00feinn heilaga anda fr\u00e1 m\u00e9r.<a name=\"14\"><span class=\"versanumer\">14<\/span><\/a>Veit m\u00e9r aftur f\u00f6gnu\u00f0 \u00fe\u00edns hj\u00e1lpr\u00e6\u00f0is og sty\u00f0 mig me\u00f0 f\u00fasleiks anda,<a name=\"15\"><span class=\"versanumer\">15<\/span><\/a>a\u00f0 \u00e9g megi kenna afbrotam\u00f6nnum vegu \u00fe\u00edna og syndarar megi hverfa aftur til \u00fe\u00edn.<a name=\"16\"><span class=\"versanumer\">16<\/span><\/a>Frelsa mig fr\u00e1 dau\u00f0ans h\u00e1ska, Gu\u00f0 hj\u00e1lpr\u00e6\u00f0is m\u00edns, l\u00e1t tungu m\u00edna fagna yfir r\u00e9ttl\u00e6ti \u00fe\u00ednu.<a name=\"17\"><span class=\"versanumer\">17<\/span><\/a>Drottinn, opna varir m\u00ednar, svo a\u00f0 munnur minn kunngj\u00f6ri lof \u00feitt!<a name=\"18\"><span class=\"versanumer\">18<\/span><\/a>\u00de\u00fa hefir ekki \u00fe\u00f3knun \u00e1 sl\u00e1turf\u00f3rnum annars mundi \u00e9g l\u00e1ta \u00fe\u00e6r \u00ed t\u00e9 og a\u00f0 brennif\u00f3rnum er \u00fe\u00e9r ekkert yndi.<a name=\"19\"><span class=\"versanumer\">19<\/span><\/a>Gu\u00f0i \u00feekkar f\u00f3rnir eru sundurmarinn andi, sundurmari\u00f0 og sundurkrami\u00f0 hjarta munt \u00fe\u00fa, \u00f3 Gu\u00f0, eigi fyrirl\u00edta.<a name=\"20\"><span class=\"versanumer\">20<\/span><\/a>Gj\u00f6r vel vi\u00f0 S\u00edon sakir n\u00e1\u00f0ar \u00feinnar, reis m\u00fara Jer\u00fasalem!<a name=\"21\"><span class=\"versanumer\">21<\/span><\/a>\u00de\u00e1 munt \u00fe\u00fa hafa \u00fe\u00f3knun \u00e1 r\u00e9ttum f\u00f3rnum, \u00e1 brennif\u00f3rn og alf\u00f3rn, \u00fe\u00e1 munu menn bera fram uxa \u00e1 altari \u00feitt.<\/p>\n<div class=\"footnote1981\"><b>51.2<\/b> Natan sp\u00e1ma\u00f0ur 2Sam 12.1<br \/>\n<b>51.3<\/b> Vertu n\u00e1\u00f0ugur Slm 41.5 \u2013 afm\u00e1 brot m\u00edn Jes 43.25; 44.22<br \/>\n<b>51.4<\/b> \u00devo mig hreinan Esk 36.25 \u2013 hreinsa mig Esk 37.23<br \/>\n<b>51.5<\/b> \u00deekki afbrot m\u00edn Job 31.33<br \/>\n<b>51.6<\/b> Syndga\u00f0 gegn \u00fe\u00e9r 2Sam 13,13; L\u00fak 15.18 \u2013 \u00fe\u00fa ert r\u00e9ttl\u00e1tur R\u00f3m 3.4 &#8211; er \u00fe\u00fa d\u00e6mir Slm 7.12<br \/>\n<b>51.7<\/b> F\u00e6ddur sekur J\u00f3h 9.34; sbr R\u00f3m 7.14<br \/>\n<b>51.9<\/b> Hv\u00edtari en mj\u00f6ll Jes 1.18<br \/>\n<b>51.10<\/b> Beinin sundurmarin Esk 37.11<br \/>\n<b>51.12<\/b> N\u00fdr andi Esk 11.19; 36.26; 2Kor 5.17<br \/>\n<b>51.13<\/b> Heilagur andi Jes 63.11<br \/>\n<b>51.15<\/b> Hverfa aftur til \u00fe\u00edn Slm 22.28<br \/>\n<b>51.16<\/b> Hj\u00e1lpr\u00e6\u00f0i mitt Jes 17.10+ &#8211; bl\u00f3\u00f0skuld 2Sam 12.9; Esk 7.23; 9.9<br \/>\n<b>51.18<\/b> Ekki Sl\u00e1turf\u00f3rnir Am 5.21-24<br \/>\n<b>51.19<\/b> Gu\u00f0i \u00feekkar f\u00f3rnir H\u00f3s 6.6 \u2013 sundurkarmi\u00f0 hjarta Slm 69.21; Jes 61.1; Esk 6.9<br \/>\n<b>51.20<\/b> Ger vel vi\u00f0 Slm 102.14-18 \u2013 endurreisa Esk 36.33<br \/>\n<b>51.21<\/b> R\u00e9ttar f\u00f3rnir Slm 4.6<\/div>\n","protected":false},"excerpt":{"rendered":"<p>1Til s\u00f6ngstj\u00f3rans. S\u00e1lmur Dav\u00ed\u00f0s,2\u00fe\u00e1 er Natan sp\u00e1ma\u00f0ur kom til hans, eftir a\u00f0 hann haf\u00f0i gengi\u00f0 inn til Batsebu.3Gu\u00f0, vertu m\u00e9r n\u00e1\u00f0ugur sakir elsku \u00feinnar, afm\u00e1 brot m\u00edn sakir \u00feinnar miklu miskunnsemi.4\u00devo mig hreinan af misgj\u00f6r\u00f0 minni, hreinsa mig af synd minni,5\u00fev\u00ed a\u00f0 \u00e9g \u00feekki sj\u00e1lfur afbrot m\u00edn, og synd m\u00edn stendur m\u00e9r st\u00f6\u00f0ugt fyrir hugskotssj\u00f3num.6Gegn \u00fe\u00e9r einum hefi \u00e9g syndga\u00f0 og gj\u00f6rt \u00fea\u00f0 sem illt er \u00ed augum \u00fe\u00ednum. \u00dev\u00ed ert \u00fe\u00fa r\u00e9ttl\u00e1tur, er \u00fe\u00fa talar, hreinn, er \u00fe\u00fa d\u00e6mir.7Sj\u00e1, sekur var \u00e9g, er \u00e9g var\u00f0 til, syndugur, er m\u00f3\u00f0ir m\u00edn f\u00e6ddi mig.8Sj\u00e1, \u00fe\u00fa hefir \u00fe\u00f3knun \u00e1 hreinskilni hi\u00f0 innra, <a href=\"https:\/\/biblian.is\/1981\/salmarnir-51-kafli\/\"> [&#8230;]<\/a><\/p>\n","protected":false},"author":1,"featured_media":0,"parent":0,"menu_order":0,"comment_status":"open","ping_status":"open","template":"bibliukaflar.php","meta":{"footnotes":""},"class_list":["post-1876","page","type-page","status-publish","hentry"],"_links":{"self":[{"href":"https:\/\/biblian.is\/1981\/wp-json\/wp\/v2\/pages\/1876","targetHints":{"allow":["GET"]}}],"collection":[{"href":"https:\/\/biblian.is\/1981\/wp-json\/wp\/v2\/pages"}],"about":[{"href":"https:\/\/biblian.is\/1981\/wp-json\/wp\/v2\/types\/page"}],"author":[{"embeddable":true,"href":"https:\/\/biblian.is\/1981\/wp-json\/wp\/v2\/users\/1"}],"replies":[{"embeddable":true,"href":"https:\/\/biblian.is\/1981\/wp-json\/wp\/v2\/comments?post=1876"}],"version-history":[{"count":0,"href":"https:\/\/biblian.is\/1981\/wp-json\/wp\/v2\/pages\/1876\/revisions"}],"wp:attachment":[{"href":"https:\/\/biblian.is\/1981\/wp-json\/wp\/v2\/media?parent=1876"}],"curies":[{"name":"wp","href":"https:\/\/api.w.org\/{rel}","templated":true}]}}