{"id":1860,"date":"2017-11-18T20:18:58","date_gmt":"2017-11-18T20:18:58","guid":{"rendered":"http:\/\/biblian.is\/1981\/salmarnir-36-kafli\/"},"modified":"2021-06-06T11:09:49","modified_gmt":"2021-06-06T11:09:49","slug":"salmarnir-36-kafli","status":"publish","type":"page","link":"https:\/\/biblian.is\/1981\/salmarnir-36-kafli\/","title":{"rendered":"S\u00e1lmarnir 36. kafli"},"content":{"rendered":"<p><a name=\"1\"><span class=\"versanumer\">1<\/span><\/a>Til s\u00f6ngstj\u00f3rans. Eftir Dav\u00ed\u00f0, \u00fej\u00f3n Drottins.<a name=\"2\"><span class=\"versanumer\">2<\/span><\/a>R\u00f6dd syndarinnar talar til hins gu\u00f0lausa \u00ed fylgsnum hjarta hans, enginn gu\u00f0s\u00f3tti b\u00fdr \u00ed huga hans.<a name=\"3\"><span class=\"versanumer\">3<\/span><\/a>H\u00fan smja\u00f0rar fyrir honum \u00ed augum hans og misgj\u00f6r\u00f0 hans ver\u00f0ur uppv\u00eds og hann ver\u00f0ur fyrir hatri.<a name=\"4\"><span class=\"versanumer\">4<\/span><\/a>Or\u00f0in af munni hans eru t\u00e1l og svik, hann er h\u00e6ttur a\u00f0 vera hygginn og breyta vel.<a name=\"5\"><span class=\"versanumer\">5<\/span><\/a>\u00cd hv\u00edlu sinni hyggur hann \u00e1 t\u00e1l, hann fetar vonda vegu, for\u00f0ast eigi hi\u00f0 illa.<a name=\"6\"><span class=\"versanumer\">6<\/span><\/a>Drottinn, til himna n\u00e6r miskunn \u00fe\u00edn, til sk\u00fdjanna tr\u00fafesti \u00fe\u00edn.<a name=\"7\"><span class=\"versanumer\">7<\/span><\/a>R\u00e9ttl\u00e6ti \u00feitt er sem fj\u00f6ll Gu\u00f0s, d\u00f3mar \u00fe\u00ednir sem reginhaf. M\u00f6nnum og skepnum hj\u00e1lpar \u00fe\u00fa, Drottinn.<a name=\"8\"><span class=\"versanumer\">8<\/span><\/a>Hversu d\u00fdrm\u00e6t er miskunn \u00fe\u00edn, \u00f3 Gu\u00f0, mannanna b\u00f6rn leita h\u00e6lis \u00ed skugga v\u00e6ngja \u00feinna.<a name=\"9\"><span class=\"versanumer\">9<\/span><\/a>\u00deau se\u00f0jast af feiti h\u00fass \u00fe\u00edns, og \u00fe\u00fa l\u00e6tur \u00feau drekka \u00far l\u00e6kjum una\u00f0semda \u00feinna.<a name=\"10\"><span class=\"versanumer\">10<\/span><\/a>Hj\u00e1 \u00fe\u00e9r er uppspretta l\u00edfsins, \u00ed \u00fe\u00ednu lj\u00f3si sj\u00e1um v\u00e9r lj\u00f3s.<a name=\"11\"><span class=\"versanumer\">11<\/span><\/a>L\u00e1t miskunn \u00fe\u00edna haldast vi\u00f0 \u00fe\u00e1 er \u00feekkja \u00feig, og r\u00e9ttl\u00e6ti \u00feitt vi\u00f0 \u00fe\u00e1 sem hjartahreinir eru.<a name=\"12\"><span class=\"versanumer\">12<\/span><\/a>L\u00e1t eigi f\u00f3t hins hrokafulla tro\u00f0a \u00e1 m\u00e9r n\u00e9 h\u00f6nd \u00f3gu\u00f0legra hrekja mig burt.<a name=\"13\"><span class=\"versanumer\">13<\/span><\/a>\u00dear eru illgj\u00f6r\u00f0amennirnir fallnir, \u00feeim er varpa\u00f0 um koll og \u00feeir f\u00e1 eigi risi\u00f0 upp aftur.<\/p>\n<div class=\"footnote1981\"><b>36.2<\/b> \u00cd huga hans sbr R\u00f3m 3.18<br \/>\n<b>36.3<\/b> Syndir (misgj\u00f6r\u00f0ir) Slm 10.15; 17.3; 1M\u00f3s 44.16; 1Sam 29.3,6; H\u00f3s 12.9<br \/>\n<b>36.6<\/b> Miskunn \u00fe\u00edn, tr\u00fafesti \u00fe\u00edn Slm 57.11; sbr Ef 3.18-19<br \/>\n<b>36.7<\/b> Fj\u00f6ll Gu\u00f0s Slm 68.16; sbr 80.11; Jes 14.13<br \/>\n<b>36.8<\/b> \u00cd skugga Slm 17.8+<br \/>\n<b>36.9<\/b> \u00dea\u00f0 besta \u00ed h\u00fasinu Slm 23.5; 63.6; Jer 31.14<br \/>\n<b>36.10<\/b> Uppspretta l\u00edfsins Jer 2.13; 17.13; sbr Esk 47; Jl 4.18; Sak 14.8; J\u00f3h 4.14+ ; Opb 22.1 \u2013 lj\u00f3s, t\u00e1kn l\u00edfsins Slm 4.7; 27.1; 43.3; 44.4; 56.14; 89.16; Job 33.30; J\u00f3h 8.12+<br \/>\n<b>36.13<\/b> Illvirkjarnir falla Slm 14.5; 73.17-18 \u2013 f\u00e1 ekki risi\u00f0 upp Slm 18.39<\/div>\n","protected":false},"excerpt":{"rendered":"<p>1Til s\u00f6ngstj\u00f3rans. Eftir Dav\u00ed\u00f0, \u00fej\u00f3n Drottins.2R\u00f6dd syndarinnar talar til hins gu\u00f0lausa \u00ed fylgsnum hjarta hans, enginn gu\u00f0s\u00f3tti b\u00fdr \u00ed huga hans.3H\u00fan smja\u00f0rar fyrir honum \u00ed augum hans og misgj\u00f6r\u00f0 hans ver\u00f0ur uppv\u00eds og hann ver\u00f0ur fyrir hatri.4Or\u00f0in af munni hans eru t\u00e1l og svik, hann er h\u00e6ttur a\u00f0 vera hygginn og breyta vel.5\u00cd hv\u00edlu sinni hyggur hann \u00e1 t\u00e1l, hann fetar vonda vegu, for\u00f0ast eigi hi\u00f0 illa.6Drottinn, til himna n\u00e6r miskunn \u00fe\u00edn, til sk\u00fdjanna tr\u00fafesti \u00fe\u00edn.7R\u00e9ttl\u00e6ti \u00feitt er sem fj\u00f6ll Gu\u00f0s, d\u00f3mar \u00fe\u00ednir sem reginhaf. M\u00f6nnum og skepnum hj\u00e1lpar \u00fe\u00fa, Drottinn.8Hversu d\u00fdrm\u00e6t er miskunn \u00fe\u00edn, \u00f3 Gu\u00f0, mannanna b\u00f6rn leita <a href=\"https:\/\/biblian.is\/1981\/salmarnir-36-kafli\/\"> [&#8230;]<\/a><\/p>\n","protected":false},"author":1,"featured_media":0,"parent":0,"menu_order":0,"comment_status":"open","ping_status":"open","template":"bibliukaflar.php","meta":{"footnotes":""},"class_list":["post-1860","page","type-page","status-publish","hentry"],"_links":{"self":[{"href":"https:\/\/biblian.is\/1981\/wp-json\/wp\/v2\/pages\/1860","targetHints":{"allow":["GET"]}}],"collection":[{"href":"https:\/\/biblian.is\/1981\/wp-json\/wp\/v2\/pages"}],"about":[{"href":"https:\/\/biblian.is\/1981\/wp-json\/wp\/v2\/types\/page"}],"author":[{"embeddable":true,"href":"https:\/\/biblian.is\/1981\/wp-json\/wp\/v2\/users\/1"}],"replies":[{"embeddable":true,"href":"https:\/\/biblian.is\/1981\/wp-json\/wp\/v2\/comments?post=1860"}],"version-history":[{"count":0,"href":"https:\/\/biblian.is\/1981\/wp-json\/wp\/v2\/pages\/1860\/revisions"}],"wp:attachment":[{"href":"https:\/\/biblian.is\/1981\/wp-json\/wp\/v2\/media?parent=1860"}],"curies":[{"name":"wp","href":"https:\/\/api.w.org\/{rel}","templated":true}]}}