{"id":1853,"date":"2017-11-18T20:18:58","date_gmt":"2017-11-18T20:18:58","guid":{"rendered":"http:\/\/biblian.is\/1981\/salmarnir-29-kafli\/"},"modified":"2021-06-06T11:09:47","modified_gmt":"2021-06-06T11:09:47","slug":"salmarnir-29-kafli","status":"publish","type":"page","link":"https:\/\/biblian.is\/1981\/salmarnir-29-kafli\/","title":{"rendered":"S\u00e1lmarnir 29. kafli"},"content":{"rendered":"<p><a name=\"1\"><span class=\"versanumer\">1<\/span><\/a>Dav\u00ed\u00f0ss\u00e1lmur. Tj\u00e1i\u00f0 Drottni vegsemd, \u00fe\u00e9r gu\u00f0asynir, tj\u00e1i\u00f0 Drottni vegsemd og vald.<a name=\"2\"><span class=\"versanumer\">2<\/span><\/a>Tj\u00e1i\u00f0 Drottni d\u00fdr\u00f0 \u00fe\u00e1 er nafni hans h\u00e6fir, falli\u00f0 fram fyrir Drottni \u00ed helgum skr\u00fa\u00f0a.<a name=\"3\"><span class=\"versanumer\">3<\/span><\/a>Raust Drottins hlj\u00f3mar yfir v\u00f6tnunum, Gu\u00f0 d\u00fdr\u00f0arinnar l\u00e6tur \u00ferumur drynja, Drottinn r\u00edkir yfir hinum miklu v\u00f6tnum.<a name=\"4\"><span class=\"versanumer\">4<\/span><\/a>Raust Drottins hlj\u00f3mar me\u00f0 krafti, raust Drottins hlj\u00f3mar me\u00f0 tign.<a name=\"5\"><span class=\"versanumer\">5<\/span><\/a>Raust Drottins br\u00fdtur sundur sedrustr\u00e9, Drottinn br\u00fdtur sundur sedrustr\u00e9n \u00e1 L\u00edbanon.<a name=\"6\"><span class=\"versanumer\">6<\/span><\/a>Hann l\u00e6tur L\u00edbanonfj\u00f6ll hoppa eins og k\u00e1lfa og Hermonfjall eins og ungan v\u00edsund.<a name=\"7\"><span class=\"versanumer\">7<\/span><\/a>Raust Drottins kl\u00fdfur eldsloga.<a name=\"8\"><span class=\"versanumer\">8<\/span><\/a>Raust Drottins l\u00e6tur ey\u00f0im\u00f6rkina skj\u00e1lfa, Drottinn l\u00e6tur Kadesey\u00f0im\u00f6rk skj\u00e1lfa.<a name=\"9\"><span class=\"versanumer\">9<\/span><\/a>Raust Drottins l\u00e6tur hindirnar bera fyrir t\u00edmann og gj\u00f6rir sk\u00f3gana nakta, og allt \u00ed helgid\u00f3mi hans segir: D\u00fdr\u00f0!<a name=\"10\"><span class=\"versanumer\">10<\/span><\/a>Drottinn situr \u00ed h\u00e1s\u00e6ti uppi yfir fl\u00f3\u00f0inu, Drottinn mun r\u00edkja sem konungur a\u00f0 eil\u00edfu.<a name=\"11\"><span class=\"versanumer\">11<\/span><\/a>Drottinn veitir l\u00fd\u00f0 s\u00ednum styrkleik, Drottinn blessar l\u00fd\u00f0 sinn me\u00f0 fri\u00f0i.<\/p>\n<div class=\"footnote1981\"><b>29.1<\/b> Gu\u00f0asynir Slm 138.1+<br \/>\n<b>29.1-2<\/b> Gefa Drottni d\u00fdr\u00f0ina Slm 96.7-8<br \/>\n<b>29.3<\/b> N\u00e1tt\u00faru\u00f6flin Hl\u00fd\u00f0a Drottni 2M\u00f3s 19.16,18,19; Slm 18.11-16; 77.18-19; 97.2-4; Hab 3.4-11; Job 37.2-5<br \/>\n<b>29.6<\/b> L\u00edbanon hoppar Slm 114.4 \u2013 Sirjonfjall (Hermon) Slm 42.7; 89.13; 133.3<br \/>\n<b>29.7<\/b> Eldur, leiftur Nah 3.3; Hab 3.11; sbr 1M\u00f3s 3.24<br \/>\n<b>29.9<\/b> Hindirnar bera Job 39.1-4<br \/>\n<b>29.10<\/b> Fl\u00f3\u00f0i\u00f0 1M\u00f3s 6.9 \u2013 Drottinn, konungur um eil\u00edf\u00f0 Slm 9.8+ ; 93.1<br \/>\n<b>29.11<\/b> Styrkir \u00fej\u00f3\u00f0ina Slm 28.8; 68.36<\/div>\n","protected":false},"excerpt":{"rendered":"<p>1Dav\u00ed\u00f0ss\u00e1lmur. Tj\u00e1i\u00f0 Drottni vegsemd, \u00fe\u00e9r gu\u00f0asynir, tj\u00e1i\u00f0 Drottni vegsemd og vald.2Tj\u00e1i\u00f0 Drottni d\u00fdr\u00f0 \u00fe\u00e1 er nafni hans h\u00e6fir, falli\u00f0 fram fyrir Drottni \u00ed helgum skr\u00fa\u00f0a.3Raust Drottins hlj\u00f3mar yfir v\u00f6tnunum, Gu\u00f0 d\u00fdr\u00f0arinnar l\u00e6tur \u00ferumur drynja, Drottinn r\u00edkir yfir hinum miklu v\u00f6tnum.4Raust Drottins hlj\u00f3mar me\u00f0 krafti, raust Drottins hlj\u00f3mar me\u00f0 tign.5Raust Drottins br\u00fdtur sundur sedrustr\u00e9, Drottinn br\u00fdtur sundur sedrustr\u00e9n \u00e1 L\u00edbanon.6Hann l\u00e6tur L\u00edbanonfj\u00f6ll hoppa eins og k\u00e1lfa og Hermonfjall eins og ungan v\u00edsund.7Raust Drottins kl\u00fdfur eldsloga.8Raust Drottins l\u00e6tur ey\u00f0im\u00f6rkina skj\u00e1lfa, Drottinn l\u00e6tur Kadesey\u00f0im\u00f6rk skj\u00e1lfa.9Raust Drottins l\u00e6tur hindirnar bera fyrir t\u00edmann og gj\u00f6rir sk\u00f3gana nakta, og allt \u00ed helgid\u00f3mi hans segir: D\u00fdr\u00f0!10Drottinn situr <a href=\"https:\/\/biblian.is\/1981\/salmarnir-29-kafli\/\"> [&#8230;]<\/a><\/p>\n","protected":false},"author":1,"featured_media":0,"parent":0,"menu_order":0,"comment_status":"open","ping_status":"open","template":"bibliukaflar.php","meta":{"footnotes":""},"class_list":["post-1853","page","type-page","status-publish","hentry"],"_links":{"self":[{"href":"https:\/\/biblian.is\/1981\/wp-json\/wp\/v2\/pages\/1853","targetHints":{"allow":["GET"]}}],"collection":[{"href":"https:\/\/biblian.is\/1981\/wp-json\/wp\/v2\/pages"}],"about":[{"href":"https:\/\/biblian.is\/1981\/wp-json\/wp\/v2\/types\/page"}],"author":[{"embeddable":true,"href":"https:\/\/biblian.is\/1981\/wp-json\/wp\/v2\/users\/1"}],"replies":[{"embeddable":true,"href":"https:\/\/biblian.is\/1981\/wp-json\/wp\/v2\/comments?post=1853"}],"version-history":[{"count":0,"href":"https:\/\/biblian.is\/1981\/wp-json\/wp\/v2\/pages\/1853\/revisions"}],"wp:attachment":[{"href":"https:\/\/biblian.is\/1981\/wp-json\/wp\/v2\/media?parent=1853"}],"curies":[{"name":"wp","href":"https:\/\/api.w.org\/{rel}","templated":true}]}}