{"id":1838,"date":"2017-11-18T20:18:53","date_gmt":"2017-11-18T20:18:53","guid":{"rendered":"http:\/\/biblian.is\/1981\/salmarnir-14-kafli\/"},"modified":"2021-06-06T11:07:19","modified_gmt":"2021-06-06T11:07:19","slug":"salmarnir-14-kafli","status":"publish","type":"page","link":"https:\/\/biblian.is\/1981\/salmarnir-14-kafli\/","title":{"rendered":"S\u00e1lmarnir 14. kafli"},"content":{"rendered":"<p><a name=\"1\"><span class=\"versanumer\">1<\/span><\/a>Til s\u00f6ngstj\u00f3rans. Dav\u00ed\u00f0ss\u00e1lmur. Heimskinginn segir \u00ed hjarta s\u00ednu: Gu\u00f0 er ekki til. Ill og andstyggileg er breytni \u00feeirra, enginn gj\u00f6rir \u00fea\u00f0 sem gott er.<a name=\"2\"><span class=\"versanumer\">2<\/span><\/a>Drottinn l\u00edtur af himni ni\u00f0ur \u00e1 mennina til \u00feess a\u00f0 sj\u00e1, hvort nokkur s\u00e9 hygginn, nokkur sem leiti Gu\u00f0s.<a name=\"3\"><span class=\"versanumer\">3<\/span><\/a>Allir eru viknir af lei\u00f0, allir spilltir, enginn gj\u00f6rir \u00fea\u00f0 sem gott er ekki einn.<a name=\"4\"><span class=\"versanumer\">4<\/span><\/a>Skyldu \u00feeir ekki f\u00e1 a\u00f0 kenna \u00e1 \u00fev\u00ed, allir illgj\u00f6r\u00f0amennirnir, \u00feeir er eta l\u00fd\u00f0 minn sem brau\u00f0 v\u00e6ri og \u00e1kalla eigi Drottin?<a name=\"5\"><span class=\"versanumer\">5<\/span><\/a>\u00de\u00e1 skulu \u00feeir ver\u00f0a mj\u00f6g \u00f3ttaslegnir, \u00fev\u00ed a\u00f0 Gu\u00f0 er hj\u00e1 kynsl\u00f3\u00f0 r\u00e9ttl\u00e1tra.<a name=\"6\"><span class=\"versanumer\">6<\/span><\/a>\u00de\u00e9r megi\u00f0 l\u00e1ta r\u00e1\u00f0 hinna hrj\u00e1\u00f0u til skammar ver\u00f0a, \u00fev\u00ed a\u00f0 Drottinn er samt athvarf \u00feeirra.<a name=\"7\"><span class=\"versanumer\">7<\/span><\/a>\u00d3 a\u00f0 hj\u00e1lpr\u00e6\u00f0i \u00cdsraels komi fr\u00e1 S\u00edon! \u00deegar Drottinn sn\u00fdr vi\u00f0 hag l\u00fd\u00f0s s\u00edns, skal Jakob fagna og \u00cdsrael gle\u00f0jast.<\/p>\n<div class=\"footnote1981\"><b>14.1<\/b> Enginn Gu\u00f0 Slm 10.4+<br \/>\n<b>14.2<\/b> Drottinn horfir fr\u00e1 himni Slm 11.4; 102.20; 1M\u00f3s 11.5<br \/>\n<b>14.3<\/b> Villtir af lei\u00f0 R\u00f3m 3.10-12<br \/>\n<b>14.4<\/b> \u00c1kalla ekki Slm 79.6 \u2013 n\u00e6rast \u00e1 \u00fej\u00f3\u00f0 minni Slm 79.7; M\u00edk 3.3<br \/>\n<b>14.5<\/b> Skj\u00e1lfa af hr\u00e6\u00f0slu Slm 48.6-7 \u2013 me\u00f0 r\u00e9ttl\u00e1tum Slm 46.6<br \/>\n<b>14.7<\/b> Sn\u00fdr vi\u00f0 hag Slm 53.7; 85.5; 126.1-4<\/div>\n","protected":false},"excerpt":{"rendered":"<p>1Til s\u00f6ngstj\u00f3rans. Dav\u00ed\u00f0ss\u00e1lmur. Heimskinginn segir \u00ed hjarta s\u00ednu: Gu\u00f0 er ekki til. Ill og andstyggileg er breytni \u00feeirra, enginn gj\u00f6rir \u00fea\u00f0 sem gott er.2Drottinn l\u00edtur af himni ni\u00f0ur \u00e1 mennina til \u00feess a\u00f0 sj\u00e1, hvort nokkur s\u00e9 hygginn, nokkur sem leiti Gu\u00f0s.3Allir eru viknir af lei\u00f0, allir spilltir, enginn gj\u00f6rir \u00fea\u00f0 sem gott er ekki einn.4Skyldu \u00feeir ekki f\u00e1 a\u00f0 kenna \u00e1 \u00fev\u00ed, allir illgj\u00f6r\u00f0amennirnir, \u00feeir er eta l\u00fd\u00f0 minn sem brau\u00f0 v\u00e6ri og \u00e1kalla eigi Drottin?5\u00de\u00e1 skulu \u00feeir ver\u00f0a mj\u00f6g \u00f3ttaslegnir, \u00fev\u00ed a\u00f0 Gu\u00f0 er hj\u00e1 kynsl\u00f3\u00f0 r\u00e9ttl\u00e1tra.6\u00de\u00e9r megi\u00f0 l\u00e1ta r\u00e1\u00f0 hinna hrj\u00e1\u00f0u til skammar ver\u00f0a, \u00fev\u00ed a\u00f0 Drottinn <a href=\"https:\/\/biblian.is\/1981\/salmarnir-14-kafli\/\"> [&#8230;]<\/a><\/p>\n","protected":false},"author":1,"featured_media":0,"parent":0,"menu_order":0,"comment_status":"open","ping_status":"open","template":"bibliukaflar.php","meta":{"footnotes":""},"class_list":["post-1838","page","type-page","status-publish","hentry"],"_links":{"self":[{"href":"https:\/\/biblian.is\/1981\/wp-json\/wp\/v2\/pages\/1838","targetHints":{"allow":["GET"]}}],"collection":[{"href":"https:\/\/biblian.is\/1981\/wp-json\/wp\/v2\/pages"}],"about":[{"href":"https:\/\/biblian.is\/1981\/wp-json\/wp\/v2\/types\/page"}],"author":[{"embeddable":true,"href":"https:\/\/biblian.is\/1981\/wp-json\/wp\/v2\/users\/1"}],"replies":[{"embeddable":true,"href":"https:\/\/biblian.is\/1981\/wp-json\/wp\/v2\/comments?post=1838"}],"version-history":[{"count":0,"href":"https:\/\/biblian.is\/1981\/wp-json\/wp\/v2\/pages\/1838\/revisions"}],"wp:attachment":[{"href":"https:\/\/biblian.is\/1981\/wp-json\/wp\/v2\/media?parent=1838"}],"curies":[{"name":"wp","href":"https:\/\/api.w.org\/{rel}","templated":true}]}}