{"id":1835,"date":"2017-11-18T20:18:53","date_gmt":"2017-11-18T20:18:53","guid":{"rendered":"http:\/\/biblian.is\/1981\/salmarnir-11-kafli\/"},"modified":"2021-06-06T11:06:17","modified_gmt":"2021-06-06T11:06:17","slug":"salmarnir-11-kafli","status":"publish","type":"page","link":"https:\/\/biblian.is\/1981\/salmarnir-11-kafli\/","title":{"rendered":"S\u00e1lmarnir 11. kafli"},"content":{"rendered":"<p><a name=\"1\"><span class=\"versanumer\">1<\/span><\/a>Til s\u00f6ngstj\u00f3rans. Dav\u00ed\u00f0ss\u00e1lmur. Hj\u00e1 Drottni leita \u00e9g h\u00e6lis. Hvernig geti\u00f0 \u00fe\u00e9r sagt vi\u00f0 mig: Flj\u00fag sem fugl til fjallanna!<a name=\"2\"><span class=\"versanumer\">2<\/span><\/a>\u00dev\u00ed a\u00f0 n\u00fa benda hinir \u00f3gu\u00f0legu bogann, leggja \u00f6rvar s\u00ednar \u00e1 streng til \u00feess a\u00f0 skj\u00f3ta \u00ed myrkrinu \u00e1 hina hjartahreinu.<a name=\"3\"><span class=\"versanumer\">3<\/span><\/a>\u00deegar sto\u00f0irnar eru rifnar ni\u00f0ur, hva\u00f0 megna \u00fe\u00e1 hinir r\u00e9ttl\u00e1tu?<a name=\"4\"><span class=\"versanumer\">4<\/span><\/a>Drottinn er \u00ed s\u00ednu heilaga musteri, h\u00e1s\u00e6ti Drottins er \u00e1 himnum, augu hans sj\u00e1, sj\u00f3nir hans rannsaka mennina.<a name=\"5\"><span class=\"versanumer\">5<\/span><\/a>Drottinn rannsakar hinn r\u00e9ttl\u00e1ta og hinn \u00f3gu\u00f0lega, og \u00feann er elskar ofr\u00edki, hatar hann.<a name=\"6\"><span class=\"versanumer\">6<\/span><\/a>\u00c1 \u00f3gu\u00f0lega l\u00e6tur hann rigna gl\u00f3andi kolum, eldur og brennisteinn og brennheitur vindur er \u00feeirra m\u00e6ldi bikar.<a name=\"7\"><span class=\"versanumer\">7<\/span><\/a>\u00dev\u00ed a\u00f0 Drottinn er r\u00e9ttl\u00e1tur og hefir m\u00e6tur \u00e1 r\u00e9ttl\u00e6tisverkum. Hinir hreinskilnu f\u00e1 a\u00f0 l\u00edta auglit hans.<\/p>\n<div class=\"footnote1981\"><b>11.1<\/b> Leita h\u00e6lis Slm 7.2+ &#8211; fl\u00f3tti (til fjallanna) Slm 55.7-8; 1Sam 22.1; 1Makk 2.28<br \/>\n<b>11.2<\/b> Spenna bogann Slm 7.13; 64.4-5<br \/>\n<b>11.4<\/b> Drottinn \u00ed s\u00ednu heilaga musteri Slm 5.8; Hab 2.20 \u2013 h\u00e1s\u00e6ti hans \u00e1 himnum Slm 2.4; 103.19; sbr 47.9+ &#8211; Drottinn s\u00e9r Slm 14.2; 102.20; 113.6<br \/>\n<b>11.5<\/b> Drottinn reynir Jer 20.12<br \/>\n<b>11.6<\/b> Eldur og Brennisteinn 1M\u00f3s 19.24; Esk 38.22; Opb 20.10<br \/>\n<b>11.7<\/b> Auglit Slm 17.15; 63.3<\/div>\n","protected":false},"excerpt":{"rendered":"<p>1Til s\u00f6ngstj\u00f3rans. Dav\u00ed\u00f0ss\u00e1lmur. Hj\u00e1 Drottni leita \u00e9g h\u00e6lis. Hvernig geti\u00f0 \u00fe\u00e9r sagt vi\u00f0 mig: Flj\u00fag sem fugl til fjallanna!2\u00dev\u00ed a\u00f0 n\u00fa benda hinir \u00f3gu\u00f0legu bogann, leggja \u00f6rvar s\u00ednar \u00e1 streng til \u00feess a\u00f0 skj\u00f3ta \u00ed myrkrinu \u00e1 hina hjartahreinu.3\u00deegar sto\u00f0irnar eru rifnar ni\u00f0ur, hva\u00f0 megna \u00fe\u00e1 hinir r\u00e9ttl\u00e1tu?4Drottinn er \u00ed s\u00ednu heilaga musteri, h\u00e1s\u00e6ti Drottins er \u00e1 himnum, augu hans sj\u00e1, sj\u00f3nir hans rannsaka mennina.5Drottinn rannsakar hinn r\u00e9ttl\u00e1ta og hinn \u00f3gu\u00f0lega, og \u00feann er elskar ofr\u00edki, hatar hann.6\u00c1 \u00f3gu\u00f0lega l\u00e6tur hann rigna gl\u00f3andi kolum, eldur og brennisteinn og brennheitur vindur er \u00feeirra m\u00e6ldi bikar.7\u00dev\u00ed a\u00f0 Drottinn er r\u00e9ttl\u00e1tur og hefir <a href=\"https:\/\/biblian.is\/1981\/salmarnir-11-kafli\/\"> [&#8230;]<\/a><\/p>\n","protected":false},"author":1,"featured_media":0,"parent":0,"menu_order":0,"comment_status":"open","ping_status":"open","template":"bibliukaflar.php","meta":{"footnotes":""},"class_list":["post-1835","page","type-page","status-publish","hentry"],"_links":{"self":[{"href":"https:\/\/biblian.is\/1981\/wp-json\/wp\/v2\/pages\/1835","targetHints":{"allow":["GET"]}}],"collection":[{"href":"https:\/\/biblian.is\/1981\/wp-json\/wp\/v2\/pages"}],"about":[{"href":"https:\/\/biblian.is\/1981\/wp-json\/wp\/v2\/types\/page"}],"author":[{"embeddable":true,"href":"https:\/\/biblian.is\/1981\/wp-json\/wp\/v2\/users\/1"}],"replies":[{"embeddable":true,"href":"https:\/\/biblian.is\/1981\/wp-json\/wp\/v2\/comments?post=1835"}],"version-history":[{"count":0,"href":"https:\/\/biblian.is\/1981\/wp-json\/wp\/v2\/pages\/1835\/revisions"}],"wp:attachment":[{"href":"https:\/\/biblian.is\/1981\/wp-json\/wp\/v2\/media?parent=1835"}],"curies":[{"name":"wp","href":"https:\/\/api.w.org\/{rel}","templated":true}]}}