{"id":1834,"date":"2017-11-18T20:18:53","date_gmt":"2017-11-18T20:18:53","guid":{"rendered":"http:\/\/biblian.is\/1981\/salmarnir-10-kafli\/"},"modified":"2021-06-06T11:05:58","modified_gmt":"2021-06-06T11:05:58","slug":"salmarnir-10-kafli","status":"publish","type":"page","link":"https:\/\/biblian.is\/1981\/salmarnir-10-kafli\/","title":{"rendered":"S\u00e1lmarnir 10. kafli"},"content":{"rendered":"<p><a name=\"1\"><span class=\"versanumer\">1<\/span><\/a>Hv\u00ed stendur \u00fe\u00fa fjarri, Drottinn, hv\u00ed byrgir \u00fe\u00fa augu \u00fe\u00edn \u00e1 ney\u00f0art\u00edmum?<a name=\"2\"><span class=\"versanumer\">2<\/span><\/a>Hinn \u00f3gu\u00f0legi ofs\u00e6kir hina hrj\u00e1\u00f0u \u00ed hroka s\u00ednum, \u00feeir fl\u00e6kjast \u00ed v\u00e9lum \u00feeim, er \u00feeir hafa upp hugsa\u00f0.<a name=\"3\"><span class=\"versanumer\">3<\/span><\/a>Hinn \u00f3gu\u00f0legi lofar Gu\u00f0 fyrir \u00fea\u00f0, er s\u00e1la hans girnist, og hinn \u00e1s\u00e6lni pr\u00edsar Drottin, sem hann fyrirl\u00edtur.<a name=\"4\"><span class=\"versanumer\">4<\/span><\/a>Hinn \u00f3gu\u00f0legi segir \u00ed drambsemi sinni: Hann hegnir eigi! Gu\u00f0 er ekki til svo hugsar hann \u00ed \u00f6llu.<a name=\"5\"><span class=\"versanumer\">5<\/span><\/a>Fyrirt\u00e6ki hans heppnast \u00e6t\u00ed\u00f0, d\u00f3mar \u00fe\u00ednir fara h\u00e1tt yfir h\u00f6f\u00f0i hans, alla fjandmenn s\u00edna k\u00fagar hann.<a name=\"6\"><span class=\"versanumer\">6<\/span><\/a>Hann segir \u00ed hjarta s\u00ednu: \u00c9g ver\u00f0 eigi valtur \u00e1 f\u00f3tum, fr\u00e1 kyni til kyns mun \u00e9g eigi \u00ed \u00f3g\u00e6fu rata.<a name=\"7\"><span class=\"versanumer\">7<\/span><\/a>Munnur hans er fullur af form\u00e6lingum, svikum og ofbeldi, undir tungu hans b\u00fdr illska og rangl\u00e6ti.<a name=\"8\"><span class=\"versanumer\">8<\/span><\/a>Hann situr \u00ed launs\u00e1tri \u00ed \u00feorpunum, \u00ed sk\u00famaskotinu drepur hann hinn saklausa, augu hans skima eftir hinum b\u00e1gst\u00f6ddu.<a name=\"9\"><span class=\"versanumer\">9<\/span><\/a>&#8222;Hann gj\u00f6rir fyrirs\u00e1t \u00ed fylgsninu eins og lj\u00f3n \u00ed sk\u00f3garrunni; hann gj\u00f6rir fyrirs\u00e1t til \u00feess a\u00f0 n\u00e1 hinum vola\u00f0a, hann n\u00e6r honum \u00ed sn\u00f6ru s\u00edna, \u00ed net sitt.&#8220;<a name=\"10\"><span class=\"versanumer\">10<\/span><\/a>Kraminn hn\u00edgur hann ni\u00f0ur, hinn b\u00e1gstaddi fellur fyrir kl\u00f3m hans.<a name=\"11\"><span class=\"versanumer\">11<\/span><\/a>Hann segir \u00ed hjarta s\u00ednu: Gu\u00f0 gleymir \u00fev\u00ed, hann hefir huli\u00f0 auglit sitt, s\u00e9r \u00fea\u00f0 aldrei.<a name=\"12\"><span class=\"versanumer\">12<\/span><\/a>R\u00eds \u00fe\u00fa upp, Drottinn! Lyft \u00fe\u00fa upp hendi \u00feinni, Gu\u00f0! Gleym eigi hinum volu\u00f0u.<a name=\"13\"><span class=\"versanumer\">13<\/span><\/a>Hvers vegna \u00e1 hinn \u00f3gu\u00f0legi a\u00f0 s\u00fdna Gu\u00f0i fyrirlitningu, segja \u00ed hjarta s\u00ednu: \u00de\u00fa hegnir eigi?<a name=\"14\"><span class=\"versanumer\">14<\/span><\/a>&#8222;\u00de\u00fa gefur gaum a\u00f0 m\u00e6\u00f0u og b\u00f6li til \u00feess a\u00f0 taka \u00fea\u00f0 \u00ed h\u00f6nd \u00fe\u00edna. Hinn b\u00e1gstaddi felur \u00fe\u00e9r \u00fea\u00f0; \u00fe\u00fa ert hj\u00e1lpari f\u00f6\u00f0urlausra.&#8220;<a name=\"15\"><span class=\"versanumer\">15<\/span><\/a>Brj\u00f3t \u00fe\u00fa armlegg hins \u00f3gu\u00f0lega, og er \u00fe\u00fa leitar a\u00f0 gu\u00f0leysi hins vonda, finnur \u00fe\u00fa \u00fea\u00f0 eigi framar.<a name=\"16\"><span class=\"versanumer\">16<\/span><\/a>Drottinn er konungur um aldur og \u00e6vi, hei\u00f0ingjum er \u00fatr\u00fdmt \u00far landi hans.<a name=\"17\"><span class=\"versanumer\">17<\/span><\/a>\u00de\u00fa hefir heyrt \u00f3skir hinna volu\u00f0u, Drottinn, \u00fe\u00fa eykur \u00feeim hugrekki, hneigir eyra \u00feitt.<a name=\"18\"><span class=\"versanumer\">18<\/span><\/a>\u00de\u00fa l\u00e6tur hina f\u00f6\u00f0urlausu og k\u00fagu\u00f0u n\u00e1 r\u00e9tti s\u00ednum. Eigi skulu menn af moldu framar beita k\u00fagun.<\/p>\n<div class=\"footnote1981\"><b>10.1<\/b> Hv\u00ed? Slm 22.2<br \/>\n<b>10.3<\/b> L\u00edtilsvir\u00f0ir Drottinn Slm 10.13; 74.10,18<br \/>\n<b>10.4<\/b> Gu\u00f0 er ekki til Slm 14.1; 36.2; 73.11; Jer 5.12; Sef 1.12<br \/>\n<b>10.5<\/b> \u00d3gu\u00f0legum l\u00e1nast allt Slm 73.4-12- hann forsm\u00e1ir Slm 12.6; sbr Mrk 14.65<br \/>\n<b>10.6<\/b> Skrika f\u00f3tur Slm 30.7<br \/>\n<b>10.7<\/b> Munnur hans &#8230; R\u00f3m 3.14<br \/>\n<b>10.9<\/b> Fyrirs\u00e1t Slm 17.12; Jer 5.26; H\u00f3s 6.9 \u2013 net Slm 9.16+<br \/>\n<b>10.11<\/b> Gu\u00f0 s\u00e9r ekki Slm 73.11; 94.7; Esk 9.9; Job 22.13; sbr Slm 44.25; 74.23<br \/>\n<b>10.12<\/b> R\u00eds \u00fe\u00fa upp Slm 3.8+<br \/>\n<b>10.14<\/b> \u00de\u00fa gefur gaum a\u00f0 Slm 31.8; sbr 2M\u00f3s 3.7<br \/>\n<b>10.16<\/b> Konungur um aldur og \u00e6vi Slm 9.8+<br \/>\n<b>10.18<\/b> N\u00e1 r\u00e9tti s\u00ednum Slm 72.4; 82.3; 103.6; 140.13; 146.7; 5M\u00f3s 10.18; Jes 1.17; Jer 5.28; Job 36.6<\/div>\n","protected":false},"excerpt":{"rendered":"<p>1Hv\u00ed stendur \u00fe\u00fa fjarri, Drottinn, hv\u00ed byrgir \u00fe\u00fa augu \u00fe\u00edn \u00e1 ney\u00f0art\u00edmum?2Hinn \u00f3gu\u00f0legi ofs\u00e6kir hina hrj\u00e1\u00f0u \u00ed hroka s\u00ednum, \u00feeir fl\u00e6kjast \u00ed v\u00e9lum \u00feeim, er \u00feeir hafa upp hugsa\u00f0.3Hinn \u00f3gu\u00f0legi lofar Gu\u00f0 fyrir \u00fea\u00f0, er s\u00e1la hans girnist, og hinn \u00e1s\u00e6lni pr\u00edsar Drottin, sem hann fyrirl\u00edtur.4Hinn \u00f3gu\u00f0legi segir \u00ed drambsemi sinni: Hann hegnir eigi! Gu\u00f0 er ekki til svo hugsar hann \u00ed \u00f6llu.5Fyrirt\u00e6ki hans heppnast \u00e6t\u00ed\u00f0, d\u00f3mar \u00fe\u00ednir fara h\u00e1tt yfir h\u00f6f\u00f0i hans, alla fjandmenn s\u00edna k\u00fagar hann.6Hann segir \u00ed hjarta s\u00ednu: \u00c9g ver\u00f0 eigi valtur \u00e1 f\u00f3tum, fr\u00e1 kyni til kyns mun \u00e9g eigi \u00ed \u00f3g\u00e6fu rata.7Munnur hans er <a href=\"https:\/\/biblian.is\/1981\/salmarnir-10-kafli\/\"> [&#8230;]<\/a><\/p>\n","protected":false},"author":1,"featured_media":0,"parent":0,"menu_order":0,"comment_status":"open","ping_status":"open","template":"bibliukaflar.php","meta":{"footnotes":""},"class_list":["post-1834","page","type-page","status-publish","hentry"],"_links":{"self":[{"href":"https:\/\/biblian.is\/1981\/wp-json\/wp\/v2\/pages\/1834","targetHints":{"allow":["GET"]}}],"collection":[{"href":"https:\/\/biblian.is\/1981\/wp-json\/wp\/v2\/pages"}],"about":[{"href":"https:\/\/biblian.is\/1981\/wp-json\/wp\/v2\/types\/page"}],"author":[{"embeddable":true,"href":"https:\/\/biblian.is\/1981\/wp-json\/wp\/v2\/users\/1"}],"replies":[{"embeddable":true,"href":"https:\/\/biblian.is\/1981\/wp-json\/wp\/v2\/comments?post=1834"}],"version-history":[{"count":0,"href":"https:\/\/biblian.is\/1981\/wp-json\/wp\/v2\/pages\/1834\/revisions"}],"wp:attachment":[{"href":"https:\/\/biblian.is\/1981\/wp-json\/wp\/v2\/media?parent=1834"}],"curies":[{"name":"wp","href":"https:\/\/api.w.org\/{rel}","templated":true}]}}