{"id":1830,"date":"2017-11-18T20:18:53","date_gmt":"2017-11-18T20:18:53","guid":{"rendered":"http:\/\/biblian.is\/1981\/salmarnir-6-kafli\/"},"modified":"2021-06-06T11:09:56","modified_gmt":"2021-06-06T11:09:56","slug":"salmarnir-6-kafli","status":"publish","type":"page","link":"https:\/\/biblian.is\/1981\/salmarnir-6-kafli\/","title":{"rendered":"S\u00e1lmarnir 6. kafli"},"content":{"rendered":"<p><a name=\"1\"><span class=\"versanumer\">1<\/span><\/a>Til s\u00f6ngstj\u00f3rans. Me\u00f0 strengjaleik \u00e1 \u00e1ttstrengja\u00f0 hlj\u00f3\u00f0f\u00e6ri. Dav\u00ed\u00f0ss\u00e1lmur.<a name=\"2\"><span class=\"versanumer\">2<\/span><\/a>Drottinn, refsa m\u00e9r ekki \u00ed rei\u00f0i \u00feinni og tyfta mig ekki \u00ed gremi \u00feinni.<a name=\"3\"><span class=\"versanumer\">3<\/span><\/a>L\u00edkna m\u00e9r, Drottinn, \u00fev\u00ed a\u00f0 \u00e9g \u00f6rmagnast, l\u00e6kna mig, Drottinn, \u00fev\u00ed a\u00f0 bein m\u00edn t\u00e6rast.<a name=\"4\"><span class=\"versanumer\">4<\/span><\/a>S\u00e1l m\u00edn er \u00f3ttaslegin, en \u00fe\u00fa, \u00f3 Drottinn hversu lengi?<a name=\"5\"><span class=\"versanumer\">5<\/span><\/a>Sn\u00fa \u00fe\u00fa aftur, Drottinn, frelsa s\u00e1lu m\u00edna, hj\u00e1lpa m\u00e9r sakir elsku \u00feinnar.<a name=\"6\"><span class=\"versanumer\">6<\/span><\/a>\u00dev\u00ed a\u00f0 enginn minnist \u00fe\u00edn \u00ed d\u00e1narheimum, hver skyldi lofa \u00feig hj\u00e1 Helju?<a name=\"7\"><span class=\"versanumer\">7<\/span><\/a>\u00c9g er \u00fereyttur af andv\u00f6rpum m\u00ednum, \u00e9g lauga rekkju m\u00edna \u00ed t\u00e1rum, l\u00e6t hv\u00edlu m\u00edna fl\u00f3a hverja n\u00f3tt.<a name=\"8\"><span class=\"versanumer\">8<\/span><\/a>Augu m\u00edn eru d\u00f6pru\u00f0 af harmi, or\u00f0in slj\u00f3 sakir allra \u00f3vina minna.<a name=\"9\"><span class=\"versanumer\">9<\/span><\/a>Fari\u00f0 fr\u00e1 m\u00e9r, allir illgj\u00f6r\u00f0amenn, \u00fev\u00ed a\u00f0 Drottinn hefir heyrt gr\u00e1traust m\u00edna.<a name=\"10\"><span class=\"versanumer\">10<\/span><\/a>Drottinn hefir heyrt gr\u00e1tbei\u00f0ni m\u00edna, Drottinn tekur \u00e1 m\u00f3ti b\u00e6n minni.<a name=\"11\"><span class=\"versanumer\">11<\/span><\/a>Allir \u00f3vinir m\u00ednir skulu ver\u00f0a til skammar og skelfast mj\u00f6g, hra\u00f0a s\u00e9r sneyptir burt.<\/p>\n<div class=\"footnote1981\"><b>6.2<\/b> \u00cd rei\u00f0i Slm 38.2; Jer 10.24; sbr Okv 3.11-12<br \/>\n<b>6.3<\/b> L\u00edkna m\u00e9r Slm 30.3; 41.5; sbr 107.20<br \/>\n<b>6.4<\/b> Hversu lengi? Slm 80.5; 90.13; Jes 6.11; Hab 1.2; Sak 1.12; sbr Slm 13.2; 74.9; 89.47; 94.3; Opb 6.10<br \/>\n<b>6.5<\/b> Sn\u00fa \u00fe\u00fa aftur Slm 90.13<br \/>\n<b>6.6<\/b> \u00cd d\u00e1narheimum Slm 30.10; 88.6,11-13; 115.17; Jes 38.18<br \/>\n<b>6.7<\/b> \u00darvinda Slm 69.4; Jer 45.3<br \/>\n<b>6.8<\/b> D\u00f6pur af harmi Slm 31.10<br \/>\n<b>6.9<\/b> V\u00edki\u00f0 fr\u00e1 Slm 119.115; 139.19; Matt 7.23; L\u00fak 13.27; sbr Matt 25.41<br \/>\n<b>6.10<\/b> Drottinn hefur Hlusta\u00f0 Slm 4.4; 34.7; 116.1; 145.19; 1M\u00f3s 16.11; 2M\u00f3s 2.24; 3.7; 22.22,26; Jes 30.19; J\u00f3n 2.3; Neh 9.9<br \/>\n<b>6.11<\/b> Ver\u00f0a til skammar og skelfast Slm 83.18<\/div>\n","protected":false},"excerpt":{"rendered":"<p>1Til s\u00f6ngstj\u00f3rans. Me\u00f0 strengjaleik \u00e1 \u00e1ttstrengja\u00f0 hlj\u00f3\u00f0f\u00e6ri. Dav\u00ed\u00f0ss\u00e1lmur.2Drottinn, refsa m\u00e9r ekki \u00ed rei\u00f0i \u00feinni og tyfta mig ekki \u00ed gremi \u00feinni.3L\u00edkna m\u00e9r, Drottinn, \u00fev\u00ed a\u00f0 \u00e9g \u00f6rmagnast, l\u00e6kna mig, Drottinn, \u00fev\u00ed a\u00f0 bein m\u00edn t\u00e6rast.4S\u00e1l m\u00edn er \u00f3ttaslegin, en \u00fe\u00fa, \u00f3 Drottinn hversu lengi?5Sn\u00fa \u00fe\u00fa aftur, Drottinn, frelsa s\u00e1lu m\u00edna, hj\u00e1lpa m\u00e9r sakir elsku \u00feinnar.6\u00dev\u00ed a\u00f0 enginn minnist \u00fe\u00edn \u00ed d\u00e1narheimum, hver skyldi lofa \u00feig hj\u00e1 Helju?7\u00c9g er \u00fereyttur af andv\u00f6rpum m\u00ednum, \u00e9g lauga rekkju m\u00edna \u00ed t\u00e1rum, l\u00e6t hv\u00edlu m\u00edna fl\u00f3a hverja n\u00f3tt.8Augu m\u00edn eru d\u00f6pru\u00f0 af harmi, or\u00f0in slj\u00f3 sakir allra \u00f3vina minna.9Fari\u00f0 fr\u00e1 m\u00e9r, allir illgj\u00f6r\u00f0amenn, \u00fev\u00ed <a href=\"https:\/\/biblian.is\/1981\/salmarnir-6-kafli\/\"> [&#8230;]<\/a><\/p>\n","protected":false},"author":1,"featured_media":0,"parent":0,"menu_order":0,"comment_status":"open","ping_status":"open","template":"bibliukaflar.php","meta":{"footnotes":""},"class_list":["post-1830","page","type-page","status-publish","hentry"],"_links":{"self":[{"href":"https:\/\/biblian.is\/1981\/wp-json\/wp\/v2\/pages\/1830","targetHints":{"allow":["GET"]}}],"collection":[{"href":"https:\/\/biblian.is\/1981\/wp-json\/wp\/v2\/pages"}],"about":[{"href":"https:\/\/biblian.is\/1981\/wp-json\/wp\/v2\/types\/page"}],"author":[{"embeddable":true,"href":"https:\/\/biblian.is\/1981\/wp-json\/wp\/v2\/users\/1"}],"replies":[{"embeddable":true,"href":"https:\/\/biblian.is\/1981\/wp-json\/wp\/v2\/comments?post=1830"}],"version-history":[{"count":0,"href":"https:\/\/biblian.is\/1981\/wp-json\/wp\/v2\/pages\/1830\/revisions"}],"wp:attachment":[{"href":"https:\/\/biblian.is\/1981\/wp-json\/wp\/v2\/media?parent=1830"}],"curies":[{"name":"wp","href":"https:\/\/api.w.org\/{rel}","templated":true}]}}