{"id":1826,"date":"2017-11-18T20:18:48","date_gmt":"2017-11-18T20:18:48","guid":{"rendered":"http:\/\/biblian.is\/1981\/salmarnir-2-kafli\/"},"modified":"2021-06-06T11:09:44","modified_gmt":"2021-06-06T11:09:44","slug":"salmarnir-2-kafli","status":"publish","type":"page","link":"https:\/\/biblian.is\/1981\/salmarnir-2-kafli\/","title":{"rendered":"S\u00e1lmarnir 2. kafli"},"content":{"rendered":"<p><a name=\"1\"><span class=\"versanumer\">1<\/span><\/a>Hv\u00ed geisa hei\u00f0ingjarnir og hv\u00ed hyggja \u00fej\u00f3\u00f0irnar \u00e1 f\u00e1n\u00fdt r\u00e1\u00f0?<a name=\"2\"><span class=\"versanumer\">2<\/span><\/a>Konungar jar\u00f0arinnar ganga fram, og h\u00f6f\u00f0ingjarnir bera r\u00e1\u00f0 s\u00edn saman gegn Drottni og hans smur\u00f0a:<a name=\"3\"><span class=\"versanumer\">3<\/span><\/a>V\u00e9r skulum brj\u00f3ta sundur fj\u00f6tra \u00feeirra, v\u00e9r skulum varpa af oss vi\u00f0jum \u00feeirra.<a name=\"4\"><span class=\"versanumer\">4<\/span><\/a>Hann sem situr \u00e1 himni hl\u00e6r. Drottinn gj\u00f6rir gys a\u00f0 \u00feeim.<a name=\"5\"><span class=\"versanumer\">5<\/span><\/a>\u00dev\u00ed n\u00e6st talar hann til \u00feeirra \u00ed rei\u00f0i sinni, skelfir \u00fe\u00e1 \u00ed br\u00e6\u00f0i sinni:<a name=\"6\"><span class=\"versanumer\">6<\/span><\/a>\u00c9g hefi skipa\u00f0 konung minn \u00e1 S\u00edon, fjalli\u00f0 mitt helga.<a name=\"7\"><span class=\"versanumer\">7<\/span><\/a>\u00c9g vil kunngj\u00f6ra \u00e1lyktun Drottins: Hann m\u00e6lti vi\u00f0 mig: \u00de\u00fa ert sonur minn. \u00cd dag gat \u00e9g \u00feig.<a name=\"8\"><span class=\"versanumer\">8<\/span><\/a>Bi\u00f0 \u00fe\u00fa mig, og \u00e9g mun gefa \u00fe\u00e9r \u00fej\u00f3\u00f0irnar a\u00f0 erf\u00f0 og endim\u00f6rk jar\u00f0ar a\u00f0 \u00f3\u00f0ali.<a name=\"9\"><span class=\"versanumer\">9<\/span><\/a>\u00de\u00fa skalt mola \u00fe\u00e1 me\u00f0 j\u00e1rnsprota, m\u00f6lva \u00fe\u00e1 sem leirsmi\u00f0s ker.<a name=\"10\"><span class=\"versanumer\">10<\/span><\/a>Veri\u00f0 \u00fev\u00ed hyggnir, \u00fe\u00e9r konungar, l\u00e1ti\u00f0 y\u00f0ur segjast, \u00fe\u00e9r d\u00f3marar \u00e1 j\u00f6r\u00f0u.<a name=\"11\"><span class=\"versanumer\">11<\/span><\/a>\u00dej\u00f3ni\u00f0 Drottni me\u00f0 \u00f3tta og fagni\u00f0 me\u00f0 lotningu.<a name=\"12\"><span class=\"versanumer\">12<\/span><\/a>Hylli\u00f0 soninn, a\u00f0 hann rei\u00f0ist eigi og vegur y\u00f0ar endi \u00ed vegleysu,<a name=\"13\"><span class=\"versanumer\">13<\/span><\/a>\u00fev\u00ed a\u00f0 skj\u00f3tt b\u00e1last upp rei\u00f0i hans. S\u00e6ll er hver s\u00e1 er leitar h\u00e6lis hj\u00e1 honum.<\/p>\n<div class=\"footnote1981\"><b>2.1-2<\/b> Sbr Post 4.25-26<br \/>\n<b>2.2<\/b> R\u00e1\u00f0agj\u00f6r\u00f0ir Slm 48.5; 83.6; Jes 7.4-6; H\u00f3s 7.3-7; Opb 19.19 \u2013 hans smur\u00f0a Slm 18.51; 20.7; 28.8; 84.10; 89.39; 132.10; 1Sam 2.10; 10.1; 16.1,13<br \/>\n<b>2.3<\/b> Fj\u00f6trar \u00feeirra Slm 149.8<br \/>\n<b>2.4<\/b> Situr \u00e1 himni Slm 115.3; 123.1, sbr Matt 6.9 \u2013 Drottinn hl\u00e6r Slm 37.13; 59.9<br \/>\n<b>2.6<\/b> Kr\u00fdnt konung minn 1Kon 1.33-35; 2Kon 11.12 \u2013 S\u00edon Slm 20.3; 110.2 \u2013 heilagt fjall Slm 3.5+<br \/>\n<b>2.7<\/b> Sbr Post 13.33; Heb 1.5; 5.5; sbr Matt 3.17; 17.5; 2P\u00e9t 1.17 \u2013 sonur minn 2Sam 7.14<br \/>\n<b>2.8<\/b> Bi\u00f0 \u00fe\u00fa mig Slm 21.5; 1Kon 3.5 \u2013 \u00fej\u00f3\u00f0irnar a\u00f0 erf\u00f0um Slm 82.8<br \/>\n<b>2.9<\/b> J\u00e1rnstafur Opb 2.27; 12.5; 19.15 \u2013 mola Slm 68.22; 110.5-6<br \/>\n<b>2.10<\/b> Veri\u00f0 hyggnir SSal 6.1-11<br \/>\n<b>2.11<\/b> Konungar \u00fej\u00f3ni Drottni Slm 72.11; Dan 7.14<br \/>\n<b>2.13<\/b> S\u00e6ll Slm 1.1+; 34.9 \u2013 leita h\u00e6lis hj\u00e1 Drottni Slm 118.8-9; sbr D\u00f3m 9.15<\/div>\n","protected":false},"excerpt":{"rendered":"<p>1Hv\u00ed geisa hei\u00f0ingjarnir og hv\u00ed hyggja \u00fej\u00f3\u00f0irnar \u00e1 f\u00e1n\u00fdt r\u00e1\u00f0?2Konungar jar\u00f0arinnar ganga fram, og h\u00f6f\u00f0ingjarnir bera r\u00e1\u00f0 s\u00edn saman gegn Drottni og hans smur\u00f0a:3V\u00e9r skulum brj\u00f3ta sundur fj\u00f6tra \u00feeirra, v\u00e9r skulum varpa af oss vi\u00f0jum \u00feeirra.4Hann sem situr \u00e1 himni hl\u00e6r. Drottinn gj\u00f6rir gys a\u00f0 \u00feeim.5\u00dev\u00ed n\u00e6st talar hann til \u00feeirra \u00ed rei\u00f0i sinni, skelfir \u00fe\u00e1 \u00ed br\u00e6\u00f0i sinni:6\u00c9g hefi skipa\u00f0 konung minn \u00e1 S\u00edon, fjalli\u00f0 mitt helga.7\u00c9g vil kunngj\u00f6ra \u00e1lyktun Drottins: Hann m\u00e6lti vi\u00f0 mig: \u00de\u00fa ert sonur minn. \u00cd dag gat \u00e9g \u00feig.8Bi\u00f0 \u00fe\u00fa mig, og \u00e9g mun gefa \u00fe\u00e9r \u00fej\u00f3\u00f0irnar a\u00f0 erf\u00f0 og endim\u00f6rk jar\u00f0ar a\u00f0 \u00f3\u00f0ali.9\u00de\u00fa <a href=\"https:\/\/biblian.is\/1981\/salmarnir-2-kafli\/\"> [&#8230;]<\/a><\/p>\n","protected":false},"author":1,"featured_media":0,"parent":0,"menu_order":0,"comment_status":"open","ping_status":"open","template":"bibliukaflar.php","meta":{"footnotes":""},"class_list":["post-1826","page","type-page","status-publish","hentry"],"_links":{"self":[{"href":"https:\/\/biblian.is\/1981\/wp-json\/wp\/v2\/pages\/1826","targetHints":{"allow":["GET"]}}],"collection":[{"href":"https:\/\/biblian.is\/1981\/wp-json\/wp\/v2\/pages"}],"about":[{"href":"https:\/\/biblian.is\/1981\/wp-json\/wp\/v2\/types\/page"}],"author":[{"embeddable":true,"href":"https:\/\/biblian.is\/1981\/wp-json\/wp\/v2\/users\/1"}],"replies":[{"embeddable":true,"href":"https:\/\/biblian.is\/1981\/wp-json\/wp\/v2\/comments?post=1826"}],"version-history":[{"count":0,"href":"https:\/\/biblian.is\/1981\/wp-json\/wp\/v2\/pages\/1826\/revisions"}],"wp:attachment":[{"href":"https:\/\/biblian.is\/1981\/wp-json\/wp\/v2\/media?parent=1826"}],"curies":[{"name":"wp","href":"https:\/\/api.w.org\/{rel}","templated":true}]}}