{"id":1822,"date":"2017-11-18T20:18:48","date_gmt":"2017-11-18T20:18:48","guid":{"rendered":"http:\/\/biblian.is\/1981\/jobsbok-40-kafli\/"},"modified":"2017-11-18T20:18:48","modified_gmt":"2017-11-18T20:18:48","slug":"jobsbok-40-kafli","status":"publish","type":"page","link":"https:\/\/biblian.is\/1981\/jobsbok-40-kafli\/","title":{"rendered":"Jobsb\u00f3k 40. kafli"},"content":{"rendered":"<p><a name=\"1\"><span class=\"versanumer\">1<\/span><\/a>Og Drottinn m\u00e6lti til Jobs og sag\u00f0i:<a name=\"2\"><span class=\"versanumer\">2<\/span><\/a>Vill \u00e1m\u00e6lisma\u00f0urinn \u00fer\u00e1tta vi\u00f0 hinn Alm\u00e1ttka? S\u00e1 er sakir ber \u00e1 Gu\u00f0, svari hann \u00feessu!<a name=\"3\"><span class=\"versanumer\">3<\/span><\/a>\u00de\u00e1 svara\u00f0i Job Drottni og sag\u00f0i:<a name=\"4\"><span class=\"versanumer\">4<\/span><\/a>Sj\u00e1, \u00e9g er of l\u00edtilm\u00f3tlegur, hverju \u00e1 \u00e9g a\u00f0 svara \u00fe\u00e9r? \u00c9g legg h\u00f6nd m\u00edna \u00e1 munninn.<a name=\"5\"><span class=\"versanumer\">5<\/span><\/a>Einu sinni hefi \u00e9g tala\u00f0, og endurtek \u00fea\u00f0 eigi, tvisvar, og gj\u00f6ri \u00fea\u00f0 ekki oftar.<a name=\"6\"><span class=\"versanumer\">6<\/span><\/a>\u00e1 svara\u00f0i Drottinn Job \u00far stormvi\u00f0rinu og sag\u00f0i:<a name=\"7\"><span class=\"versanumer\">7<\/span><\/a>Gyr\u00f0 lendar \u00fe\u00ednar eins og ma\u00f0ur. \u00c9g mun spyrja \u00feig, og \u00fe\u00fa skalt fr\u00e6\u00f0a mig.<a name=\"8\"><span class=\"versanumer\">8<\/span><\/a>\u00c6tlar \u00fe\u00fa jafnvel a\u00f0 gj\u00f6ra r\u00e9tt minn a\u00f0 engu, d\u00e6ma mig sekan, til \u00feess a\u00f0 \u00fe\u00fa standir r\u00e9ttl\u00e6ttur?<a name=\"9\"><span class=\"versanumer\">9<\/span><\/a>Hefir \u00fe\u00fa \u00fe\u00e1 armlegg eins og Gu\u00f0, og getur \u00fe\u00fa \u00feruma\u00f0 me\u00f0 sl\u00edkri r\u00f6dd sem hann?<a name=\"10\"><span class=\"versanumer\">10<\/span><\/a>Skr\u00fd\u00f0 \u00feig vegsemd og tign, \u00edkl\u00e6\u00f0 \u00feig d\u00fdr\u00f0 og lj\u00f3ma!<a name=\"11\"><span class=\"versanumer\">11<\/span><\/a>L\u00e1t \u00fathellast strauma rei\u00f0i \u00feinnar og varpa til jar\u00f0ar me\u00f0 einu tilliti s\u00e9rhverjum drambl\u00e1tum.<a name=\"12\"><span class=\"versanumer\">12<\/span><\/a>Au\u00f0m\u00fdk \u00fe\u00fa s\u00e9rhvern drambl\u00e1tan me\u00f0 einu tilliti, og tro\u00f0 \u00fe\u00fa hina \u00f3gu\u00f0legu ni\u00f0ur \u00fear sem \u00feeir standa.<a name=\"13\"><span class=\"versanumer\">13<\/span><\/a>Byrg \u00fe\u00fa \u00fe\u00e1 \u00ed moldu alla saman, loka andlit \u00feeirra inni \u00ed myrkri,<a name=\"14\"><span class=\"versanumer\">14<\/span><\/a>\u00fe\u00e1 skal \u00e9g l\u00edka lofa \u00feig, fyrir \u00fea\u00f0 a\u00f0 h\u00e6gri h\u00f6nd \u00fe\u00edn veitir \u00fe\u00e9r fulltingi.<a name=\"15\"><span class=\"versanumer\">15<\/span><\/a>Sj\u00e1, nykurinn sem \u00e9g hefi skapa\u00f0 eins og \u00feig, hann etur gras eins og naut.<a name=\"16\"><span class=\"versanumer\">16<\/span><\/a>Sj\u00e1, kraftur hans er \u00ed lendum hans og afl hans \u00ed kvi\u00f0v\u00f6\u00f0vunum.<a name=\"17\"><span class=\"versanumer\">17<\/span><\/a>Hann sperrir upp stertinn eins og sedrustr\u00e9, l\u00e6rsinar hans eru ofnar saman.<a name=\"18\"><span class=\"versanumer\">18<\/span><\/a>Leggir hans eru eirp\u00edpur, beinin eins og j\u00e1rnstafur.<a name=\"19\"><span class=\"versanumer\">19<\/span><\/a>Hann er frumgr\u00f3\u00f0i Gu\u00f0s verka, s\u00e1 er sk\u00f3p hann, gaf honum sver\u00f0 hans.<a name=\"20\"><span class=\"versanumer\">20<\/span><\/a>Fj\u00f6llin l\u00e1ta honum grasbeit \u00ed t\u00e9, og \u00fear leika s\u00e9r d\u00fdr merkurinnar.<a name=\"21\"><span class=\"versanumer\">21<\/span><\/a>Hann liggur undir l\u00f3tusrunnum \u00ed skj\u00f3li vi\u00f0 reyr og sef.<a name=\"22\"><span class=\"versanumer\">22<\/span><\/a>L\u00f3tusrunnarnir brei\u00f0a skugga yfir hann, l\u00e6kjarp\u00edlvi\u00f0irnir lykja um hann.<a name=\"23\"><span class=\"versanumer\">23<\/span><\/a>Sj\u00e1, \u00feegar v\u00f6xtur kemur \u00ed \u00e1na, skelfist hann ekki, hann er \u00f3hultur, \u00fe\u00f3tt flj\u00f3t belji \u00e1 skolti hans.<a name=\"24\"><span class=\"versanumer\">24<\/span><\/a>Getur nokkur veitt hann me\u00f0 \u00fev\u00ed a\u00f0 ganga framan a\u00f0 honum, getur nokkur dregi\u00f0 taug gegnum nasir hans?<\/p>\n<div class=\"footnote1981\"><b>40.2<\/b> Deila vi\u00f0 Gu\u00f0 Job 9.3+ &#8211; hann svari Job 38.3<br \/>\n<b>40.4<\/b> L\u00e9ttv\u00e6gur 1M\u00f3s 18.27-32; Jes 6.5 \u2013 h\u00f6nd \u00e1 munn Job 21.5+<br \/>\n<b>40.6<\/b> \u00dar storminum Job 9.17+<br \/>\n<b>40.7<\/b> Gyrtu lendar \u00fe\u00ednar Job 38.3<br \/>\n<b>40.8<\/b> R\u00e9ttl\u00e6ttur Job 4.17+<br \/>\n<b>40.9<\/b> Armur Gu\u00f0s Slm 89.10-14; L\u00fak 1.51 \u2013 \u00feruman, r\u00f6dd Gu\u00f0s Job 37.2-5<br \/>\n<b>40.10<\/b> Skr\u00fdddu \u00feig Slm 93.1; 104.1-2<br \/>\n<b>40.11<\/b> Sk\u00e1lar rei\u00f0i \u00feinnar Nah 1.6 \u2013 ni\u00f0url\u00e6g\u00f0u Jes 2.11-18; Okv 29.23<br \/>\n<b>40.13<\/b> \u00c1leyndum sta\u00f0 Jes 14.9-15<br \/>\n<b>40.14<\/b> Lofa \u00feig sbr Slm 7.18; 18.50 \u2013 h\u00e6gri h\u00f6nd \u00fe\u00edn &#8230; Slm 138.7<br \/>\n<b>40.15<\/b> Eins og \u00feig 1M\u00f3s 2.7,19; Pr\u00e9d 3.19-21<br \/>\n<b>40.19<\/b> Frumsk\u00f6pun Gu\u00f0s Okv 8.22 \u2013 sver\u00f0 hans 1M\u00f3s 3.24<br \/>\n<b>40.21<\/b> Sef Slm 68.31<br \/>\n<b>40.25<\/b> Kr\u00f3k\u00f3d\u00edll Job 3.8+ ; 26.13; sbr Esk 29.3-5; 32.2-8<br \/>\n<b>40.29<\/b> Eins og sm\u00e1fugl Matt 10.29-31; L\u00fak 12.6-7<br \/>\n<b>40.30<\/b> Skipta me\u00f0al sm\u00e1sala sbr Esk 32.4-5<\/div>\n","protected":false},"excerpt":{"rendered":"<p>1Og Drottinn m\u00e6lti til Jobs og sag\u00f0i:2Vill \u00e1m\u00e6lisma\u00f0urinn \u00fer\u00e1tta vi\u00f0 hinn Alm\u00e1ttka? S\u00e1 er sakir ber \u00e1 Gu\u00f0, svari hann \u00feessu!3\u00de\u00e1 svara\u00f0i Job Drottni og sag\u00f0i:4Sj\u00e1, \u00e9g er of l\u00edtilm\u00f3tlegur, hverju \u00e1 \u00e9g a\u00f0 svara \u00fe\u00e9r? \u00c9g legg h\u00f6nd m\u00edna \u00e1 munninn.5Einu sinni hefi \u00e9g tala\u00f0, og endurtek \u00fea\u00f0 eigi, tvisvar, og gj\u00f6ri \u00fea\u00f0 ekki oftar.6\u00e1 svara\u00f0i Drottinn Job \u00far stormvi\u00f0rinu og sag\u00f0i:7Gyr\u00f0 lendar \u00fe\u00ednar eins og ma\u00f0ur. \u00c9g mun spyrja \u00feig, og \u00fe\u00fa skalt fr\u00e6\u00f0a mig.8\u00c6tlar \u00fe\u00fa jafnvel a\u00f0 gj\u00f6ra r\u00e9tt minn a\u00f0 engu, d\u00e6ma mig sekan, til \u00feess a\u00f0 \u00fe\u00fa standir r\u00e9ttl\u00e6ttur?9Hefir \u00fe\u00fa \u00fe\u00e1 armlegg eins og Gu\u00f0, <a href=\"https:\/\/biblian.is\/1981\/jobsbok-40-kafli\/\"> [&#8230;]<\/a><\/p>\n","protected":false},"author":1,"featured_media":0,"parent":0,"menu_order":0,"comment_status":"open","ping_status":"open","template":"bibliukaflar.php","meta":{"footnotes":""},"class_list":["post-1822","page","type-page","status-publish","hentry"],"_links":{"self":[{"href":"https:\/\/biblian.is\/1981\/wp-json\/wp\/v2\/pages\/1822","targetHints":{"allow":["GET"]}}],"collection":[{"href":"https:\/\/biblian.is\/1981\/wp-json\/wp\/v2\/pages"}],"about":[{"href":"https:\/\/biblian.is\/1981\/wp-json\/wp\/v2\/types\/page"}],"author":[{"embeddable":true,"href":"https:\/\/biblian.is\/1981\/wp-json\/wp\/v2\/users\/1"}],"replies":[{"embeddable":true,"href":"https:\/\/biblian.is\/1981\/wp-json\/wp\/v2\/comments?post=1822"}],"version-history":[{"count":0,"href":"https:\/\/biblian.is\/1981\/wp-json\/wp\/v2\/pages\/1822\/revisions"}],"wp:attachment":[{"href":"https:\/\/biblian.is\/1981\/wp-json\/wp\/v2\/media?parent=1822"}],"curies":[{"name":"wp","href":"https:\/\/api.w.org\/{rel}","templated":true}]}}