{"id":1820,"date":"2017-11-18T20:18:48","date_gmt":"2017-11-18T20:18:48","guid":{"rendered":"http:\/\/biblian.is\/1981\/jobsbok-38-kafli\/"},"modified":"2017-11-18T20:18:48","modified_gmt":"2017-11-18T20:18:48","slug":"jobsbok-38-kafli","status":"publish","type":"page","link":"https:\/\/biblian.is\/1981\/jobsbok-38-kafli\/","title":{"rendered":"Jobsb\u00f3k 38. kafli"},"content":{"rendered":"<p><a name=\"1\"><span class=\"versanumer\">1<\/span><\/a>\u00de\u00e1 svara\u00f0i Drottinn Job \u00far stormvi\u00f0rinu og sag\u00f0i:<a name=\"2\"><span class=\"versanumer\">2<\/span><\/a>Hver er s\u00e1, sem myrkvar r\u00e1\u00f0s\u00e1lyktun Gu\u00f0s me\u00f0 \u00f3skynsamlegum or\u00f0um?<a name=\"3\"><span class=\"versanumer\">3<\/span><\/a>Gyr\u00f0 lendar \u00fe\u00ednar eins og ma\u00f0ur, \u00fe\u00e1 mun \u00e9g spyrja \u00feig, og \u00fe\u00fa skalt fr\u00e6\u00f0a mig.<a name=\"4\"><span class=\"versanumer\">4<\/span><\/a>Hvar varst \u00fe\u00fa, \u00feegar \u00e9g grundvalla\u00f0i j\u00f6r\u00f0ina? Seg fram, ef \u00fe\u00fa hefir \u00feekkingu til.<a name=\"5\"><span class=\"versanumer\">5<\/span><\/a>Hver \u00e1kva\u00f0 m\u00e1l hennar \u00fe\u00fa veist \u00fea\u00f0! e\u00f0a hver \u00feandi m\u00e6liva\u00f0inn yfir hana?<a name=\"6\"><span class=\"versanumer\">6<\/span><\/a>\u00c1 hva\u00f0 var st\u00f3lpum hennar hleypt ni\u00f0ur, e\u00f0a hver lag\u00f0i hornstein hennar,<a name=\"7\"><span class=\"versanumer\">7<\/span><\/a>\u00fe\u00e1 er morgunstj\u00f6rnurnar sungu gle\u00f0is\u00f6ng allar saman og allir gu\u00f0ssynir f\u00f6gnu\u00f0u?<a name=\"8\"><span class=\"versanumer\">8<\/span><\/a>Og hver byrg\u00f0i hafi\u00f0 inni me\u00f0 hur\u00f0um, \u00fe\u00e1 er \u00fea\u00f0 braust fram, gekk \u00fat af m\u00f3\u00f0urkvi\u00f0i,<a name=\"9\"><span class=\"versanumer\">9<\/span><\/a>\u00fe\u00e1 er \u00e9g f\u00e9kk \u00fev\u00ed sk\u00fdin a\u00f0 kl\u00e6\u00f0na\u00f0i og svarta\u00feykkni\u00f0 a\u00f0 reifum?<a name=\"10\"><span class=\"versanumer\">10<\/span><\/a>\u00fe\u00e1 er \u00e9g braut \u00fev\u00ed takm\u00f6rk og setti slagbranda fyrir og hur\u00f0ir<a name=\"11\"><span class=\"versanumer\">11<\/span><\/a>og m\u00e6lti: Hinga\u00f0 skaltu komast og ekki lengra, h\u00e9r skulu \u00fe\u00ednar hreyknu hrannir brotna!<a name=\"12\"><span class=\"versanumer\">12<\/span><\/a>Hefir \u00fe\u00fa nokkurn t\u00edma \u00e1 \u00e6vi \u00feinni bo\u00f0i\u00f0 \u00fat morgninum, v\u00edsa\u00f0 morgunro\u00f0anum \u00e1 sta\u00f0 hans,<a name=\"13\"><span class=\"versanumer\">13<\/span><\/a>til \u00feess a\u00f0 hann gripi \u00ed ja\u00f0ar jar\u00f0arinnar og hinir \u00f3gu\u00f0legu yr\u00f0u hristir af henni?<a name=\"14\"><span class=\"versanumer\">14<\/span><\/a>H\u00fan breytist eins og leir undir signeti, og allt kemur fram eins og \u00e1 kl\u00e6\u00f0i.<a name=\"15\"><span class=\"versanumer\">15<\/span><\/a>Og hinir \u00f3gu\u00f0legu ver\u00f0a sviptir lj\u00f3sinu og hinn upplyfti armleggur sundur brotinn.<a name=\"16\"><span class=\"versanumer\">16<\/span><\/a>Hefir \u00fe\u00fa komi\u00f0 a\u00f0 uppsprettum hafsins og gengi\u00f0 \u00e1 botni undirdj\u00fapsins?<a name=\"17\"><span class=\"versanumer\">17<\/span><\/a>Hafa hli\u00f0 dau\u00f0ans opnast fyrir \u00fe\u00e9r og hefir \u00fe\u00fa s\u00e9\u00f0 hli\u00f0 svartamyrkursins?<a name=\"18\"><span class=\"versanumer\">18<\/span><\/a>Hefir \u00fe\u00fa liti\u00f0 yfir breidd jar\u00f0arinnar? Seg fram, fyrst \u00fe\u00fa veist \u00fea\u00f0 allt saman.<a name=\"19\"><span class=\"versanumer\">19<\/span><\/a>Hvar er vegurinn \u00feanga\u00f0 sem lj\u00f3si\u00f0 b\u00fdr, og myrkri\u00f0 hvar \u00e1 \u00fea\u00f0 heima,<a name=\"20\"><span class=\"versanumer\">20<\/span><\/a>svo a\u00f0 \u00fe\u00fa g\u00e6tir flutt \u00fea\u00f0 heim \u00ed landareign \u00feess og \u00feekktir g\u00f6turnar heim a\u00f0 h\u00fasi \u00feess?<a name=\"21\"><span class=\"versanumer\">21<\/span><\/a>\u00de\u00fa veist \u00fea\u00f0, \u00fev\u00ed a\u00f0 \u00fe\u00e1 f\u00e6ddist \u00fe\u00fa, og tala daga \u00feinna er h\u00e1!<a name=\"22\"><span class=\"versanumer\">22<\/span><\/a>Hefir \u00fe\u00fa komi\u00f0 til for\u00f0ab\u00fars snj\u00e1varins og s\u00e9\u00f0 for\u00f0ab\u00far haglsins,<a name=\"23\"><span class=\"versanumer\">23<\/span><\/a>sem \u00e9g hefi geymt til t\u00edma ney\u00f0arinnar, til orustu- og \u00f3fri\u00f0ardagsins?<a name=\"24\"><span class=\"versanumer\">24<\/span><\/a>Hvar er vegurinn \u00feanga\u00f0 sem lj\u00f3si\u00f0 skiptist og austanvindurinn dreifist yfir j\u00f6r\u00f0ina?<a name=\"25\"><span class=\"versanumer\">25<\/span><\/a>Hver hefir b\u00fai\u00f0 til rennu fyrir steypiregni\u00f0 og veg fyrir eldingarnar<a name=\"26\"><span class=\"versanumer\">26<\/span><\/a>til \u00feess a\u00f0 l\u00e1ta rigna yfir mannautt land, yfir ey\u00f0im\u00f6rkina, \u00fear sem enginn b\u00fdr,<a name=\"27\"><span class=\"versanumer\">27<\/span><\/a>til \u00feess a\u00f0 metta au\u00f0nir og ey\u00f0il\u00f6nd og l\u00e1ta gr\u00e6ngresi spretta?<a name=\"28\"><span class=\"versanumer\">28<\/span><\/a>\u00c1 regni\u00f0 f\u00f6\u00f0ur e\u00f0a hver hefir geti\u00f0 daggardropana?<a name=\"29\"><span class=\"versanumer\">29<\/span><\/a>Af kvi\u00f0i hverrar er \u00edsinn \u00fatgenginn, og hr\u00edm himinsins hver f\u00e6ddi \u00fea\u00f0?<a name=\"30\"><span class=\"versanumer\">30<\/span><\/a>V\u00f6tnin \u00fe\u00e9ttast eins og steinn, og yfirbor\u00f0 flj\u00f3tsins ver\u00f0ur samfrosta.<a name=\"31\"><span class=\"versanumer\">31<\/span><\/a>Getur \u00fe\u00fa \u00ferengt sj\u00f6stirnis-b\u00f6ndin e\u00f0a f\u00e6r \u00fe\u00fa leyst fj\u00f6tra \u00d3r\u00edons?<a name=\"32\"><span class=\"versanumer\">32<\/span><\/a>L\u00e6tur \u00fe\u00fa stj\u00f6rnumerki d\u00fdrahringsins koma fram \u00e1 s\u00ednum t\u00edma og lei\u00f0ir \u00fe\u00fa Birnuna me\u00f0 h\u00fanum hennar?<a name=\"33\"><span class=\"versanumer\">33<\/span><\/a>\u00deekkir \u00fe\u00fa l\u00f6g himinsins e\u00f0a \u00e1kve\u00f0ur \u00fe\u00fa yfirr\u00e1\u00f0 hans yfir j\u00f6r\u00f0unni?<a name=\"34\"><span class=\"versanumer\">34<\/span><\/a>Getur \u00fe\u00fa lyft raust \u00feinni upp til sk\u00fdsins, svo a\u00f0 vatnaflaumurinn hylji \u00feig?<a name=\"35\"><span class=\"versanumer\">35<\/span><\/a>Getur \u00fe\u00fa sent eldingarnar, svo a\u00f0 \u00fe\u00e6r fari og segi vi\u00f0 \u00feig: H\u00e9r erum v\u00e9r!<a name=\"36\"><span class=\"versanumer\">36<\/span><\/a>Hver hefir lagt v\u00edsd\u00f3m \u00ed hin dimmu sk\u00fd e\u00f0a hver hefir gefi\u00f0 loftsj\u00f3nunum vit?<a name=\"37\"><span class=\"versanumer\">37<\/span><\/a>Hver telur sk\u00fdin me\u00f0 visku, og vatnsbelgir himinsins hver hellir \u00far \u00feeim,<a name=\"38\"><span class=\"versanumer\">38<\/span><\/a>\u00feegar moldin rennur saman \u00ed k\u00f6kk og hnausarnir lo\u00f0a hver vi\u00f0 annan?<a name=\"39\"><span class=\"versanumer\">39<\/span><\/a>Vei\u00f0ir \u00fe\u00fa br\u00e1\u00f0ina fyrir lj\u00f3nynjuna, og se\u00f0ur \u00fe\u00fa gr\u00e6\u00f0gi unglj\u00f3nanna,<a name=\"40\"><span class=\"versanumer\">40<\/span><\/a>\u00fe\u00e1 er \u00feau k\u00fara \u00ed b\u00e6li s\u00ednu og vaka yfir vei\u00f0i \u00ed \u00fe\u00e9ttum runni?<a name=\"41\"><span class=\"versanumer\">41<\/span><\/a>Hver b\u00fdr hrafninum f\u00e6\u00f0u hans, \u00fe\u00e1 er ungar hans hr\u00f3pa til Gu\u00f0s, fl\u00f6gra til og fr\u00e1 \u00e6tislausir?<\/p>\n<div class=\"footnote1981\"><b>38.1<\/b> \u00dar storminum Job 9.17+ ; sbr 2Kon 2.1<br \/>\n<b>38.3<\/b> Gyrtu lendar \u00fe\u00ednar Job 40.7<br \/>\n<b>38.4<\/b> Hvar varstu? Job 15.7+<br \/>\n<b>38.5<\/b> \u00deenja m\u00e6liva\u00f0 Jer 31.38-39; Sak 1.16; Opb 11.1-2<br \/>\n<b>38.6<\/b> S\u00f6kklar jar\u00f0arinnar Job 9.6; 1Sam 2.8; Slm 104.5 \u2013 hornsteinn Slm 118.22; Matt 21.42 og hlst.; 1P\u00e9t 2.6-7<br \/>\n<b>38.7<\/b> S\u00f6ngur morgunstjarnanna Sak 4.7; Bar 3.34-35; sbr L\u00fak 19.40<br \/>\n<b>38.8-11<\/b> Hafi\u00f0 Job 7.12<br \/>\n<b>38.11<\/b> Takm\u00f6rk hafsins Jer 5.22; Slm 104.9; Okv 8.29<br \/>\n<b>38.16<\/b> \u00c1 botni frumdj\u00fapsins J\u00f3n 2.7<br \/>\n<b>38.17<\/b> Hli\u00f0 dau\u00f0ans Job 10.21; Jes 38.10; Slm 107.18; SSal 16.13<br \/>\n<b>38.21<\/b> \u00de\u00e1 varstu f\u00e6ddur Job 15.7+<br \/>\n<b>38.22-38<\/b> Um ve\u00f0ri\u00f0 Job 36.27-37.24+<br \/>\n<b>38.22-23<\/b> Hagli\u00f0 2M\u00f3s 19.18-25; J\u00f3s 10.11; Jes 30.30; Slm 78.47; Opb 16.21<br \/>\n<b>38.24<\/b> Vindurinn 2M\u00f3s 14.21; Slm 48.8; Post 27.20<br \/>\n<b>38.31<\/b> Skapari stjarnanna Job 9.9+<br \/>\n<b>38.34<\/b> Hr\u00f3pa til sk\u00fdjanna 1Kon 17.1; 18.41-45<br \/>\n<b>38.35<\/b> H\u00e9r erum vi\u00f0 sbr Bar 3.34-35<br \/>\n<b>38.39-41<\/b> Gu\u00f0 f\u00e6\u00f0ir villid\u00fdrin Slm 104.21; 147.9<\/div>\n","protected":false},"excerpt":{"rendered":"<p>1\u00de\u00e1 svara\u00f0i Drottinn Job \u00far stormvi\u00f0rinu og sag\u00f0i:2Hver er s\u00e1, sem myrkvar r\u00e1\u00f0s\u00e1lyktun Gu\u00f0s me\u00f0 \u00f3skynsamlegum or\u00f0um?3Gyr\u00f0 lendar \u00fe\u00ednar eins og ma\u00f0ur, \u00fe\u00e1 mun \u00e9g spyrja \u00feig, og \u00fe\u00fa skalt fr\u00e6\u00f0a mig.4Hvar varst \u00fe\u00fa, \u00feegar \u00e9g grundvalla\u00f0i j\u00f6r\u00f0ina? Seg fram, ef \u00fe\u00fa hefir \u00feekkingu til.5Hver \u00e1kva\u00f0 m\u00e1l hennar \u00fe\u00fa veist \u00fea\u00f0! e\u00f0a hver \u00feandi m\u00e6liva\u00f0inn yfir hana?6\u00c1 hva\u00f0 var st\u00f3lpum hennar hleypt ni\u00f0ur, e\u00f0a hver lag\u00f0i hornstein hennar,7\u00fe\u00e1 er morgunstj\u00f6rnurnar sungu gle\u00f0is\u00f6ng allar saman og allir gu\u00f0ssynir f\u00f6gnu\u00f0u?8Og hver byrg\u00f0i hafi\u00f0 inni me\u00f0 hur\u00f0um, \u00fe\u00e1 er \u00fea\u00f0 braust fram, gekk \u00fat af m\u00f3\u00f0urkvi\u00f0i,9\u00fe\u00e1 er \u00e9g f\u00e9kk \u00fev\u00ed sk\u00fdin a\u00f0 kl\u00e6\u00f0na\u00f0i <a href=\"https:\/\/biblian.is\/1981\/jobsbok-38-kafli\/\"> [&#8230;]<\/a><\/p>\n","protected":false},"author":1,"featured_media":0,"parent":0,"menu_order":0,"comment_status":"open","ping_status":"open","template":"bibliukaflar.php","meta":{"footnotes":""},"class_list":["post-1820","page","type-page","status-publish","hentry"],"_links":{"self":[{"href":"https:\/\/biblian.is\/1981\/wp-json\/wp\/v2\/pages\/1820","targetHints":{"allow":["GET"]}}],"collection":[{"href":"https:\/\/biblian.is\/1981\/wp-json\/wp\/v2\/pages"}],"about":[{"href":"https:\/\/biblian.is\/1981\/wp-json\/wp\/v2\/types\/page"}],"author":[{"embeddable":true,"href":"https:\/\/biblian.is\/1981\/wp-json\/wp\/v2\/users\/1"}],"replies":[{"embeddable":true,"href":"https:\/\/biblian.is\/1981\/wp-json\/wp\/v2\/comments?post=1820"}],"version-history":[{"count":0,"href":"https:\/\/biblian.is\/1981\/wp-json\/wp\/v2\/pages\/1820\/revisions"}],"wp:attachment":[{"href":"https:\/\/biblian.is\/1981\/wp-json\/wp\/v2\/media?parent=1820"}],"curies":[{"name":"wp","href":"https:\/\/api.w.org\/{rel}","templated":true}]}}