{"id":1819,"date":"2017-11-18T20:18:48","date_gmt":"2017-11-18T20:18:48","guid":{"rendered":"http:\/\/biblian.is\/1981\/jobsbok-37-kafli\/"},"modified":"2017-11-18T20:18:48","modified_gmt":"2017-11-18T20:18:48","slug":"jobsbok-37-kafli","status":"publish","type":"page","link":"https:\/\/biblian.is\/1981\/jobsbok-37-kafli\/","title":{"rendered":"Jobsb\u00f3k 37. kafli"},"content":{"rendered":"<p><a name=\"1\"><span class=\"versanumer\">1<\/span><\/a>J\u00e1, yfir \u00feessu titrar hjarta mitt og hr\u00f6kkur upp \u00far sta\u00f0 s\u00ednum.<a name=\"2\"><span class=\"versanumer\">2<\/span><\/a>Heyri\u00f0, heyri\u00f0 drunur raddar hans og hvininn, sem \u00fat fer af munni hans.<a name=\"3\"><span class=\"versanumer\">3<\/span><\/a>Undir \u00f6llum himninum l\u00e6tur hann eldinguna \u00fej\u00f3ta og leiftur sitt \u00fat \u00e1 ja\u00f0ra jar\u00f0arinnar.<a name=\"4\"><span class=\"versanumer\">4<\/span><\/a>\u00c1 eftir \u00fev\u00ed kemur \u00f6skrandi skrugga, hann \u00ferumar me\u00f0 sinni tignarlegu raust og heldur eldingunum ekki aftur, \u00fe\u00e1 er raust hans l\u00e6tur til s\u00edn heyra.<a name=\"5\"><span class=\"versanumer\">5<\/span><\/a>Gu\u00f0 \u00ferumar undursamlega me\u00f0 raust sinni, hann sem gj\u00f6rir mikla hluti, er v\u00e9r eigi skiljum.<a name=\"6\"><span class=\"versanumer\">6<\/span><\/a>\u00dev\u00ed a\u00f0 hann segir vi\u00f0 snj\u00f3inn: Fall \u00fe\u00fa \u00e1 j\u00f6r\u00f0ina, og eins vi\u00f0 hellirigninguna og hennar dynjandi hellisk\u00farir.<a name=\"7\"><span class=\"versanumer\">7<\/span><\/a>Hann innsiglar h\u00f6nd s\u00e9rhvers manns, til \u00feess a\u00f0 allir menn vi\u00f0urkenni verk hans.<a name=\"8\"><span class=\"versanumer\">8<\/span><\/a>\u00de\u00e1 fara villid\u00fdrin \u00ed fylgsni s\u00edn og hv\u00edlast \u00ed b\u00e6lum s\u00ednum.<a name=\"9\"><span class=\"versanumer\">9<\/span><\/a>Stormurinn kemur \u00far for\u00f0ab\u00farinu og kuldinn af nor\u00f0anvindunum.<a name=\"10\"><span class=\"versanumer\">10<\/span><\/a>Fyrir andgust Gu\u00f0s ver\u00f0ur \u00edsinn til, og v\u00ed\u00f0 v\u00f6tnin eru l\u00f6g\u00f0 \u00ed l\u00e6\u00f0ing.<a name=\"11\"><span class=\"versanumer\">11<\/span><\/a>Hann hle\u00f0ur sk\u00fdin v\u00e6tu, tv\u00edstrar leiftursk\u00fdi s\u00ednu v\u00ed\u00f0svegar.<a name=\"12\"><span class=\"versanumer\">12<\/span><\/a>En \u00fea\u00f0 sn\u00fdst \u00ed allar \u00e1ttir, eftir \u00fev\u00ed sem hann lei\u00f0ir \u00fea\u00f0, til \u00feess a\u00f0 \u00fea\u00f0 framkv\u00e6mi allt \u00fea\u00f0 er hann b\u00fd\u00f0ur \u00fev\u00ed, \u00e1 yfirbor\u00f0i allrar jar\u00f0arinnar.<a name=\"13\"><span class=\"versanumer\">13<\/span><\/a>Hann l\u00e6tur \u00fev\u00ed lj\u00f3sta ni\u00f0ur, hvort sem \u00fea\u00f0 er til hirtingar e\u00f0a til a\u00f0 v\u00f6kva j\u00f6r\u00f0ina e\u00f0a til a\u00f0 blessa hana.<a name=\"14\"><span class=\"versanumer\">14<\/span><\/a>Hl\u00fd\u00f0 \u00fe\u00fa \u00e1 \u00feetta, Job, stattu kyrr og gef gaum a\u00f0 d\u00e1semdum Gu\u00f0s.<a name=\"15\"><span class=\"versanumer\">15<\/span><\/a>Skilur \u00fe\u00fa, hvernig Gu\u00f0 felur \u00feeim hlutverk \u00feeirra og l\u00e6tur leiftur sk\u00fdja sinna sk\u00edna?<a name=\"16\"><span class=\"versanumer\">16<\/span><\/a>Skilur \u00fe\u00fa, hvernig sk\u00fdin sv\u00edfa, d\u00e1semdir hans, sem fullkominn er a\u00f0 v\u00edsd\u00f3mi,<a name=\"17\"><span class=\"versanumer\">17<\/span><\/a>\u00fe\u00fa, sem f\u00f6tin hitna \u00e1, \u00fe\u00e1 er j\u00f6r\u00f0in m\u00f3kir \u00ed sunnanmollu?<a name=\"18\"><span class=\"versanumer\">18<\/span><\/a>\u00deenur \u00fe\u00fa \u00fat me\u00f0 honum hei\u00f0himininn, sem fastur er eins og steyptur spegill?<a name=\"19\"><span class=\"versanumer\">19<\/span><\/a>Kenn oss, hva\u00f0 v\u00e9r eigum a\u00f0 segja vi\u00f0 hann! V\u00e9r megnum ekkert fram a\u00f0 f\u00e6ra fyrir myrkri.<a name=\"20\"><span class=\"versanumer\">20<\/span><\/a>\u00c1 a\u00f0 segja honum, a\u00f0 \u00e9g \u00e6tli a\u00f0 tala? E\u00f0a hefir nokkur sagt, a\u00f0 hann \u00f3ski a\u00f0 ver\u00f0a gj\u00f6reyddur?<a name=\"21\"><span class=\"versanumer\">21<\/span><\/a>Og n\u00fa sj\u00e1 menn a\u00f0 s\u00f6nnu ekki lj\u00f3si\u00f0, sem sk\u00edn sk\u00e6rt a\u00f0 sk\u00fdjabaki, en vindurinn \u00fe\u00fdtur \u00e1fram og s\u00f3par sk\u00fdjunum burt.<a name=\"22\"><span class=\"versanumer\">22<\/span><\/a>Gulli\u00f0 kemur \u00far nor\u00f0ri, um Gu\u00f0 lykur \u00f3gurlegur lj\u00f3mi.<a name=\"23\"><span class=\"versanumer\">23<\/span><\/a>V\u00e9r n\u00e1um eigi til hins Alm\u00e1ttka, til hans, sem er mikill a\u00f0 m\u00e6tti. En r\u00e9ttinn og hi\u00f0 fulla r\u00e9ttl\u00e6ti vanr\u00e6kir hann ekki.<a name=\"24\"><span class=\"versanumer\">24<\/span><\/a>Fyrir \u00fev\u00ed \u00f3ttast mennirnir hann, en hann l\u00edtur ekki vi\u00f0 neinum sj\u00e1lfbirgingum.<\/p>\n<div class=\"footnote1981\"><b>37.2<\/b> R\u00f6dd Gu\u00f0s 2M\u00f3s 19.16-19; Slm 29; J\u00f3h 12.28-29<br \/>\n<b>37.3<\/b> Endim\u00f6rk jar\u00f0arinnar Matt 24.27 og hlst.<br \/>\n<b>37.11<\/b> Dreifir b\u00f3lstrum Job 37.21<br \/>\n<b>37.14<\/b> Gefa gaum a\u00f0 m\u00e1ttarverkum Gu\u00f0s Slm 8.4; 111.2-4<br \/>\n<b>37.20<\/b> Segja Gu\u00f0i? Slm 139.4<br \/>\n<b>37.21<\/b> S\u00f3par sk\u00fdjunum burt Job 26.13; 37.11<br \/>\n<b>37.22<\/b> \u00d3gnvekjandi lj\u00f3mi 2M\u00f3s 24.16-17; Esk 1.4-28; Matt 17.2 og hlst.<br \/>\n<b>37.24<\/b> Viturt hjarta Job 5.13+<\/div>\n","protected":false},"excerpt":{"rendered":"<p>1J\u00e1, yfir \u00feessu titrar hjarta mitt og hr\u00f6kkur upp \u00far sta\u00f0 s\u00ednum.2Heyri\u00f0, heyri\u00f0 drunur raddar hans og hvininn, sem \u00fat fer af munni hans.3Undir \u00f6llum himninum l\u00e6tur hann eldinguna \u00fej\u00f3ta og leiftur sitt \u00fat \u00e1 ja\u00f0ra jar\u00f0arinnar.4\u00c1 eftir \u00fev\u00ed kemur \u00f6skrandi skrugga, hann \u00ferumar me\u00f0 sinni tignarlegu raust og heldur eldingunum ekki aftur, \u00fe\u00e1 er raust hans l\u00e6tur til s\u00edn heyra.5Gu\u00f0 \u00ferumar undursamlega me\u00f0 raust sinni, hann sem gj\u00f6rir mikla hluti, er v\u00e9r eigi skiljum.6\u00dev\u00ed a\u00f0 hann segir vi\u00f0 snj\u00f3inn: Fall \u00fe\u00fa \u00e1 j\u00f6r\u00f0ina, og eins vi\u00f0 hellirigninguna og hennar dynjandi hellisk\u00farir.7Hann innsiglar h\u00f6nd s\u00e9rhvers manns, til \u00feess a\u00f0 allir <a href=\"https:\/\/biblian.is\/1981\/jobsbok-37-kafli\/\"> [&#8230;]<\/a><\/p>\n","protected":false},"author":1,"featured_media":0,"parent":0,"menu_order":0,"comment_status":"open","ping_status":"open","template":"bibliukaflar.php","meta":{"footnotes":""},"class_list":["post-1819","page","type-page","status-publish","hentry"],"_links":{"self":[{"href":"https:\/\/biblian.is\/1981\/wp-json\/wp\/v2\/pages\/1819","targetHints":{"allow":["GET"]}}],"collection":[{"href":"https:\/\/biblian.is\/1981\/wp-json\/wp\/v2\/pages"}],"about":[{"href":"https:\/\/biblian.is\/1981\/wp-json\/wp\/v2\/types\/page"}],"author":[{"embeddable":true,"href":"https:\/\/biblian.is\/1981\/wp-json\/wp\/v2\/users\/1"}],"replies":[{"embeddable":true,"href":"https:\/\/biblian.is\/1981\/wp-json\/wp\/v2\/comments?post=1819"}],"version-history":[{"count":0,"href":"https:\/\/biblian.is\/1981\/wp-json\/wp\/v2\/pages\/1819\/revisions"}],"wp:attachment":[{"href":"https:\/\/biblian.is\/1981\/wp-json\/wp\/v2\/media?parent=1819"}],"curies":[{"name":"wp","href":"https:\/\/api.w.org\/{rel}","templated":true}]}}