{"id":1812,"date":"2017-11-18T20:18:48","date_gmt":"2017-11-18T20:18:48","guid":{"rendered":"http:\/\/biblian.is\/1981\/jobsbok-30-kafli\/"},"modified":"2017-11-18T20:18:48","modified_gmt":"2017-11-18T20:18:48","slug":"jobsbok-30-kafli","status":"publish","type":"page","link":"https:\/\/biblian.is\/1981\/jobsbok-30-kafli\/","title":{"rendered":"Jobsb\u00f3k 30. kafli"},"content":{"rendered":"<p><a name=\"1\"><span class=\"versanumer\">1<\/span><\/a>En n\u00fa hl\u00e6ja \u00feeir a\u00f0 m\u00e9r, sem yngri eru en \u00e9g, mundi \u00e9g \u00fe\u00f3 ekki hafa virt fe\u00f0ur \u00feeirra \u00feess a\u00f0 setja \u00fe\u00e1 hj\u00e1 fj\u00e1rhundum m\u00ednum.<a name=\"2\"><span class=\"versanumer\">2<\/span><\/a>Hva\u00f0 hef\u00f0i og kraftur handa \u00feeirra sto\u00f0a\u00f0 mig, \u00fear sem \u00feeir aldrei ver\u00f0a full\u00feroska?<a name=\"3\"><span class=\"versanumer\">3<\/span><\/a>\u00deeir eru \u00f6rmagna af skorti og hungri, naga \u00feurrt landi\u00f0, sem \u00ed g\u00e6r var au\u00f0n og ey\u00f0im\u00f6rk.<a name=\"4\"><span class=\"versanumer\">4<\/span><\/a>\u00deeir reyta hr\u00edmbl\u00f6\u00f0ku hj\u00e1 runnunum, og g\u00fdfilr\u00e6tur er f\u00e6\u00f0a \u00feeirra.<a name=\"5\"><span class=\"versanumer\">5<\/span><\/a>\u00deeir eru fl\u00e6mdir \u00far f\u00e9lagi manna, menn \u00e6pa a\u00f0 \u00feeim eins og a\u00f0 \u00fej\u00f3f,<a name=\"6\"><span class=\"versanumer\">6<\/span><\/a>svo a\u00f0 \u00feeir ver\u00f0a a\u00f0 hafast vi\u00f0 \u00ed hr\u00e6\u00f0ilegum gj\u00e1m, \u00ed jar\u00f0holum og berghellum.<a name=\"7\"><span class=\"versanumer\">7<\/span><\/a>Milli runnanna rymja \u00feeir, og undir netlunum safnast \u00feeir saman,<a name=\"8\"><span class=\"versanumer\">8<\/span><\/a>gu\u00f0laust og \u00e6rulaust kyn, \u00fatreknir \u00far landinu.<a name=\"9\"><span class=\"versanumer\">9<\/span><\/a>Og n\u00fa er \u00e9g or\u00f0inn \u00feeim a\u00f0 h\u00e1\u00f0kv\u00e6\u00f0i og or\u00f0inn umtalsefni \u00feeirra.<a name=\"10\"><span class=\"versanumer\">10<\/span><\/a>\u00deeir hafa andstygg\u00f0 \u00e1 m\u00e9r, koma ekki n\u00e6rri m\u00e9r og hl\u00edfast jafnvel ekki vi\u00f0 a\u00f0 hr\u00e6kja framan \u00ed mig.<a name=\"11\"><span class=\"versanumer\">11<\/span><\/a>\u00dear sem Gu\u00f0 hefir leyst streng sinn og beygt mig, \u00fe\u00e1 sleppa \u00feeir og beislinu fram af s\u00e9r gagnvart m\u00e9r.<a name=\"12\"><span class=\"versanumer\">12<\/span><\/a>M\u00e9r til h\u00e6gri handar vex hyski \u00feeirra upp, f\u00f3tum m\u00ednum hrinda \u00feeir fr\u00e1 s\u00e9r og leggja gl\u00f6tunarbrautir s\u00ednar gegn m\u00e9r.<a name=\"13\"><span class=\"versanumer\">13<\/span><\/a>\u00deeir hafa rifi\u00f0 upp stig minn, a\u00f0 falli m\u00ednu sty\u00f0ja \u00feeir, sem engan hj\u00e1lparmann eiga.<a name=\"14\"><span class=\"versanumer\">14<\/span><\/a>\u00deeir koma sem inn um v\u00edtt m\u00farskar\u00f0, velta s\u00e9r \u00e1fram innan um r\u00fastir.<a name=\"15\"><span class=\"versanumer\">15<\/span><\/a>Skelfingar hafa sn\u00faist m\u00f3ti m\u00e9r, tign m\u00edn er ofs\u00f3tt eins og af stormi, og g\u00e6fa m\u00edn er horfin eins og sk\u00fd.<a name=\"16\"><span class=\"versanumer\">16<\/span><\/a>Og n\u00fa rennur s\u00e1la m\u00edn sundur \u00ed t\u00e1rum, eymdardagar halda m\u00e9r f\u00f6stum.<a name=\"17\"><span class=\"versanumer\">17<\/span><\/a>N\u00f3ttin n\u00edstir bein m\u00edn, svo a\u00f0 \u00feau losna fr\u00e1 m\u00e9r, og hinar nagandi kvalir m\u00ednar hv\u00edlast ekki.<a name=\"18\"><span class=\"versanumer\">18<\/span><\/a>Fyrir mikilleik m\u00e1ttar hans er kl\u00e6\u00f0na\u00f0ur minn aflaga\u00f0ur, hann lykur fast um mig, eins og h\u00e1lsm\u00e1l kyrtils m\u00edns.<a name=\"19\"><span class=\"versanumer\">19<\/span><\/a>Gu\u00f0 hefir kasta\u00f0 m\u00e9r ofan \u00ed saurinn, svo a\u00f0 \u00e9g er or\u00f0inn eins og mold og aska.<a name=\"20\"><span class=\"versanumer\">20<\/span><\/a>\u00c9g hr\u00f3pa til \u00fe\u00edn, en \u00fe\u00fa svarar ekki, \u00e9g stend \u00fearna, en \u00fe\u00fa starir \u00e1 mig.<a name=\"21\"><span class=\"versanumer\">21<\/span><\/a>\u00de\u00fa ert or\u00f0inn grimmur vi\u00f0 mig, me\u00f0 krafti handar \u00feinnar ofs\u00e6kir \u00fe\u00fa mig.<a name=\"22\"><span class=\"versanumer\">22<\/span><\/a>\u00de\u00fa lyftir m\u00e9r upp \u00e1 vindinn, l\u00e6tur mig \u00feeytast \u00e1fram, og \u00fe\u00fa l\u00e6tur mig farast \u00ed stormgn\u00fd.<a name=\"23\"><span class=\"versanumer\">23<\/span><\/a>\u00dev\u00ed a\u00f0 \u00e9g veit, a\u00f0 \u00fe\u00fa vilt lei\u00f0a mig til Heljar, \u00ed samkomusta\u00f0 allra \u00feeirra er lifa.<a name=\"24\"><span class=\"versanumer\">24<\/span><\/a>En r\u00e9tta menn ekki \u00fat h\u00f6ndina, \u00feegar allt hrynur? e\u00f0a hr\u00f3pa menn ekki \u00e1 hj\u00e1lp, \u00feegar \u00feeir eru a\u00f0 farast?<a name=\"25\"><span class=\"versanumer\">25<\/span><\/a>E\u00f0a gr\u00e9t \u00e9g ekki yfir \u00feeim, sem \u00e1tti illa daga, og hrygg\u00f0ist ekki s\u00e1l m\u00edn vegna f\u00e1t\u00e6klingsins?<a name=\"26\"><span class=\"versanumer\">26<\/span><\/a>J\u00e1, \u00e9g bj\u00f3st vi\u00f0 g\u00f3\u00f0u, en \u00fe\u00e1 kom illt, v\u00e6nti lj\u00f3ss, en \u00fe\u00e1 kom myrkur.<a name=\"27\"><span class=\"versanumer\">27<\/span><\/a>\u00dea\u00f0 s\u00fd\u00f0ur \u00ed inn\u00fdflum m\u00ednum \u00e1n afl\u00e1ts, eymdardagar eru yfir mig komnir.<a name=\"28\"><span class=\"versanumer\">28<\/span><\/a>Svartur geng \u00e9g um, \u00fe\u00f3 ekki af s\u00f3larhita, \u00e9g stend upp, \u00ed s\u00f6fnu\u00f0inum hr\u00f3pa \u00e9g \u00e1 hj\u00e1lp.<a name=\"29\"><span class=\"versanumer\">29<\/span><\/a>\u00c9g er or\u00f0inn br\u00f3\u00f0ir sjakalanna og f\u00e9lagi str\u00fatsfuglanna.<a name=\"30\"><span class=\"versanumer\">30<\/span><\/a>H\u00f6rund mitt er or\u00f0i\u00f0 svart og flagnar af m\u00e9r, og bein m\u00edn eru brunnin af hita.<a name=\"31\"><span class=\"versanumer\">31<\/span><\/a>Og fyrir \u00fev\u00ed var\u00f0 g\u00edgja m\u00edn a\u00f0 gr\u00e1ti og hjar\u00f0p\u00edpa m\u00edn a\u00f0 harmakveini.<\/p>\n<div class=\"footnote1981\"><b>30.6<\/b> \u00cd hellum D\u00f3m 6.2; 1Sam 13.6<br \/>\n<b>30.8<\/b> Hraki\u00f0 \u00far landi 1M\u00f3s 21.10; D\u00f3m 11.2<br \/>\n<b>30.9-14<\/b> \u00cd hendur \u00f3vinanna Job 16.11+<br \/>\n<b>30.9<\/b> N\u00ed\u00f0v\u00edsur Job 17.6; Jes 14.4; Hlj 3.14,16<br \/>\n<b>30.10<\/b> Hr\u00e6kja Jes 50.6; Matt 26.67<br \/>\n<b>30.11<\/b> Losa\u00f0i bogastreng sbr Job 29.20+<br \/>\n<b>30.12<\/b> Fr\u00e1 h\u00e6gri Sak 3.1; Slm 109.6<br \/>\n<b>30.15<\/b> Skelfingar Job 6.4+<br \/>\n<b>30.20<\/b> \u00de\u00fa svarar ekki Job 13.22+<br \/>\n<b>30.23<\/b> Allir deyja 1M\u00f3s 3.19; Slm 82.7; 1Kor 15.22<br \/>\n<b>30.25<\/b> Me\u00f0aumkun Job 29.12-17; Slm 25.13-14; R\u00f3m 12.15<br \/>\n<b>30.26<\/b> V\u00e6nti lj\u00f3ss Jes 59.9; Jer 8.15<br \/>\n<b>30.27<\/b> Innyfli m\u00edn \u00f3lga Slm 38.8; Jer 4.19; Hlj 1.20<br \/>\n<b>30.28<\/b> Svartur af veikindum Hlj 4.8<br \/>\n<b>30.29<\/b> Sjakalar og str\u00fatar M\u00edk 1.8; Slm 102.7-8<br \/>\n<b>30.30<\/b> H\u00f6rund mitt, beinin Slm 102.4-6; Hlj 3.4<br \/>\n<b>30.31<\/b> Harmakvein Am 8.10; Hlj 5.15<\/div>\n","protected":false},"excerpt":{"rendered":"<p>1En n\u00fa hl\u00e6ja \u00feeir a\u00f0 m\u00e9r, sem yngri eru en \u00e9g, mundi \u00e9g \u00fe\u00f3 ekki hafa virt fe\u00f0ur \u00feeirra \u00feess a\u00f0 setja \u00fe\u00e1 hj\u00e1 fj\u00e1rhundum m\u00ednum.2Hva\u00f0 hef\u00f0i og kraftur handa \u00feeirra sto\u00f0a\u00f0 mig, \u00fear sem \u00feeir aldrei ver\u00f0a full\u00feroska?3\u00deeir eru \u00f6rmagna af skorti og hungri, naga \u00feurrt landi\u00f0, sem \u00ed g\u00e6r var au\u00f0n og ey\u00f0im\u00f6rk.4\u00deeir reyta hr\u00edmbl\u00f6\u00f0ku hj\u00e1 runnunum, og g\u00fdfilr\u00e6tur er f\u00e6\u00f0a \u00feeirra.5\u00deeir eru fl\u00e6mdir \u00far f\u00e9lagi manna, menn \u00e6pa a\u00f0 \u00feeim eins og a\u00f0 \u00fej\u00f3f,6svo a\u00f0 \u00feeir ver\u00f0a a\u00f0 hafast vi\u00f0 \u00ed hr\u00e6\u00f0ilegum gj\u00e1m, \u00ed jar\u00f0holum og berghellum.7Milli runnanna rymja \u00feeir, og undir netlunum safnast \u00feeir saman,8gu\u00f0laust og <a href=\"https:\/\/biblian.is\/1981\/jobsbok-30-kafli\/\"> [&#8230;]<\/a><\/p>\n","protected":false},"author":1,"featured_media":0,"parent":0,"menu_order":0,"comment_status":"open","ping_status":"open","template":"bibliukaflar.php","meta":{"footnotes":""},"class_list":["post-1812","page","type-page","status-publish","hentry"],"_links":{"self":[{"href":"https:\/\/biblian.is\/1981\/wp-json\/wp\/v2\/pages\/1812","targetHints":{"allow":["GET"]}}],"collection":[{"href":"https:\/\/biblian.is\/1981\/wp-json\/wp\/v2\/pages"}],"about":[{"href":"https:\/\/biblian.is\/1981\/wp-json\/wp\/v2\/types\/page"}],"author":[{"embeddable":true,"href":"https:\/\/biblian.is\/1981\/wp-json\/wp\/v2\/users\/1"}],"replies":[{"embeddable":true,"href":"https:\/\/biblian.is\/1981\/wp-json\/wp\/v2\/comments?post=1812"}],"version-history":[{"count":0,"href":"https:\/\/biblian.is\/1981\/wp-json\/wp\/v2\/pages\/1812\/revisions"}],"wp:attachment":[{"href":"https:\/\/biblian.is\/1981\/wp-json\/wp\/v2\/media?parent=1812"}],"curies":[{"name":"wp","href":"https:\/\/api.w.org\/{rel}","templated":true}]}}