{"id":1809,"date":"2017-11-18T20:18:48","date_gmt":"2017-11-18T20:18:48","guid":{"rendered":"http:\/\/biblian.is\/1981\/jobsbok-27-kafli\/"},"modified":"2017-11-18T20:18:48","modified_gmt":"2017-11-18T20:18:48","slug":"jobsbok-27-kafli","status":"publish","type":"page","link":"https:\/\/biblian.is\/1981\/jobsbok-27-kafli\/","title":{"rendered":"Jobsb\u00f3k 27. kafli"},"content":{"rendered":"<p><a name=\"1\"><span class=\"versanumer\">1<\/span><\/a>Og Job h\u00e9lt \u00e1fram a\u00f0 flytja r\u00e6\u00f0u s\u00edna og m\u00e6lti:<a name=\"2\"><span class=\"versanumer\">2<\/span><\/a>Svo sannarlega sem Gu\u00f0 lifir, s\u00e1 er svipt hefir mig r\u00e9tti m\u00ednum, og hinn Alm\u00e1ttki, er hryggt hefir s\u00e1lu m\u00edna:<a name=\"3\"><span class=\"versanumer\">3<\/span><\/a>me\u00f0an l\u00edfs\u00f6nd er \u00ed m\u00e9r og andi Gu\u00f0s \u00ed n\u00f6sum m\u00ednum,<a name=\"4\"><span class=\"versanumer\">4<\/span><\/a>skulu varir m\u00ednar ekki tala rangl\u00e6ti og tunga m\u00edn ekki m\u00e6la svik.<a name=\"5\"><span class=\"versanumer\">5<\/span><\/a>Fjarri s\u00e9 m\u00e9r a\u00f0 j\u00e1ta, a\u00f0 \u00fe\u00e9r hafi\u00f0 r\u00e9tt a\u00f0 m\u00e6la. \u00dear til er \u00e9g gef upp andann, l\u00e6t \u00e9g ekki taka fr\u00e1 m\u00e9r sakleysi  mitt.<a name=\"6\"><span class=\"versanumer\">6<\/span><\/a>\u00c9g held fast \u00ed r\u00e9ttl\u00e6ti mitt og sleppi \u00fev\u00ed ekki, hjarta mitt \u00e1telur mig ekki fyrir neinn daga minna.<a name=\"7\"><span class=\"versanumer\">7<\/span><\/a>Fyrir \u00f3vini m\u00ednum fari eins og hinum \u00f3gu\u00f0lega og fyrir m\u00f3tst\u00f6\u00f0umanni m\u00ednum eins og hinum rangl\u00e1ta.<a name=\"8\"><span class=\"versanumer\">8<\/span><\/a>\u00dev\u00ed a\u00f0 hva\u00f0a von hefir gu\u00f0laus ma\u00f0ur, \u00feegar skori\u00f0  er \u00e1 \u00fer\u00e1\u00f0inn, \u00fe\u00e1 er Gu\u00f0 hr\u00edfur burt l\u00edf hans?<a name=\"9\"><span class=\"versanumer\">9<\/span><\/a>\u00c6tli Gu\u00f0 heyri \u00f3p hans, \u00fe\u00e1 er ney\u00f0 kemur yfir hann?<a name=\"10\"><span class=\"versanumer\">10<\/span><\/a>E\u00f0a getur hann haft yndi af hinum Alm\u00e1ttka, hr\u00f3pa\u00f0 til Gu\u00f0s, hven\u00e6r sem vera skal?<a name=\"11\"><span class=\"versanumer\">11<\/span><\/a>\u00c9g vil fr\u00e6\u00f0a y\u00f0ur um h\u00f6nd Gu\u00f0s, eigi leyna \u00fev\u00ed, er hinn Alm\u00e1ttki hefir \u00ed hyggju.<a name=\"12\"><span class=\"versanumer\">12<\/span><\/a>Sj\u00e1, \u00fe\u00e9r hafi\u00f0 allir s\u00e9\u00f0 \u00fea\u00f0 sj\u00e1lfir, hv\u00ed fari\u00f0 \u00fe\u00e9r \u00fe\u00e1 me\u00f0 sl\u00edka heimsku?<a name=\"13\"><span class=\"versanumer\">13<\/span><\/a>\u00deetta er hlutskipti \u00f3gu\u00f0legs manns hj\u00e1 Gu\u00f0i, arfleif\u00f0 ofbeldismanns, s\u00fa er hann f\u00e6r fr\u00e1 hinum Alm\u00e1ttka:<a name=\"14\"><span class=\"versanumer\">14<\/span><\/a>Eignist hann m\u00f6rg b\u00f6rn, \u00fe\u00e1 er \u00fea\u00f0 handa sver\u00f0inu, og afkv\u00e6mi hans mettast eigi af brau\u00f0i.<a name=\"15\"><span class=\"versanumer\">15<\/span><\/a>\u00deeir af f\u00f3lki hans er af komast, ver\u00f0a jar\u00f0a\u00f0ir af dreps\u00f3ttinni, og ekkjur \u00feeirra halda engan harmagr\u00e1t.<a name=\"16\"><span class=\"versanumer\">16<\/span><\/a>\u00deegar hann hr\u00fagar saman silfri eins og sandi og hle\u00f0ur saman kl\u00e6\u00f0um sem leir,<a name=\"17\"><span class=\"versanumer\">17<\/span><\/a>\u00fe\u00e1 hle\u00f0ur hann \u00feeim saman, en hinn r\u00e9ttl\u00e1ti kl\u00e6\u00f0ist \u00feeim, og silfrinu deilir hinn saklausi.<a name=\"18\"><span class=\"versanumer\">18<\/span><\/a>Hann hefir byggt h\u00fas sitt eins og k\u00f6ngull\u00f3 og svo sem sk\u00e1la, er var\u00f0ma\u00f0ur reisir s\u00e9r.<a name=\"19\"><span class=\"versanumer\">19<\/span><\/a>R\u00edkur leggst hann til hv\u00edldar hann gj\u00f6rir \u00fea\u00f0 eigi oftar, hann l\u00fdkur upp augunum, og \u00fe\u00e1 er allt fari\u00f0.<a name=\"20\"><span class=\"versanumer\">20<\/span><\/a>Skelfingar n\u00e1 honum eins og vatnaflaumur, um n\u00f3tt hr\u00edfur stormurinn hann burt.<a name=\"21\"><span class=\"versanumer\">21<\/span><\/a>Austanvindurinn hefur hann \u00e1 loft, svo a\u00f0 hann \u00fe\u00fdtur \u00e1fram, og feykir honum burt af sta\u00f0 hans.<a name=\"22\"><span class=\"versanumer\">22<\/span><\/a>V\u00e6g\u00f0arlaust sendir hann skeyti s\u00edn \u00e1 hann, fyrir hendi hans fl\u00fdr hann \u00ed skyndi<a name=\"23\"><span class=\"versanumer\">23<\/span><\/a>\u00fe\u00e1 skella menn saman l\u00f3fum yfir honum og bl\u00edstra hann burt fr\u00e1 b\u00fasta\u00f0 hans.<\/p>\n<div class=\"footnote1981\"><b>27.2<\/b> Sviptir mig r\u00e9ttinum Job 34.5,12 \u2013 beiskja Job 7.11+<br \/>\n<b>27.3<\/b> Andi Gu\u00f0s Job 33.4; 1M\u00f3s 2.7; Slm 104.30; sbr Job 4.9; Jes 11.4<br \/>\n<b>27.4<\/b> \u00d3satt Job 6.28-30; 42.7-8; Jes 59.3<br \/>\n<b>27.6<\/b> Ver r\u00e9tt minn Job 13.18; 17.9; sbr Slm 143.2; R\u00f3m 3.10<br \/>\n<b>27.8<\/b> Von hins \u00f3gu\u00f0lega L\u00fak 12.20<br \/>\n<b>27.10<\/b> Yndi af Gu\u00f0i Job 22.26+<br \/>\n<b>27.13<\/b> Hlutskipti \u00f3gu\u00f0legra Job 20.29+<br \/>\n<b>27.15<\/b> Dau\u00f0inn grefur Job 18.13; Jer 15.2; Opb 6.8<br \/>\n<b>27.20<\/b> Skelfingar Job 6.4+<br \/>\n<b>27.22<\/b> Reynir a\u00f0 komast undan Job 33.18; 36.12<\/div>\n","protected":false},"excerpt":{"rendered":"<p>1Og Job h\u00e9lt \u00e1fram a\u00f0 flytja r\u00e6\u00f0u s\u00edna og m\u00e6lti:2Svo sannarlega sem Gu\u00f0 lifir, s\u00e1 er svipt hefir mig r\u00e9tti m\u00ednum, og hinn Alm\u00e1ttki, er hryggt hefir s\u00e1lu m\u00edna:3me\u00f0an l\u00edfs\u00f6nd er \u00ed m\u00e9r og andi Gu\u00f0s \u00ed n\u00f6sum m\u00ednum,4skulu varir m\u00ednar ekki tala rangl\u00e6ti og tunga m\u00edn ekki m\u00e6la svik.5Fjarri s\u00e9 m\u00e9r a\u00f0 j\u00e1ta, a\u00f0 \u00fe\u00e9r hafi\u00f0 r\u00e9tt a\u00f0 m\u00e6la. \u00dear til er \u00e9g gef upp andann, l\u00e6t \u00e9g ekki taka fr\u00e1 m\u00e9r sakleysi mitt.6\u00c9g held fast \u00ed r\u00e9ttl\u00e6ti mitt og sleppi \u00fev\u00ed ekki, hjarta mitt \u00e1telur mig ekki fyrir neinn daga minna.7Fyrir \u00f3vini m\u00ednum fari eins og hinum \u00f3gu\u00f0lega <a href=\"https:\/\/biblian.is\/1981\/jobsbok-27-kafli\/\"> [&#8230;]<\/a><\/p>\n","protected":false},"author":1,"featured_media":0,"parent":0,"menu_order":0,"comment_status":"open","ping_status":"open","template":"bibliukaflar.php","meta":{"footnotes":""},"class_list":["post-1809","page","type-page","status-publish","hentry"],"_links":{"self":[{"href":"https:\/\/biblian.is\/1981\/wp-json\/wp\/v2\/pages\/1809","targetHints":{"allow":["GET"]}}],"collection":[{"href":"https:\/\/biblian.is\/1981\/wp-json\/wp\/v2\/pages"}],"about":[{"href":"https:\/\/biblian.is\/1981\/wp-json\/wp\/v2\/types\/page"}],"author":[{"embeddable":true,"href":"https:\/\/biblian.is\/1981\/wp-json\/wp\/v2\/users\/1"}],"replies":[{"embeddable":true,"href":"https:\/\/biblian.is\/1981\/wp-json\/wp\/v2\/comments?post=1809"}],"version-history":[{"count":0,"href":"https:\/\/biblian.is\/1981\/wp-json\/wp\/v2\/pages\/1809\/revisions"}],"wp:attachment":[{"href":"https:\/\/biblian.is\/1981\/wp-json\/wp\/v2\/media?parent=1809"}],"curies":[{"name":"wp","href":"https:\/\/api.w.org\/{rel}","templated":true}]}}