{"id":1805,"date":"2017-11-18T20:18:43","date_gmt":"2017-11-18T20:18:43","guid":{"rendered":"http:\/\/biblian.is\/1981\/jobsbok-23-kafli\/"},"modified":"2017-11-18T20:18:43","modified_gmt":"2017-11-18T20:18:43","slug":"jobsbok-23-kafli","status":"publish","type":"page","link":"https:\/\/biblian.is\/1981\/jobsbok-23-kafli\/","title":{"rendered":"Jobsb\u00f3k 23. kafli"},"content":{"rendered":"<p><a name=\"1\"><span class=\"versanumer\">1<\/span><\/a>\u00de\u00e1 svara\u00f0i Job og sag\u00f0i:<a name=\"2\"><span class=\"versanumer\">2<\/span><\/a>Enn sem fyrr munu kveinstafir m\u00ednir ver\u00f0a taldir uppreisn, h\u00f6nd Gu\u00f0s hv\u00edlir \u00feungt \u00e1 andv\u00f6rpum m\u00ednum.<a name=\"3\"><span class=\"versanumer\">3<\/span><\/a>\u00c9g vildi a\u00f0 \u00e9g vissi, hvernig \u00e9g \u00e6tti a\u00f0 finna hann, hvernig \u00e9g g\u00e6ti komist fram fyrir d\u00f3mst\u00f3l hans!<a name=\"4\"><span class=\"versanumer\">4<\/span><\/a>\u00de\u00e1 mundi \u00e9g \u00fatsk\u00fdra m\u00e1li\u00f0 fyrir honum og fylla munn minn s\u00f6nnunum.<a name=\"5\"><span class=\"versanumer\">5<\/span><\/a>\u00c9g mundi f\u00e1 a\u00f0 vita, hverju hann svara\u00f0i m\u00e9r, og heyra hva\u00f0 hann seg\u00f0i vi\u00f0 mig.<a name=\"6\"><span class=\"versanumer\">6<\/span><\/a>Mundi hann deila vi\u00f0 mig \u00ed mikilleik m\u00e1ttar s\u00edns? Nei, hann mundi veita m\u00e9r \u00f3skipta athygli.<a name=\"7\"><span class=\"versanumer\">7<\/span><\/a>\u00de\u00e1 mundi hreinskilinn ma\u00f0ur \u00fereyta m\u00e1ls\u00f3kn vi\u00f0 hann, og \u00e9g mundi a\u00f0 eil\u00edfu losna vi\u00f0 d\u00f3mara minn.<a name=\"8\"><span class=\"versanumer\">8<\/span><\/a>En fari \u00e9g \u00ed austur, \u00fe\u00e1 er hann \u00fear ekki, og \u00ed vestur, \u00fear ver\u00f0 \u00e9g hans eigi var.<a name=\"9\"><span class=\"versanumer\">9<\/span><\/a>\u00de\u00f3tt hann hafist a\u00f0 \u00ed nor\u00f0ri, \u00fe\u00e1 s\u00e9 \u00e9g hann ekki, og sveigi hann \u00e1 lei\u00f0 til su\u00f0urs, f\u00e6 \u00e9g ekki liti\u00f0 hann.<a name=\"10\"><span class=\"versanumer\">10<\/span><\/a>En hann veit, hvernig breytni m\u00edn hefir veri\u00f0, ef hann pr\u00f3fa\u00f0i mig, mundi \u00e9g reynast sem gull.<a name=\"11\"><span class=\"versanumer\">11<\/span><\/a>F\u00f3tur minn hefir \u00fer\u00e6tt spor hans, \u00e9g hefi haldi\u00f0 veg hans og eigi hneigt af lei\u00f0.<a name=\"12\"><span class=\"versanumer\">12<\/span><\/a>Fr\u00e1 skipun vara hans hefi \u00e9g ekki viki\u00f0, hefi var\u00f0veitt \u00ed brj\u00f3sti m\u00e9r or\u00f0 munns hans.<a name=\"13\"><span class=\"versanumer\">13<\/span><\/a>En hann er samur vi\u00f0 sig hver aftrar honum? Ef hann girnist eitthva\u00f0, gj\u00f6rir hann \u00fea\u00f0.<a name=\"14\"><span class=\"versanumer\">14<\/span><\/a>J\u00e1, hann framkv\u00e6mir \u00fea\u00f0, er hann hefir \u00e6tla\u00f0 m\u00e9r, og m\u00f6rgu sl\u00edku b\u00fdr hann yfir.<a name=\"15\"><span class=\"versanumer\">15<\/span><\/a>\u00deess vegna skelfist \u00e9g auglit hans. Huglei\u00f0i \u00e9g \u00fea\u00f0, hr\u00e6\u00f0ist \u00e9g hann.<a name=\"16\"><span class=\"versanumer\">16<\/span><\/a>J\u00e1, Gu\u00f0 hefir gj\u00f6rt mig hugdeigan, og hinn Alm\u00e1ttki skoti\u00f0 m\u00e9r skelk \u00ed bringu.<a name=\"17\"><span class=\"versanumer\">17<\/span><\/a>\u00dev\u00ed a\u00f0 \u00fea\u00f0 er ekki vegna \u00f3g\u00e6funnar, a\u00f0 \u00e9g stend \u00f6r\u00ferota, n\u00e9 vegna sj\u00e1lfs m\u00edn, \u00fe\u00f3tt ni\u00f0dimman hylji mig.<\/p>\n<div class=\"footnote1981\"><b>23.3<\/b> Finna hann Job 9.11+<br \/>\n<b>23.5<\/b> Svar Gu\u00f0s Job 38-41<br \/>\n<b>23.8-9<\/b> S\u00e9 ekki Job 9.11+<br \/>\n<b>23.10<\/b> Gu\u00f0 \u00feekkir breytni manna Slm 139.1-6 \u2013 pr\u00f3far menn Sak 13.9; Slm 17.3; 1P\u00e9t 1.7+ ; sbr L\u00fak 22.31<br \/>\n<b>23.11<\/b> Fylgja vegi Gu\u00f0s Slm 17.5<br \/>\n<b>23.12<\/b> Fylgja bo\u00f0um Slm 17.4<br \/>\n<b>23.13<\/b> Sem honum \u00fe\u00f3knast Jes 46.10; Slm 115.3; Dan 4.32<br \/>\n<b>23.15<\/b> \u00c9g skelfist Slm 119.120; sbr Matt 8.34 og hlst.<\/div>\n","protected":false},"excerpt":{"rendered":"<p>1\u00de\u00e1 svara\u00f0i Job og sag\u00f0i:2Enn sem fyrr munu kveinstafir m\u00ednir ver\u00f0a taldir uppreisn, h\u00f6nd Gu\u00f0s hv\u00edlir \u00feungt \u00e1 andv\u00f6rpum m\u00ednum.3\u00c9g vildi a\u00f0 \u00e9g vissi, hvernig \u00e9g \u00e6tti a\u00f0 finna hann, hvernig \u00e9g g\u00e6ti komist fram fyrir d\u00f3mst\u00f3l hans!4\u00de\u00e1 mundi \u00e9g \u00fatsk\u00fdra m\u00e1li\u00f0 fyrir honum og fylla munn minn s\u00f6nnunum.5\u00c9g mundi f\u00e1 a\u00f0 vita, hverju hann svara\u00f0i m\u00e9r, og heyra hva\u00f0 hann seg\u00f0i vi\u00f0 mig.6Mundi hann deila vi\u00f0 mig \u00ed mikilleik m\u00e1ttar s\u00edns? Nei, hann mundi veita m\u00e9r \u00f3skipta athygli.7\u00de\u00e1 mundi hreinskilinn ma\u00f0ur \u00fereyta m\u00e1ls\u00f3kn vi\u00f0 hann, og \u00e9g mundi a\u00f0 eil\u00edfu losna vi\u00f0 d\u00f3mara minn.8En fari \u00e9g \u00ed austur, \u00fe\u00e1 <a href=\"https:\/\/biblian.is\/1981\/jobsbok-23-kafli\/\"> [&#8230;]<\/a><\/p>\n","protected":false},"author":1,"featured_media":0,"parent":0,"menu_order":0,"comment_status":"open","ping_status":"open","template":"bibliukaflar.php","meta":{"footnotes":""},"class_list":["post-1805","page","type-page","status-publish","hentry"],"_links":{"self":[{"href":"https:\/\/biblian.is\/1981\/wp-json\/wp\/v2\/pages\/1805","targetHints":{"allow":["GET"]}}],"collection":[{"href":"https:\/\/biblian.is\/1981\/wp-json\/wp\/v2\/pages"}],"about":[{"href":"https:\/\/biblian.is\/1981\/wp-json\/wp\/v2\/types\/page"}],"author":[{"embeddable":true,"href":"https:\/\/biblian.is\/1981\/wp-json\/wp\/v2\/users\/1"}],"replies":[{"embeddable":true,"href":"https:\/\/biblian.is\/1981\/wp-json\/wp\/v2\/comments?post=1805"}],"version-history":[{"count":0,"href":"https:\/\/biblian.is\/1981\/wp-json\/wp\/v2\/pages\/1805\/revisions"}],"wp:attachment":[{"href":"https:\/\/biblian.is\/1981\/wp-json\/wp\/v2\/media?parent=1805"}],"curies":[{"name":"wp","href":"https:\/\/api.w.org\/{rel}","templated":true}]}}