{"id":1799,"date":"2017-11-18T20:18:43","date_gmt":"2017-11-18T20:18:43","guid":{"rendered":"http:\/\/biblian.is\/1981\/jobsbok-17-kafli\/"},"modified":"2017-11-18T20:18:43","modified_gmt":"2017-11-18T20:18:43","slug":"jobsbok-17-kafli","status":"publish","type":"page","link":"https:\/\/biblian.is\/1981\/jobsbok-17-kafli\/","title":{"rendered":"Jobsb\u00f3k 17. kafli"},"content":{"rendered":"<p><a name=\"1\"><span class=\"versanumer\">1<\/span><\/a>Andi minn er buga\u00f0ur, dagar m\u00ednir \u00ferotnir, gr\u00f6fin b\u00ed\u00f0ur m\u00edn.<a name=\"2\"><span class=\"versanumer\">2<\/span><\/a>Vissulega eru \u00feeir enn a\u00f0 gj\u00f6ra gys a\u00f0 m\u00e9r! Auga mitt ver\u00f0ur a\u00f0 horfa upp \u00e1 m\u00f3\u00f0ganir \u00feeirra!<a name=\"3\"><span class=\"versanumer\">3<\/span><\/a>Set ve\u00f0, gakk \u00ed \u00e1byrg\u00f0 fyrir mig hj\u00e1 \u00fe\u00e9r, Gu\u00f0, hver mun annars taka \u00ed h\u00f6nd m\u00e9r?<a name=\"4\"><span class=\"versanumer\">4<\/span><\/a>\u00dev\u00ed a\u00f0 hj\u00f6rtum \u00feeirra hefir \u00fe\u00fa varna\u00f0 vits, fyrir \u00fev\u00ed munt \u00fe\u00fa ekki l\u00e1ta \u00fe\u00e1 sigri hr\u00f3sa.<a name=\"5\"><span class=\"versanumer\">5<\/span><\/a>Hver sem me\u00f0 svikum framselur vini s\u00edna a\u00f0 herfangi, augu barna hans munu daprast.<a name=\"6\"><span class=\"versanumer\">6<\/span><\/a>Hann hefir gj\u00f6rt mig a\u00f0 or\u00f0skvi\u00f0i me\u00f0al manna, og \u00e9g ver\u00f0 a\u00f0 l\u00e1ta hr\u00e6kja \u00ed andlit mitt.<a name=\"7\"><span class=\"versanumer\">7<\/span><\/a>Fyrir \u00fev\u00ed dapra\u00f0ist auga mitt af harmi, og limir m\u00ednir eru allir or\u00f0nir sem skuggi.<a name=\"8\"><span class=\"versanumer\">8<\/span><\/a>R\u00e9ttv\u00edsir menn skelfast yfir \u00fev\u00ed, og hinn saklausi f\u00e1rast yfir hinum \u00f3gu\u00f0lega.<a name=\"9\"><span class=\"versanumer\">9<\/span><\/a>En hinn r\u00e9ttl\u00e1ti heldur fast vi\u00f0 s\u00edna lei\u00f0, og s\u00e1 sem hefir hreinar hendur, ver\u00f0ur enn styrkari.<a name=\"10\"><span class=\"versanumer\">10<\/span><\/a>En komi\u00f0 \u00fe\u00e9r allir hinga\u00f0 aftur, og \u00e9g mun ekki finna neinn vitran mann me\u00f0al y\u00f0ar.<a name=\"11\"><span class=\"versanumer\">11<\/span><\/a>Dagar m\u00ednir eru li\u00f0nir, fyrir\u00e6tlanir m\u00ednar sundurt\u00e6ttar, hin d\u00fdrasta eign hjarta m\u00edns.<a name=\"12\"><span class=\"versanumer\">12<\/span><\/a>N\u00f3ttina gj\u00f6ra \u00feeir a\u00f0 degi, lj\u00f3si\u00f0 \u00e1 a\u00f0 vera n\u00e6r m\u00e9r en myrkri\u00f0.<a name=\"13\"><span class=\"versanumer\">13<\/span><\/a>\u00deegar \u00e9g vonast eftir a\u00f0 d\u00e1narheimar ver\u00f0i h\u00edb\u00fdli mitt, b\u00fd m\u00e9r hv\u00edlu \u00ed myrkrinu,<a name=\"14\"><span class=\"versanumer\">14<\/span><\/a>\u00feegar \u00e9g kalla gr\u00f6fina f\u00f6\u00f0ur minn, ormana m\u00f3\u00f0ur m\u00edna og systur<a name=\"15\"><span class=\"versanumer\">15<\/span><\/a>hvar er \u00fe\u00e1 von m\u00edn, j\u00e1, von m\u00edn hver eygir hana?<a name=\"16\"><span class=\"versanumer\">16<\/span><\/a>A\u00f0 slagbr\u00f6ndum Heljar st\u00edgur h\u00fan ni\u00f0ur, \u00fe\u00e1 er \u00e9g um lei\u00f0 f\u00e6 hv\u00edld \u00ed moldu.<\/p>\n<div class=\"footnote1981\"><b>17.1<\/b> M\u00edn b\u00ed\u00f0ur gr\u00f6fin Jes 38.10; Slm 88.4-6<br \/>\n<b>17.3<\/b> Handsala Okv 6.1; S\u00edr 29.14-20<br \/>\n<b>17.6<\/b> Athl\u00e6gi Job 12.4+<br \/>\n<b>17.8<\/b> Hryllir Jes 52.14-15<br \/>\n<b>17.12<\/b> N\u00f3tt a\u00f0 degi sbr Job 11.17+<br \/>\n<b>17.15<\/b> Von m\u00edn Job 13.15+<\/div>\n","protected":false},"excerpt":{"rendered":"<p>1Andi minn er buga\u00f0ur, dagar m\u00ednir \u00ferotnir, gr\u00f6fin b\u00ed\u00f0ur m\u00edn.2Vissulega eru \u00feeir enn a\u00f0 gj\u00f6ra gys a\u00f0 m\u00e9r! Auga mitt ver\u00f0ur a\u00f0 horfa upp \u00e1 m\u00f3\u00f0ganir \u00feeirra!3Set ve\u00f0, gakk \u00ed \u00e1byrg\u00f0 fyrir mig hj\u00e1 \u00fe\u00e9r, Gu\u00f0, hver mun annars taka \u00ed h\u00f6nd m\u00e9r?4\u00dev\u00ed a\u00f0 hj\u00f6rtum \u00feeirra hefir \u00fe\u00fa varna\u00f0 vits, fyrir \u00fev\u00ed munt \u00fe\u00fa ekki l\u00e1ta \u00fe\u00e1 sigri hr\u00f3sa.5Hver sem me\u00f0 svikum framselur vini s\u00edna a\u00f0 herfangi, augu barna hans munu daprast.6Hann hefir gj\u00f6rt mig a\u00f0 or\u00f0skvi\u00f0i me\u00f0al manna, og \u00e9g ver\u00f0 a\u00f0 l\u00e1ta hr\u00e6kja \u00ed andlit mitt.7Fyrir \u00fev\u00ed dapra\u00f0ist auga mitt af harmi, og limir m\u00ednir eru allir or\u00f0nir <a href=\"https:\/\/biblian.is\/1981\/jobsbok-17-kafli\/\"> [&#8230;]<\/a><\/p>\n","protected":false},"author":1,"featured_media":0,"parent":0,"menu_order":0,"comment_status":"open","ping_status":"open","template":"bibliukaflar.php","meta":{"footnotes":""},"class_list":["post-1799","page","type-page","status-publish","hentry"],"_links":{"self":[{"href":"https:\/\/biblian.is\/1981\/wp-json\/wp\/v2\/pages\/1799","targetHints":{"allow":["GET"]}}],"collection":[{"href":"https:\/\/biblian.is\/1981\/wp-json\/wp\/v2\/pages"}],"about":[{"href":"https:\/\/biblian.is\/1981\/wp-json\/wp\/v2\/types\/page"}],"author":[{"embeddable":true,"href":"https:\/\/biblian.is\/1981\/wp-json\/wp\/v2\/users\/1"}],"replies":[{"embeddable":true,"href":"https:\/\/biblian.is\/1981\/wp-json\/wp\/v2\/comments?post=1799"}],"version-history":[{"count":0,"href":"https:\/\/biblian.is\/1981\/wp-json\/wp\/v2\/pages\/1799\/revisions"}],"wp:attachment":[{"href":"https:\/\/biblian.is\/1981\/wp-json\/wp\/v2\/media?parent=1799"}],"curies":[{"name":"wp","href":"https:\/\/api.w.org\/{rel}","templated":true}]}}