{"id":1792,"date":"2017-11-18T20:18:43","date_gmt":"2017-11-18T20:18:43","guid":{"rendered":"http:\/\/biblian.is\/1981\/jobsbok-10-kafli\/"},"modified":"2017-11-18T20:18:43","modified_gmt":"2017-11-18T20:18:43","slug":"jobsbok-10-kafli","status":"publish","type":"page","link":"https:\/\/biblian.is\/1981\/jobsbok-10-kafli\/","title":{"rendered":"Jobsb\u00f3k 10. kafli"},"content":{"rendered":"<p><a name=\"1\"><span class=\"versanumer\">1<\/span><\/a>M\u00e9r b\u00fd\u00f0ur vi\u00f0 l\u00edfi m\u00ednu, \u00e9g \u00e6tla \u00fev\u00ed a\u00f0 gefa kveinst\u00f6fum m\u00ednum lausan tauminn, \u00e6tla a\u00f0 tala \u00ed s\u00e1larkv\u00f6l minni.<a name=\"2\"><span class=\"versanumer\">2<\/span><\/a>\u00c9g segi vi\u00f0 Gu\u00f0: Sakfell mig ekki! l\u00e1t mig vita, hvers vegna \u00fe\u00fa deilir vi\u00f0 mig.<a name=\"3\"><span class=\"versanumer\">3<\/span><\/a>Er \u00fea\u00f0 \u00e1vinningur fyrir \u00feig, a\u00f0 \u00fe\u00fa undirokar, a\u00f0 \u00fe\u00fa hafnar verki handa \u00feinna, en l\u00e6tur lj\u00f3s sk\u00edna yfir r\u00e1\u00f0ager\u00f0 hinna \u00f3gu\u00f0legu?<a name=\"4\"><span class=\"versanumer\">4<\/span><\/a>Hefir \u00fe\u00fa holdleg augu, e\u00f0a s\u00e9r \u00fe\u00fa eins og menn sj\u00e1?<a name=\"5\"><span class=\"versanumer\">5<\/span><\/a>Eru dagar \u00fe\u00ednir eins og dagar mannanna, eru \u00e1r \u00fe\u00edn eins og manns\u00e6vi,<a name=\"6\"><span class=\"versanumer\">6<\/span><\/a>er \u00fe\u00fa leitar a\u00f0 misgj\u00f6r\u00f0 minni og grennslast eftir synd minni,<a name=\"7\"><span class=\"versanumer\">7<\/span><\/a>\u00fe\u00f3tt \u00fe\u00fa vitir, a\u00f0 \u00e9g er ekki sekur, og a\u00f0 enginn frelsar af \u00feinni hendi?<a name=\"8\"><span class=\"versanumer\">8<\/span><\/a>Hendur \u00fe\u00ednar hafa skapa\u00f0 mig og mynda\u00f0 mig, allan \u00ed kr\u00f3k og kring, og samt \u00e6tlar \u00fe\u00fa a\u00f0 tort\u00edma m\u00e9r?<a name=\"9\"><span class=\"versanumer\">9<\/span><\/a>Minnstu \u00fe\u00f3 \u00feess, a\u00f0 \u00fe\u00fa mynda\u00f0ir mig sem leir, og n\u00fa vilt \u00fe\u00fa aftur gj\u00f6ra mig a\u00f0 dufti.<a name=\"10\"><span class=\"versanumer\">10<\/span><\/a>Hefir \u00fe\u00fa ekki hellt m\u00e9r sem mj\u00f3lk og hleypt mig sem ost?<a name=\"11\"><span class=\"versanumer\">11<\/span><\/a>H\u00f6rundi og holdi kl\u00e6ddir \u00fe\u00fa mig og \u00f3fst mig saman \u00far beinum og sinum.<a name=\"12\"><span class=\"versanumer\">12<\/span><\/a>L\u00edf og n\u00e1\u00f0 veittir \u00fe\u00fa m\u00e9r, og umsj\u00e1 \u00fe\u00edn var\u00f0veitti andardr\u00e1tt minn.<a name=\"13\"><span class=\"versanumer\">13<\/span><\/a>En \u00feetta falst \u00fe\u00fa \u00ed hjarta \u00fe\u00ednu, \u00e9g veit \u00fe\u00fa haf\u00f0ir sl\u00edkt \u00ed hyggju.<a name=\"14\"><span class=\"versanumer\">14<\/span><\/a>Ef \u00e9g syndga\u00f0i, \u00fe\u00e1 \u00e6tla\u00f0ir \u00fe\u00fa a\u00f0 hafa g\u00e6tur \u00e1 m\u00e9r og eigi s\u00fdkna mig af misgj\u00f6r\u00f0 minni.<a name=\"15\"><span class=\"versanumer\">15<\/span><\/a>V\u00e6ri \u00e9g sekur, \u00fe\u00e1 vei m\u00e9r! Og \u00fe\u00f3tt \u00e9g v\u00e6ri r\u00e9ttl\u00e1tur, \u00fe\u00e1 mundi \u00e9g samt ekki bera h\u00f6fu\u00f0 mitt h\u00e1tt, mettur af sm\u00e1n og \u00fejaka\u00f0ur af eymd.<a name=\"16\"><span class=\"versanumer\">16<\/span><\/a>Og ef \u00e9g reisti mig upp, \u00fe\u00e1 mundir \u00fe\u00fa elta mig sem lj\u00f3n, og \u00e1vallt a\u00f0 n\u00fdju s\u00fdna \u00e1 m\u00e9r undram\u00e1tt \u00feinn.<a name=\"17\"><span class=\"versanumer\">17<\/span><\/a>\u00de\u00fa mundir lei\u00f0a fram n\u00fd vitni \u00e1 m\u00f3ti m\u00e9r og her\u00f0a \u00e1 gremju \u00feinni gegn m\u00e9r, senda n\u00fdjan og n\u00fdjan kvalaher \u00e1 hendur m\u00e9r.<a name=\"18\"><span class=\"versanumer\">18<\/span><\/a>Hvers vegna \u00fatleiddir \u00fe\u00fa mig \u00fe\u00e1 af m\u00f3\u00f0url\u00edfi? \u00c9g hef\u00f0i \u00e1tt a\u00f0 deyja, \u00e1\u00f0ur en nokkurt auga leit mig!<a name=\"19\"><span class=\"versanumer\">19<\/span><\/a>\u00c9g hef\u00f0i \u00e1tt a\u00f0 ver\u00f0a eins og \u00e9g hef\u00f0i aldrei veri\u00f0 til, veri\u00f0 borinn fr\u00e1 m\u00f3\u00f0urkvi\u00f0i til grafar!<a name=\"20\"><span class=\"versanumer\">20<\/span><\/a>Eru ekki dagar m\u00ednir f\u00e1ir? Slepptu m\u00e9r, svo a\u00f0 \u00e9g megi gle\u00f0jast l\u00edti\u00f0 eitt,<a name=\"21\"><span class=\"versanumer\">21<\/span><\/a>\u00e1\u00f0ur en \u00e9g fer burt og kem aldrei aftur, fer \u00ed land myrkurs og ni\u00f0dimmu,<a name=\"22\"><span class=\"versanumer\">22<\/span><\/a>land svartamyrkurs sem um h\u00e1n\u00f3tt, land ni\u00f0dimmu og skipuleysis, \u00fear sem birtan sj\u00e1lf er sem svartn\u00e6tti.<\/p>\n<div class=\"footnote1981\"><b>10.1<\/b> S\u00e1larkv\u00f6l Job 7.11+<br \/>\n<b>10.2<\/b> Sk\u00fdr\u00f0u fyrir m\u00e9r Job 6.24+<br \/>\n<b>10.4<\/b> Gu\u00f0 s\u00e9r 1Sam 16.7<br \/>\n<b>10.7<\/b> Enginn sl\u00edtur&#8230; 5M\u00f3s 32.39; SSal 16.15<br \/>\n<b>10.8<\/b> Gu\u00f0 m\u00f3ta\u00f0i manninn Job 33.6; 1M\u00f3s 2.7; Jes 64.7 \u2013 Gu\u00f0 tort\u00edmir Job 2.3<br \/>\n<b>10.11<\/b> Fl\u00e9tta\u00f0ir mig Jer 1.5; Slm 139.13<br \/>\n<b>10.18<\/b> \u00dar m\u00f3\u00f0urkvi\u00f0i Job 3.3+ ; 3.11-13<br \/>\n<b>10.20<\/b> L\u00edfi\u00f0 er stutt Job 7.7+<\/div>\n","protected":false},"excerpt":{"rendered":"<p>1M\u00e9r b\u00fd\u00f0ur vi\u00f0 l\u00edfi m\u00ednu, \u00e9g \u00e6tla \u00fev\u00ed a\u00f0 gefa kveinst\u00f6fum m\u00ednum lausan tauminn, \u00e6tla a\u00f0 tala \u00ed s\u00e1larkv\u00f6l minni.2\u00c9g segi vi\u00f0 Gu\u00f0: Sakfell mig ekki! l\u00e1t mig vita, hvers vegna \u00fe\u00fa deilir vi\u00f0 mig.3Er \u00fea\u00f0 \u00e1vinningur fyrir \u00feig, a\u00f0 \u00fe\u00fa undirokar, a\u00f0 \u00fe\u00fa hafnar verki handa \u00feinna, en l\u00e6tur lj\u00f3s sk\u00edna yfir r\u00e1\u00f0ager\u00f0 hinna \u00f3gu\u00f0legu?4Hefir \u00fe\u00fa holdleg augu, e\u00f0a s\u00e9r \u00fe\u00fa eins og menn sj\u00e1?5Eru dagar \u00fe\u00ednir eins og dagar mannanna, eru \u00e1r \u00fe\u00edn eins og manns\u00e6vi,6er \u00fe\u00fa leitar a\u00f0 misgj\u00f6r\u00f0 minni og grennslast eftir synd minni,7\u00fe\u00f3tt \u00fe\u00fa vitir, a\u00f0 \u00e9g er ekki sekur, og a\u00f0 enginn frelsar af <a href=\"https:\/\/biblian.is\/1981\/jobsbok-10-kafli\/\"> [&#8230;]<\/a><\/p>\n","protected":false},"author":1,"featured_media":0,"parent":0,"menu_order":0,"comment_status":"open","ping_status":"open","template":"bibliukaflar.php","meta":{"footnotes":""},"class_list":["post-1792","page","type-page","status-publish","hentry"],"_links":{"self":[{"href":"https:\/\/biblian.is\/1981\/wp-json\/wp\/v2\/pages\/1792","targetHints":{"allow":["GET"]}}],"collection":[{"href":"https:\/\/biblian.is\/1981\/wp-json\/wp\/v2\/pages"}],"about":[{"href":"https:\/\/biblian.is\/1981\/wp-json\/wp\/v2\/types\/page"}],"author":[{"embeddable":true,"href":"https:\/\/biblian.is\/1981\/wp-json\/wp\/v2\/users\/1"}],"replies":[{"embeddable":true,"href":"https:\/\/biblian.is\/1981\/wp-json\/wp\/v2\/comments?post=1792"}],"version-history":[{"count":0,"href":"https:\/\/biblian.is\/1981\/wp-json\/wp\/v2\/pages\/1792\/revisions"}],"wp:attachment":[{"href":"https:\/\/biblian.is\/1981\/wp-json\/wp\/v2\/media?parent=1792"}],"curies":[{"name":"wp","href":"https:\/\/api.w.org\/{rel}","templated":true}]}}