{"id":1791,"date":"2017-11-18T20:18:43","date_gmt":"2017-11-18T20:18:43","guid":{"rendered":"http:\/\/biblian.is\/1981\/jobsbok-9-kafli\/"},"modified":"2017-11-18T20:18:43","modified_gmt":"2017-11-18T20:18:43","slug":"jobsbok-9-kafli","status":"publish","type":"page","link":"https:\/\/biblian.is\/1981\/jobsbok-9-kafli\/","title":{"rendered":"Jobsb\u00f3k 9. kafli"},"content":{"rendered":"<p><a name=\"1\"><span class=\"versanumer\">1<\/span><\/a>\u00de\u00e1 svara\u00f0i Job og sag\u00f0i:<a name=\"2\"><span class=\"versanumer\">2<\/span><\/a>Vissulega, \u00e9g veit a\u00f0 \u00fea\u00f0 er svo, og hvernig \u00e6tti ma\u00f0urinn a\u00f0 hafa r\u00e9tt fyrir s\u00e9r gagnvart Gu\u00f0i?<a name=\"3\"><span class=\"versanumer\">3<\/span><\/a>\u00de\u00f3knist honum a\u00f0 deila vi\u00f0 hann, getur hann ekki svara\u00f0 einni spurningu af \u00fe\u00fasund.<a name=\"4\"><span class=\"versanumer\">4<\/span><\/a>Hann er vitur \u00ed hjarta og m\u00e1ttkur a\u00f0 afli hver \u00ferj\u00f3ska\u00f0ist gegn honum og saka\u00f0i eigi?<a name=\"5\"><span class=\"versanumer\">5<\/span><\/a>Hann sem flytur fj\u00f6ll, svo a\u00f0 \u00feau vita ekki af, hann sem kollvarpar \u00feeim \u00ed rei\u00f0i sinni,<a name=\"6\"><span class=\"versanumer\">6<\/span><\/a>hann sem hr\u00e6rir j\u00f6r\u00f0ina \u00far sta\u00f0, svo a\u00f0 sto\u00f0ir hennar leika \u00e1 rei\u00f0iskj\u00e1lfi,<a name=\"7\"><span class=\"versanumer\">7<\/span><\/a>hann sem b\u00fd\u00f0ur s\u00f3linni, og h\u00fan rennur ekki upp, og setur innsigli fyrir stj\u00f6rnurnar,<a name=\"8\"><span class=\"versanumer\">8<\/span><\/a>hann sem \u00feenur \u00fat himininn aleinn, og gengur \u00e1 h\u00e1\u00f6ldum sj\u00e1varins,<a name=\"9\"><span class=\"versanumer\">9<\/span><\/a>hann sem sk\u00f3p Vagnstirni\u00f0 og \u00d3r\u00edon, Sj\u00f6stj\u00f6rnuna og for\u00f0ab\u00far sunnanvindsins,<a name=\"10\"><span class=\"versanumer\">10<\/span><\/a>hann sem gj\u00f6rir mikla hluti og \u00f3rannsakanlega og d\u00e1semdarverk, er eigi ver\u00f0a talin,<a name=\"11\"><span class=\"versanumer\">11<\/span><\/a>sj\u00e1, hann gengur fram hj\u00e1 m\u00e9r, en \u00e9g s\u00e9 hann ekki, hann str\u00fdkst fram hj\u00e1, en \u00e9g ver\u00f0 hans ekki var.<a name=\"12\"><span class=\"versanumer\">12<\/span><\/a>\u00deegar hann \u00fer\u00edfur til, hver vill \u00fe\u00e1 aftra honum, hver vill segja vi\u00f0 hann: Hva\u00f0 gj\u00f6rir \u00fe\u00fa?<a name=\"13\"><span class=\"versanumer\">13<\/span><\/a>Gu\u00f0 heldur ekki aftur rei\u00f0i sinni, bandamenn hafdrekans beyg\u00f0u sig undir hann.<a name=\"14\"><span class=\"versanumer\">14<\/span><\/a>Hversu miklu s\u00ed\u00f0ur mundi \u00e9g \u00fe\u00e1 geta svara\u00f0 honum, geta vali\u00f0 or\u00f0 m\u00edn gagnvart honum,<a name=\"15\"><span class=\"versanumer\">15<\/span><\/a>\u00e9g sem ekki m\u00e6tti svara, \u00fe\u00f3tt \u00e9g hef\u00f0i r\u00e9tt fyrir m\u00e9r, heldur ver\u00f0 a\u00f0 bei\u00f0ast miskunnar af d\u00f3mara m\u00ednum.<a name=\"16\"><span class=\"versanumer\">16<\/span><\/a>\u00de\u00f3tt \u00e9g kalla\u00f0i og hann svara\u00f0i m\u00e9r, \u00fe\u00e1 mundi \u00e9g ekki tr\u00faa, a\u00f0 hann hlusta\u00f0i \u00e1 mig.<a name=\"17\"><span class=\"versanumer\">17<\/span><\/a>Miklu fremur mundi hann hv\u00e6sa \u00e1 mig \u00ed stormvi\u00f0ri og margfalda s\u00e1r m\u00edn \u00e1n saka,<a name=\"18\"><span class=\"versanumer\">18<\/span><\/a>aldrei leyfa m\u00e9r a\u00f0 draga andann, heldur metta mig beiskri kv\u00f6l.<a name=\"19\"><span class=\"versanumer\">19<\/span><\/a>S\u00e9 um kraft a\u00f0 r\u00e6\u00f0a, er m\u00e1tturinn hans, s\u00e9 um r\u00e9tt a\u00f0 r\u00e6\u00f0a, hver vill \u00fe\u00e1 stefna honum?<a name=\"20\"><span class=\"versanumer\">20<\/span><\/a>\u00de\u00f3tt \u00e9g hef\u00f0i r\u00e9tt fyrir m\u00e9r, \u00fe\u00e1 mundi munnur minn sakfella mig, \u00fe\u00f3tt \u00e9g v\u00e6ri saklaus, mundi hann koma \u00e1 mig sektinni.<a name=\"21\"><span class=\"versanumer\">21<\/span><\/a>Saklaus er \u00e9g, \u00e9g hir\u00f0i ekkert um l\u00edf mitt, \u00e9g vir\u00f0i a\u00f0 vettugi tilveru m\u00edna!<a name=\"22\"><span class=\"versanumer\">22<\/span><\/a>M\u00e9r stendur \u00e1 sama um \u00fea\u00f0. Fyrir \u00fev\u00ed segi \u00e9g: hann tort\u00edmir jafnt saklausum sem \u00f3gu\u00f0legum.<a name=\"23\"><span class=\"versanumer\">23<\/span><\/a>\u00deegar svipan dey\u00f0ir sn\u00f6gglega, \u00fe\u00e1 gj\u00f6rir hann gys a\u00f0 \u00f6rv\u00e6nting hinna saklausu.<a name=\"24\"><span class=\"versanumer\">24<\/span><\/a>J\u00f6r\u00f0in er gefin \u00ed vald hinna \u00f3gu\u00f0legu, hann byrgir fyrir andliti\u00f0 \u00e1 d\u00f3mendum hennar. S\u00e9 \u00fea\u00f0 ekki hann hver \u00fe\u00e1?<a name=\"25\"><span class=\"versanumer\">25<\/span><\/a>Dagar m\u00ednir voru skj\u00f3tari en hra\u00f0bo\u00f0i, li\u00f0u svo hj\u00e1, a\u00f0 \u00feeir litu enga hamingju.<a name=\"26\"><span class=\"versanumer\">26<\/span><\/a>\u00deeir brunu\u00f0u \u00e1fram eins og reyrb\u00e1tar, eins og \u00f6rn, sem steypir s\u00e9r ni\u00f0ur \u00e1 \u00e6ti.<a name=\"27\"><span class=\"versanumer\">27<\/span><\/a>Ef \u00e9g segi: \u00c9g \u00e6tla a\u00f0 gleyma vol\u00e6\u00f0i m\u00ednu, \u00e9g \u00e6tla a\u00f0 breyta andlitssvip m\u00ednum og vera k\u00e1tur,<a name=\"28\"><span class=\"versanumer\">28<\/span><\/a>\u00fe\u00e1 hryllir mig vi\u00f0 \u00f6llum \u00fej\u00e1ningum m\u00ednum, \u00fev\u00ed \u00e9g veit \u00fe\u00fa s\u00fdknar mig ekki.<a name=\"29\"><span class=\"versanumer\">29<\/span><\/a>\u00c9g \u00e1 n\u00fa a\u00f0 vera sekur, hv\u00ed skyldi \u00e9g \u00fe\u00e1 vera a\u00f0 m\u00e6\u00f0ast til \u00f3n\u00fdtis?<a name=\"30\"><span class=\"versanumer\">30<\/span><\/a>\u00de\u00f3tt \u00e9g \u00fev\u00e6gi m\u00e9r \u00far snj\u00f3 og hreinsa\u00f0i hendur m\u00ednar \u00ed l\u00fat,<a name=\"31\"><span class=\"versanumer\">31<\/span><\/a>\u00fe\u00e1 mundir \u00fe\u00fa d\u00fdfa m\u00e9r ofan \u00ed forarvilpu, svo a\u00f0 kl\u00e6\u00f0um m\u00ednum by\u00f0i vi\u00f0 m\u00e9r.<a name=\"32\"><span class=\"versanumer\">32<\/span><\/a>Gu\u00f0 er ekki ma\u00f0ur eins og \u00e9g, a\u00f0 \u00e9g geti svara\u00f0 honum, a\u00f0 vi\u00f0 getum gengi\u00f0 saman fyrir r\u00e9ttinn.<a name=\"33\"><span class=\"versanumer\">33<\/span><\/a>Enginn er s\u00e1, er \u00far skeri okkar \u00ed milli, er lagt geti h\u00f6nd s\u00edna \u00e1 okkur b\u00e1\u00f0a.<a name=\"34\"><span class=\"versanumer\">34<\/span><\/a>Hann taki v\u00f6nd sinn fr\u00e1 m\u00e9r og l\u00e1ti ekki skelfing s\u00edna hr\u00e6\u00f0a mig,<a name=\"35\"><span class=\"versanumer\">35<\/span><\/a>\u00fe\u00e1 vil \u00e9g tala og eigi \u00f3ttast hann, \u00fev\u00ed a\u00f0 svo er m\u00e9r eigi fari\u00f0 hi\u00f0 innra.<\/p>\n<div class=\"footnote1981\"><b>9.2<\/b> Hvernig getur ma\u00f0urinn &#8230; ? Job 4.17+<br \/>\n<b>9.3<\/b> Fara \u00ed m\u00e1l vi\u00f0 Gu\u00f0 Job 9.32; 13.18; 22.4; 33.13; sbr Jes 41.1; M\u00edk 6.1-8<br \/>\n<b>9.5<\/b> Flytur fj\u00f6ll Jes 13.13; Slm 114.7; Heb 12.26<br \/>\n<b>9.7<\/b> Skipar s\u00f3linni J\u00f3s 10.12-14; Jl 2.10; Am 8.9<br \/>\n<b>9.8<\/b> \u00deenur \u00fat himininn Jes 40.22; Jer 10.12; Slm 104.2<br \/>\n<b>9.9<\/b> Skapari stjarnanna Job 38.31-32; Am 5.8<br \/>\n<b>9.10<\/b> Ekki ver\u00f0a k\u00f6nnu\u00f0 Job 5.9+<br \/>\n<b>9.11<\/b> \u00c9g s\u00e9 hann ekki Job 23.3,8-9; 35.14<br \/>\n<b>9.12<\/b> Hver hindrar Gu\u00f0? Job 11.10; SSal 12.12<br \/>\n<b>9.13<\/b> Rahab Job 7.12; 26.12; Jes 51.9; Slm 89.11<br \/>\n<b>9.14<\/b> Svara Gu\u00f0i Job 9.32; Jes 29.16; Pr\u00e9d 6.10; R\u00f3m 9.20<br \/>\n<b>9.17<\/b> \u00cd storminum Job 38.1; 40.6<br \/>\n<b>9.18<\/b> L\u00e6tur ekki Job 7.19+<br \/>\n<b>9.22<\/b> Ber a\u00f0 sama brunni Pr\u00e9d 9.2-3<br \/>\n<b>9.23<\/b> H\u00e6\u00f0ir sbr Job 8.20<br \/>\n<b>9.24<\/b> Gu\u00f0 sty\u00f0ur gu\u00f0lausa sbr Job 8.20<br \/>\n<b>9.25<\/b> Eins og hra\u00f0bo\u00f0i Job 7.6<br \/>\n<b>9.28<\/b> S\u00fdknar mig ekki sbr Job 8.6<br \/>\n<b>9.30<\/b> \u00devo syndir Jes 1.18; Jer 2.22; Slm 51.9<br \/>\n<b>9.32<\/b> Svara Gu\u00f0i Job 9.14+ &#8211; saman fyrir r\u00e9tt Job 9.3+<br \/>\n<b>9.34<\/b> \u00d3tti Job 6.4+<\/div>\n","protected":false},"excerpt":{"rendered":"<p>1\u00de\u00e1 svara\u00f0i Job og sag\u00f0i:2Vissulega, \u00e9g veit a\u00f0 \u00fea\u00f0 er svo, og hvernig \u00e6tti ma\u00f0urinn a\u00f0 hafa r\u00e9tt fyrir s\u00e9r gagnvart Gu\u00f0i?3\u00de\u00f3knist honum a\u00f0 deila vi\u00f0 hann, getur hann ekki svara\u00f0 einni spurningu af \u00fe\u00fasund.4Hann er vitur \u00ed hjarta og m\u00e1ttkur a\u00f0 afli hver \u00ferj\u00f3ska\u00f0ist gegn honum og saka\u00f0i eigi?5Hann sem flytur fj\u00f6ll, svo a\u00f0 \u00feau vita ekki af, hann sem kollvarpar \u00feeim \u00ed rei\u00f0i sinni,6hann sem hr\u00e6rir j\u00f6r\u00f0ina \u00far sta\u00f0, svo a\u00f0 sto\u00f0ir hennar leika \u00e1 rei\u00f0iskj\u00e1lfi,7hann sem b\u00fd\u00f0ur s\u00f3linni, og h\u00fan rennur ekki upp, og setur innsigli fyrir stj\u00f6rnurnar,8hann sem \u00feenur \u00fat himininn aleinn, og gengur \u00e1 h\u00e1\u00f6ldum <a href=\"https:\/\/biblian.is\/1981\/jobsbok-9-kafli\/\"> [&#8230;]<\/a><\/p>\n","protected":false},"author":1,"featured_media":0,"parent":0,"menu_order":0,"comment_status":"open","ping_status":"open","template":"bibliukaflar.php","meta":{"footnotes":""},"class_list":["post-1791","page","type-page","status-publish","hentry"],"_links":{"self":[{"href":"https:\/\/biblian.is\/1981\/wp-json\/wp\/v2\/pages\/1791","targetHints":{"allow":["GET"]}}],"collection":[{"href":"https:\/\/biblian.is\/1981\/wp-json\/wp\/v2\/pages"}],"about":[{"href":"https:\/\/biblian.is\/1981\/wp-json\/wp\/v2\/types\/page"}],"author":[{"embeddable":true,"href":"https:\/\/biblian.is\/1981\/wp-json\/wp\/v2\/users\/1"}],"replies":[{"embeddable":true,"href":"https:\/\/biblian.is\/1981\/wp-json\/wp\/v2\/comments?post=1791"}],"version-history":[{"count":0,"href":"https:\/\/biblian.is\/1981\/wp-json\/wp\/v2\/pages\/1791\/revisions"}],"wp:attachment":[{"href":"https:\/\/biblian.is\/1981\/wp-json\/wp\/v2\/media?parent=1791"}],"curies":[{"name":"wp","href":"https:\/\/api.w.org\/{rel}","templated":true}]}}