{"id":1775,"date":"2017-11-18T20:18:38","date_gmt":"2017-11-18T20:18:38","guid":{"rendered":"http:\/\/biblian.is\/1981\/esterarbok-3-kafli\/"},"modified":"2021-06-06T10:51:04","modified_gmt":"2021-06-06T10:51:04","slug":"esterarbok-3-kafli","status":"publish","type":"page","link":"https:\/\/biblian.is\/1981\/esterarbok-3-kafli\/","title":{"rendered":"Esterarb\u00f3k 3. kafli"},"content":{"rendered":"<p><a name=\"1\"><span class=\"versanumer\">1<\/span><\/a>Eftir \u00feessa atbur\u00f0i veitti Ahasverus konungur Haman Hamdatasyni Agag\u00edta mikinn frama og h\u00f3f hann til vegs og setti st\u00f3l hans ofar \u00f6llum st\u00f3lum h\u00f6f\u00f0ingja \u00feeirra, er me\u00f0 honum voru.<a name=\"2\"><span class=\"versanumer\">2<\/span><\/a>Og allir \u00fej\u00f3nar konungs, \u00feeir er voru \u00ed hli\u00f0i konungs, f\u00e9llu \u00e1 kn\u00e9 og lutu Haman, \u00fev\u00ed a\u00f0 svo haf\u00f0i konungur um hann bo\u00f0i\u00f0. En Mordekai f\u00e9ll hvorki \u00e1 kn\u00e9 n\u00e9 laut honum.<a name=\"3\"><span class=\"versanumer\">3<\/span><\/a>\u00de\u00e1 s\u00f6g\u00f0u \u00fej\u00f3nar konungs, \u00feeir er voru \u00ed konungshli\u00f0i, vi\u00f0 Mordekai: Hv\u00ed br\u00fdtur \u00fe\u00fa bo\u00f0 konungs?<a name=\"4\"><span class=\"versanumer\">4<\/span><\/a>H\u00f6f\u00f0u \u00feeir daglega or\u00f0 \u00e1 \u00feessu vi\u00f0 hann, en hann hl\u00fdddi \u00feeim ekki. S\u00f6g\u00f0u \u00feeir \u00fe\u00e1 Haman fr\u00e1 \u00fev\u00ed til \u00feess a\u00f0 sj\u00e1, hvort or\u00f0 Mordekai yr\u00f0u tekin gild, \u00fev\u00ed a\u00f0 hann haf\u00f0i sagt \u00feeim, a\u00f0 hann v\u00e6ri Gy\u00f0ingur.<a name=\"5\"><span class=\"versanumer\">5<\/span><\/a>Og er Haman s\u00e1, a\u00f0 Mordekai f\u00e9ll eigi \u00e1 kn\u00e9 n\u00e9 laut honum, \u00fe\u00e1 fylltist Haman rei\u00f0i.<a name=\"6\"><span class=\"versanumer\">6<\/span><\/a>En honum \u00fe\u00f3tti einskis vert a\u00f0 leggja hendur \u00e1 Mordekai einan, \u00fev\u00ed a\u00f0 menn h\u00f6f\u00f0u sagt honum fr\u00e1, hverrar \u00fej\u00f3\u00f0ar Mordekai var, og leita\u00f0ist Haman \u00fev\u00ed vi\u00f0 a\u00f0 gj\u00f6rey\u00f0a \u00f6llum Gy\u00f0ingum, sem voru \u00ed \u00f6llu r\u00edki Ahasverusar, saml\u00f6ndum Mordekai.<a name=\"7\"><span class=\"versanumer\">7<\/span><\/a>\u00cd fyrsta m\u00e1nu\u00f0inum \u00fea\u00f0 er \u00ed m\u00e1nu\u00f0inum n\u00edsan \u00e1 t\u00f3lfta r\u00edkis\u00e1ri Ahasverusar konungs var varpa\u00f0 p\u00far, \u00fea\u00f0 er hlutkesti, \u00ed vi\u00f0urvist Hamans, fr\u00e1 einum degi til annars og fr\u00e1 einum m\u00e1nu\u00f0i til annars, og f\u00e9ll hlutkesti\u00f0 \u00e1 \u00ferett\u00e1nda dag hins t\u00f3lfta m\u00e1na\u00f0ar \u00fea\u00f0 er m\u00e1na\u00f0arins adar.<a name=\"8\"><span class=\"versanumer\">8<\/span><\/a>Og Haman sag\u00f0i vi\u00f0 Ahasverus konung: Ein er s\u00fa \u00fej\u00f3\u00f0, sem lifir dreif\u00f0 og fr\u00e1skilin me\u00f0al \u00fej\u00f3\u00f0anna \u00ed \u00f6llum skattl\u00f6ndum r\u00edkis \u00fe\u00edns. Og l\u00f6g \u00feeirra eru fr\u00e1brug\u00f0in l\u00f6gum allra annarra \u00fej\u00f3\u00f0a, og l\u00f6g konungs halda \u00feeir ekki, og hl\u00fd\u00f0ir eigi a\u00f0 konungur l\u00e1ti \u00fe\u00e1 afskiptalausa.<a name=\"9\"><span class=\"versanumer\">9<\/span><\/a>Ef konungi \u00fe\u00f3knast svo, \u00fe\u00e1 ver\u00f0i skriflega fyrirskipa\u00f0 a\u00f0 afm\u00e1 \u00fe\u00e1. En t\u00edu \u00fe\u00fasund talentur silfurs skal \u00e9g vega \u00ed hendur fj\u00e1rg\u00e6slum\u00f6nnunum, svo a\u00f0 \u00feeir flytji \u00fea\u00f0 \u00ed f\u00e9hirslur konungs.<a name=\"10\"><span class=\"versanumer\">10<\/span><\/a>\u00de\u00e1 dr\u00f3 konungur innsiglishring sinn af hendi s\u00e9r og f\u00e9kk hann Haman Hamdatasyni Agag\u00edta, fjandmanni Gy\u00f0inga.<a name=\"11\"><span class=\"versanumer\">11<\/span><\/a>S\u00ed\u00f0an sag\u00f0i konungur vi\u00f0 Haman: Silfri\u00f0 er \u00fe\u00e9r gefi\u00f0, og me\u00f0 \u00fej\u00f3\u00f0ina m\u00e1tt \u00fe\u00fa fara svo sem \u00fe\u00e9r vel l\u00edkar.<a name=\"12\"><span class=\"versanumer\">12<\/span><\/a>\u00de\u00e1 var skrifurum konungs stefnt saman, \u00ferett\u00e1nda dag hins fyrsta m\u00e1na\u00f0ar, og var n\u00fa skrifa\u00f0 me\u00f0 \u00f6llu svo sem Haman m\u00e6lti fyrir til jarla konungs og til landstj\u00f3ranna \u00ed \u00f6llum skattl\u00f6ndunum og til h\u00f6f\u00f0ingja allra \u00fej\u00f3\u00f0anna, \u00ed hvert skattland me\u00f0 skrift \u00feess lands og til hverrar \u00fej\u00f3\u00f0ar \u00e1 hennar tungu. Var \u00feetta skrifa\u00f0 \u00ed nafni Ahasverusar konungs og innsigla\u00f0 me\u00f0 innsiglishring konungs.<a name=\"13\"><span class=\"versanumer\">13<\/span><\/a>Og br\u00e9fin voru send me\u00f0 hra\u00f0bo\u00f0um \u00ed \u00f6ll skattl\u00f6nd konungs, \u00feess efnis, a\u00f0 ey\u00f0a skyldi, dey\u00f0a og tort\u00edma \u00f6llum Gy\u00f0ingum, b\u00e6\u00f0i ungum og g\u00f6mlum, b\u00f6rnum og konum, \u00e1 einum degi, \u00ferett\u00e1nda dag hins t\u00f3lfta m\u00e1na\u00f0ar \u00fea\u00f0 er m\u00e1na\u00f0arins adar og r\u00e6na fj\u00e1rmunum \u00feeirra.<a name=\"14\"><span class=\"versanumer\">14<\/span><\/a>Eftirrit af br\u00e9finu skyldi gefi\u00f0 \u00fat sem l\u00f6g \u00ed hverju skattlandi, til \u00feess a\u00f0 gj\u00f6ra \u00feetta kunnugt \u00f6llum \u00fej\u00f3\u00f0unum, svo a\u00f0 \u00fe\u00e6r g\u00e6tu veri\u00f0 vi\u00f0b\u00fanar \u00feennan dag.<a name=\"15\"><span class=\"versanumer\">15<\/span><\/a>Hra\u00f0bo\u00f0arnir f\u00f3ru af sta\u00f0 \u00ed skyndi a\u00f0 bo\u00f0i konungs, \u00feegar er l\u00f6gin voru \u00fatgefin \u00ed borginni S\u00fasa. Og konungur og Haman settust a\u00f0 drykkju, en felmt sl\u00f3 \u00e1 b\u00e6inn S\u00fasa.<\/p>\n<div class=\"footnote1981\"><b>3.4<\/b> Gy\u00f0ingur Est 3.8<br \/>\n<b>3.6<\/b> Gj\u00f6rey\u00f0a \u00f6llum gy\u00f0ingum Est 2.8-9<br \/>\n<b>3.8<\/b> Dreif\u00f0 \u00fej\u00f3\u00f0 3M\u00f3s 26.33+ &#8211; fr\u00e1brug\u00f0in l\u00f6g Est 1.4-5<br \/>\n<b>3.10<\/b> Innsiglishring af hendi s\u00e9r Est 8.2; 1M\u00f3s 41.42<\/div>\n","protected":false},"excerpt":{"rendered":"<p>1Eftir \u00feessa atbur\u00f0i veitti Ahasverus konungur Haman Hamdatasyni Agag\u00edta mikinn frama og h\u00f3f hann til vegs og setti st\u00f3l hans ofar \u00f6llum st\u00f3lum h\u00f6f\u00f0ingja \u00feeirra, er me\u00f0 honum voru.2Og allir \u00fej\u00f3nar konungs, \u00feeir er voru \u00ed hli\u00f0i konungs, f\u00e9llu \u00e1 kn\u00e9 og lutu Haman, \u00fev\u00ed a\u00f0 svo haf\u00f0i konungur um hann bo\u00f0i\u00f0. En Mordekai f\u00e9ll hvorki \u00e1 kn\u00e9 n\u00e9 laut honum.3\u00de\u00e1 s\u00f6g\u00f0u \u00fej\u00f3nar konungs, \u00feeir er voru \u00ed konungshli\u00f0i, vi\u00f0 Mordekai: Hv\u00ed br\u00fdtur \u00fe\u00fa bo\u00f0 konungs?4H\u00f6f\u00f0u \u00feeir daglega or\u00f0 \u00e1 \u00feessu vi\u00f0 hann, en hann hl\u00fdddi \u00feeim ekki. S\u00f6g\u00f0u \u00feeir \u00fe\u00e1 Haman fr\u00e1 \u00fev\u00ed til \u00feess a\u00f0 sj\u00e1, hvort or\u00f0 <a href=\"https:\/\/biblian.is\/1981\/esterarbok-3-kafli\/\"> [&#8230;]<\/a><\/p>\n","protected":false},"author":1,"featured_media":0,"parent":0,"menu_order":0,"comment_status":"open","ping_status":"open","template":"bibliukaflar.php","meta":{"footnotes":""},"class_list":["post-1775","page","type-page","status-publish","hentry"],"_links":{"self":[{"href":"https:\/\/biblian.is\/1981\/wp-json\/wp\/v2\/pages\/1775","targetHints":{"allow":["GET"]}}],"collection":[{"href":"https:\/\/biblian.is\/1981\/wp-json\/wp\/v2\/pages"}],"about":[{"href":"https:\/\/biblian.is\/1981\/wp-json\/wp\/v2\/types\/page"}],"author":[{"embeddable":true,"href":"https:\/\/biblian.is\/1981\/wp-json\/wp\/v2\/users\/1"}],"replies":[{"embeddable":true,"href":"https:\/\/biblian.is\/1981\/wp-json\/wp\/v2\/comments?post=1775"}],"version-history":[{"count":0,"href":"https:\/\/biblian.is\/1981\/wp-json\/wp\/v2\/pages\/1775\/revisions"}],"wp:attachment":[{"href":"https:\/\/biblian.is\/1981\/wp-json\/wp\/v2\/media?parent=1775"}],"curies":[{"name":"wp","href":"https:\/\/api.w.org\/{rel}","templated":true}]}}