{"id":1774,"date":"2017-11-18T20:18:38","date_gmt":"2017-11-18T20:18:38","guid":{"rendered":"http:\/\/biblian.is\/1981\/esterarbok-2-kafli\/"},"modified":"2021-06-06T10:51:04","modified_gmt":"2021-06-06T10:51:04","slug":"esterarbok-2-kafli","status":"publish","type":"page","link":"https:\/\/biblian.is\/1981\/esterarbok-2-kafli\/","title":{"rendered":"Esterarb\u00f3k 2. kafli"},"content":{"rendered":"<p><a name=\"1\"><span class=\"versanumer\">1<\/span><\/a>Eftir \u00feessa atbur\u00f0i, \u00fe\u00e1 er Ahasverusi konungi var runnin rei\u00f0in, minntist hann Vast\u00ed og \u00feess, er h\u00fan haf\u00f0i gj\u00f6rt, svo og \u00feess, hver d\u00f3mur haf\u00f0i yfir hana gengi\u00f0.<a name=\"2\"><span class=\"versanumer\">2<\/span><\/a>\u00de\u00e1 s\u00f6g\u00f0u menn konungs, \u00feeir er honum \u00fej\u00f3nu\u00f0u: Leiti menn a\u00f0 ungum, fr\u00ed\u00f0um meyjum handa konunginum,<a name=\"3\"><span class=\"versanumer\">3<\/span><\/a>og konungur setji til menn um \u00f6ll skattl\u00f6nd r\u00edkis s\u00edns, er safni saman \u00f6llum ungum, fr\u00ed\u00f0um meyjum til borgarinnar S\u00fasa, \u00ed kvennab\u00fari\u00f0, undir umsj\u00e1 Hega\u00ed, geldings konungs, \u00feess er geymir kvennanna, svo a\u00f0 hann annist um hreinsunarundirb\u00faning \u00feeirra.<a name=\"4\"><span class=\"versanumer\">4<\/span><\/a>Og s\u00fa st\u00falka, sem \u00fe\u00f3knast konungi, ver\u00f0i drottning \u00ed sta\u00f0 Vast\u00ed. \u00deetta l\u00edka\u00f0i konungi vel, og hann gj\u00f6r\u00f0i svo.<a name=\"5\"><span class=\"versanumer\">5<\/span><\/a>En \u00ed borginni S\u00fasa var Gy\u00f0ingur nokkur, a\u00f0 nafni Mordekai Ja\u00edrsson, S\u00edme\u00edsonar, K\u00edssonar, Benjam\u00edn\u00edti,<a name=\"6\"><span class=\"versanumer\">6<\/span><\/a>er fluttur haf\u00f0i veri\u00f0 fr\u00e1 Jer\u00fasalem me\u00f0 \u00feeim hernumdu, er fluttir voru burt me\u00f0 Jekonja J\u00fadakonungi, \u00feeim er Neb\u00fakadnesar Babel-konungur flutti burt.<a name=\"7\"><span class=\"versanumer\">7<\/span><\/a>Og hann var f\u00f3sturfa\u00f0ir Hadassa, \u00fea\u00f0 er Esterar, d\u00f3ttur f\u00f6\u00f0urbr\u00f3\u00f0ur hans, \u00fev\u00ed a\u00f0 h\u00fan var f\u00f6\u00f0ur- og m\u00f3\u00f0urlaus. Og st\u00falkan var fagurvaxin og fr\u00ed\u00f0 s\u00fdnum, og er fa\u00f0ir hennar og m\u00f3\u00f0ir \u00f6ndu\u00f0ust, \u00fe\u00e1 haf\u00f0i Mordekai teki\u00f0 hana s\u00e9r \u00ed d\u00f3ttur sta\u00f0.<a name=\"8\"><span class=\"versanumer\">8<\/span><\/a>Er bo\u00f0 konungs og tilskipun hans var\u00f0 kunn og safna\u00f0 var saman m\u00f6rgum st\u00falkum til borgarinnar S\u00fasa undir umsj\u00e1 Hega\u00ed, \u00fe\u00e1 var og Ester tekin til konungshallarinnar, undir umsj\u00e1 Hega\u00ed kvennavar\u00f0ar.<a name=\"9\"><span class=\"versanumer\">9<\/span><\/a>Og st\u00falkan ge\u00f0ja\u00f0ist honum og fann n\u00e1\u00f0 fyrir augum hans. Fyrir \u00fev\u00ed fl\u00fdtti hann s\u00e9r a\u00f0 f\u00e1 henni \u00fea\u00f0, er h\u00fan \u00feurfti til hreinsunarundirb\u00fanings s\u00edns, og \u00feann mat, er henni bar, svo og a\u00f0 f\u00e1 henni \u00fe\u00e6r sj\u00f6 \u00feernur \u00far konungsh\u00f6llinni, er henni voru \u00e6tla\u00f0ar. Og hann f\u00f3r me\u00f0 hana og \u00feernur hennar \u00e1 besta sta\u00f0inn \u00ed kvennab\u00farinu.<a name=\"10\"><span class=\"versanumer\">10<\/span><\/a>Ester haf\u00f0i ekki sagt, hverrar \u00fej\u00f3\u00f0ar h\u00fan v\u00e6ri n\u00e9 fr\u00e1 \u00e6tt sinni, \u00fev\u00ed a\u00f0 Mordekai haf\u00f0i bo\u00f0i\u00f0 henni a\u00f0 segja eigi fr\u00e1 \u00fev\u00ed.<a name=\"11\"><span class=\"versanumer\">11<\/span><\/a>En Mordekai gekk \u00e1 degi hverjum fyrir framan forgar\u00f0 kvennab\u00farsins til \u00feess a\u00f0 vita, hvernig Ester li\u00f0i og hva\u00f0 um hana yr\u00f0i.<a name=\"12\"><span class=\"versanumer\">12<\/span><\/a>Og er r\u00f6\u00f0in kom a\u00f0 hverri st\u00falku um sig, a\u00f0 h\u00fan skyldi ganga inn fyrir Ahasverus konung, eftir t\u00f3lf m\u00e1na\u00f0a undirb\u00faningsfrest samkv\u00e6mt kvennal\u00f6gunum \u00fev\u00ed a\u00f0 svo langur t\u00edmi gekk til hreinsunarundirb\u00fanings \u00feeirra: sex m\u00e1nu\u00f0ir me\u00f0 myrruol\u00edu og sex m\u00e1nu\u00f0ir me\u00f0 ilmsmyrslum og \u00f6\u00f0ru \u00fev\u00ed, er til undirb\u00fanings kvenna heyrir<a name=\"13\"><span class=\"versanumer\">13<\/span><\/a>\u00feegar st\u00falkan \u00fe\u00e1 gekk inn fyrir konung, var henni fengi\u00f0 allt, er h\u00fan ba\u00f0 um, a\u00f0 \u00fea\u00f0 f\u00e6ri me\u00f0 henni \u00far kvennab\u00farinu til konungshallarinnar.<a name=\"14\"><span class=\"versanumer\">14<\/span><\/a>Um kveldi\u00f0 gekk h\u00fan inn, en a\u00f0 morgni sneri h\u00fan aftur \u00ed hi\u00f0 anna\u00f0 kvennab\u00far, undir umsj\u00e1 Saasgasar, geldings konungs, \u00feess er geymdi hj\u00e1kvennanna. M\u00e1tti h\u00fan \u00fe\u00e1 eigi framar koma inn fyrir konung, nema ef konungi hef\u00f0i ge\u00f0jast vel a\u00f0 henni og h\u00fan v\u00e6ri s\u00e9rstaklega k\u00f6llu\u00f0.<a name=\"15\"><span class=\"versanumer\">15<\/span><\/a>\u00deegar n\u00fa r\u00f6\u00f0in kom a\u00f0 Ester, d\u00f3ttur Ab\u00edha\u00edls, f\u00f6\u00f0urbr\u00f3\u00f0ur Mordekai, er hann haf\u00f0i teki\u00f0 s\u00e9r \u00ed d\u00f3ttur sta\u00f0, a\u00f0 h\u00fan skyldi inn ganga fyrir konung, \u00fe\u00e1 ba\u00f0 h\u00fan ekki um neitt, nema \u00fea\u00f0 sem Hega\u00ed geldingur konungs, kvennav\u00f6r\u00f0urinn, tilt\u00f3k. Og Ester fann n\u00e1\u00f0 \u00ed augum allra \u00feeirra, er hana s\u00e1u.<a name=\"16\"><span class=\"versanumer\">16<\/span><\/a>Og Ester var tekin inn til Ahasverusar konungs, inn \u00ed hina konunglegu h\u00f6ll hans, \u00ed t\u00edunda m\u00e1nu\u00f0inum \u00fea\u00f0 er tebetm\u00e1nu\u00f0ur \u00e1 sj\u00f6unda r\u00edkisstj\u00f3rnar\u00e1ri hans.<a name=\"17\"><span class=\"versanumer\">17<\/span><\/a>Og konungur f\u00e9kk meiri \u00e1st \u00e1 Ester en \u00f6llum \u00f6\u00f0rum konum, og h\u00fan \u00e1vann s\u00e9r n\u00e1\u00f0 hans og \u00feokka, meir en allar hinar meyjarnar. Og hann setti hina konunglegu k\u00f3r\u00f3nu \u00e1 h\u00f6fu\u00f0 henni og gj\u00f6r\u00f0i hana a\u00f0 drottningu \u00ed sta\u00f0 Vast\u00ed.<a name=\"18\"><span class=\"versanumer\">18<\/span><\/a>Og konungur h\u00e9lt mikla veislu \u00f6llum h\u00f6f\u00f0ingjum s\u00ednum og \u00fej\u00f3num, Esterar-veislu, l\u00e9t halda hv\u00edldardag \u00ed skattl\u00f6ndunum og gaf gjafir me\u00f0 konunglegu \u00f6rl\u00e6ti.<a name=\"19\"><span class=\"versanumer\">19<\/span><\/a>\u00de\u00e1 er meyjum var \u00ed anna\u00f0 sinn safna\u00f0 og Mordekai sat \u00ed konungshli\u00f0i<a name=\"20\"><span class=\"versanumer\">20<\/span><\/a>en Ester haf\u00f0i ekki sagt fr\u00e1 \u00e6tt sinni e\u00f0a hverrar \u00fej\u00f3\u00f0ar h\u00fan v\u00e6ri, svo sem Mordekai haf\u00f0i bo\u00f0i\u00f0 henni, me\u00f0 \u00fev\u00ed a\u00f0 Ester hl\u00fdddi fyrirm\u00e6lum Mordekai, eins og \u00feegar h\u00fan var \u00ed f\u00f3stri hj\u00e1 honum<a name=\"21\"><span class=\"versanumer\">21<\/span><\/a>\u00ed \u00feann t\u00edma, \u00fe\u00e1 er Mordekai sat \u00ed konungshli\u00f0i, reiddust Bigtan og Teres, tveir geldingar konungs, af \u00feeim er geymdu dyranna, og leitu\u00f0u eftir a\u00f0 leggja hendur \u00e1 Ahasverus konung.<a name=\"22\"><span class=\"versanumer\">22<\/span><\/a>\u00deessa var\u00f0 Mordekai \u00e1skynja og sag\u00f0i Ester drottningu fr\u00e1 \u00fev\u00ed, en Ester sag\u00f0i konungi fr\u00e1 \u00ed nafni Mordekai.<a name=\"23\"><span class=\"versanumer\">23<\/span><\/a>Og er m\u00e1li\u00f0 var rannsaka\u00f0 og \u00feetta reyndist satt a\u00f0 vera, \u00fe\u00e1 voru \u00feeir b\u00e1\u00f0ir festir \u00e1 g\u00e1lga. Og \u00feetta var rita\u00f0 \u00ed \u00e1rb\u00f3kina \u00ed vi\u00f0urvist konungs.<\/p>\n<div class=\"footnote1981\"><b>2.5<\/b> K\u00eds 1Sam 9.1; 1Kro 8.33<br \/>\n<b>2.6<\/b> Herlei\u00f0ing Neb\u00fakadnesar 2Kon 24.10-17; sbr 2Kon 15.29+<\/div>\n","protected":false},"excerpt":{"rendered":"<p>1Eftir \u00feessa atbur\u00f0i, \u00fe\u00e1 er Ahasverusi konungi var runnin rei\u00f0in, minntist hann Vast\u00ed og \u00feess, er h\u00fan haf\u00f0i gj\u00f6rt, svo og \u00feess, hver d\u00f3mur haf\u00f0i yfir hana gengi\u00f0.2\u00de\u00e1 s\u00f6g\u00f0u menn konungs, \u00feeir er honum \u00fej\u00f3nu\u00f0u: Leiti menn a\u00f0 ungum, fr\u00ed\u00f0um meyjum handa konunginum,3og konungur setji til menn um \u00f6ll skattl\u00f6nd r\u00edkis s\u00edns, er safni saman \u00f6llum ungum, fr\u00ed\u00f0um meyjum til borgarinnar S\u00fasa, \u00ed kvennab\u00fari\u00f0, undir umsj\u00e1 Hega\u00ed, geldings konungs, \u00feess er geymir kvennanna, svo a\u00f0 hann annist um hreinsunarundirb\u00faning \u00feeirra.4Og s\u00fa st\u00falka, sem \u00fe\u00f3knast konungi, ver\u00f0i drottning \u00ed sta\u00f0 Vast\u00ed. \u00deetta l\u00edka\u00f0i konungi vel, og hann gj\u00f6r\u00f0i svo.5En \u00ed borginni <a href=\"https:\/\/biblian.is\/1981\/esterarbok-2-kafli\/\"> [&#8230;]<\/a><\/p>\n","protected":false},"author":1,"featured_media":0,"parent":0,"menu_order":0,"comment_status":"open","ping_status":"open","template":"bibliukaflar.php","meta":{"footnotes":""},"class_list":["post-1774","page","type-page","status-publish","hentry"],"_links":{"self":[{"href":"https:\/\/biblian.is\/1981\/wp-json\/wp\/v2\/pages\/1774","targetHints":{"allow":["GET"]}}],"collection":[{"href":"https:\/\/biblian.is\/1981\/wp-json\/wp\/v2\/pages"}],"about":[{"href":"https:\/\/biblian.is\/1981\/wp-json\/wp\/v2\/types\/page"}],"author":[{"embeddable":true,"href":"https:\/\/biblian.is\/1981\/wp-json\/wp\/v2\/users\/1"}],"replies":[{"embeddable":true,"href":"https:\/\/biblian.is\/1981\/wp-json\/wp\/v2\/comments?post=1774"}],"version-history":[{"count":0,"href":"https:\/\/biblian.is\/1981\/wp-json\/wp\/v2\/pages\/1774\/revisions"}],"wp:attachment":[{"href":"https:\/\/biblian.is\/1981\/wp-json\/wp\/v2\/media?parent=1774"}],"curies":[{"name":"wp","href":"https:\/\/api.w.org\/{rel}","templated":true}]}}