{"id":1772,"date":"2017-11-18T20:18:38","date_gmt":"2017-11-18T20:18:38","guid":{"rendered":"http:\/\/biblian.is\/1981\/nehemiabok-13-kafli\/"},"modified":"2021-06-06T11:04:06","modified_gmt":"2021-06-06T11:04:06","slug":"nehemiabok-13-kafli","status":"publish","type":"page","link":"https:\/\/biblian.is\/1981\/nehemiabok-13-kafli\/","title":{"rendered":"Nehem\u00edab\u00f3k 13. kafli"},"content":{"rendered":"<p><a name=\"1\"><span class=\"versanumer\">1<\/span><\/a>\u00deann dag var lesi\u00f0 upp \u00far M\u00f3seb\u00f3k fyrir l\u00fd\u00f0num, og fannst \u00fe\u00e1 skrifa\u00f0 \u00ed henni, a\u00f0 hvorki Amm\u00f3n\u00edti n\u00e9 M\u00f3ab\u00edti m\u00e6ttu nokkru sinni koma \u00ed s\u00f6fnu\u00f0 Gu\u00f0s,<a name=\"2\"><span class=\"versanumer\">2<\/span><\/a>vegna \u00feess a\u00f0 \u00feeir komu ekki \u00ed m\u00f3ti \u00cdsraelsm\u00f6nnum me\u00f0 brau\u00f0 og vatn og keyptu \u00ed m\u00f3ti \u00feeim B\u00edleam til a\u00f0 b\u00f6lva \u00feeim, en Gu\u00f0 vor sneri b\u00f6lvaninni \u00ed blessan.<a name=\"3\"><span class=\"versanumer\">3<\/span><\/a>Og er \u00feeir heyr\u00f0u l\u00f6gm\u00e1li\u00f0, skildu \u00feeir alla \u00fatlendinga \u00far \u00cdsrael.<a name=\"4\"><span class=\"versanumer\">4<\/span><\/a>\u00c1\u00f0ur en \u00feetta var\u00f0, haf\u00f0i Eljas\u00edb prestur, fr\u00e6ndi Tob\u00eda, s\u00e1 er settur var yfir herbergi musteris Gu\u00f0s vors,<a name=\"5\"><span class=\"versanumer\">5<\/span><\/a>l\u00e1ti\u00f0 \u00fatb\u00faa st\u00f3rt herbergi handa Tob\u00eda, en \u00fear h\u00f6f\u00f0u menn \u00e1\u00f0ur l\u00e1ti\u00f0 matf\u00f3rnina, reykelsi\u00f0 og \u00e1h\u00f6ldin og t\u00edund af korni, aldinlegi og ol\u00edu, hi\u00f0 fyrirskipa\u00f0a gjald til lev\u00edta, s\u00f6ngvara og hli\u00f0var\u00f0a, svo og f\u00f3rnargjafir til prestanna.<a name=\"6\"><span class=\"versanumer\">6<\/span><\/a>Me\u00f0an allt \u00feetta gj\u00f6r\u00f0ist, var \u00e9g ekki \u00ed Jer\u00fasalem, \u00fev\u00ed a\u00f0 \u00e1 \u00fer\u00edtugasta og \u00f6\u00f0ru r\u00edkis\u00e1ri Artahsasta konungs \u00ed Bab\u00fdlon f\u00f3r \u00e9g til konungsins. En a\u00f0 nokkrum t\u00edma li\u00f0num beiddist \u00e9g orlofs af konungi.<a name=\"7\"><span class=\"versanumer\">7<\/span><\/a>Og er \u00e9g kom til Jer\u00fasalem, s\u00e1 \u00e9g hv\u00edl\u00edka \u00f3h\u00e6fu Eljas\u00edb haf\u00f0i gj\u00f6rt vegna Tob\u00eda me\u00f0 \u00fev\u00ed a\u00f0 \u00fatb\u00faa handa honum klefa \u00ed forg\u00f6r\u00f0um Gu\u00f0s musteris.<a name=\"8\"><span class=\"versanumer\">8<\/span><\/a>M\u00e9r misl\u00edka\u00f0i \u00feetta st\u00f3rum, og kasta\u00f0i \u00e9g \u00f6llum h\u00fasg\u00f6gnum Tob\u00eda \u00fat \u00far herberginu<a name=\"9\"><span class=\"versanumer\">9<\/span><\/a>og bau\u00f0 a\u00f0 hreinsa herbergin, bar s\u00ed\u00f0an aftur inn \u00feanga\u00f0 \u00e1h\u00f6ld Gu\u00f0s musteris, matf\u00f3rnina og reykelsi\u00f0.<a name=\"10\"><span class=\"versanumer\">10<\/span><\/a>\u00c9g komst og a\u00f0 \u00fev\u00ed, a\u00f0 grei\u00f0slurnar til lev\u00edtanna h\u00f6f\u00f0u eigi veri\u00f0 inntar af hendi, svo a\u00f0 lev\u00edtarnir og s\u00f6ngvararnir, er \u00fej\u00f3nustunni \u00e1ttu a\u00f0 gegna, voru allir fl\u00fanir \u00fat \u00e1 lendur s\u00ednar.<a name=\"11\"><span class=\"versanumer\">11<\/span><\/a>\u00de\u00e1 taldi \u00e9g \u00e1 yfirmennina og sag\u00f0i: Hvers vegna er h\u00fas Gu\u00f0s yfirgefi\u00f0? Og \u00e9g stefndi \u00feeim saman og setti \u00fe\u00e1 \u00e1 sinn sta\u00f0.<a name=\"12\"><span class=\"versanumer\">12<\/span><\/a>\u00de\u00e1 f\u00e6r\u00f0u allir J\u00fadamenn t\u00edundina af korni, aldinlegi og ol\u00edu \u00ed for\u00f0ab\u00farin,<a name=\"13\"><span class=\"versanumer\">13<\/span><\/a>og \u00e9g skipa\u00f0i yfir for\u00f0ab\u00farin \u00fe\u00e1 Selemja prest og Sad\u00f3k fr\u00e6\u00f0imann, og Pedaja af lev\u00edtunum, og \u00feeim til a\u00f0sto\u00f0ar Hanan Sakk\u00farsson, Mattanjasonar, \u00fev\u00ed a\u00f0 \u00feeir voru taldir \u00e1rei\u00f0anlegir og \u00fea\u00f0 var \u00feeirra skylda a\u00f0 \u00fatdeila br\u00e6\u00f0rum s\u00ednum.<a name=\"14\"><span class=\"versanumer\">14<\/span><\/a>Mundu m\u00e9r \u00feetta, Gu\u00f0 minn, og afm\u00e1 eigi g\u00f3\u00f0verk m\u00edn, \u00feau er \u00e9g hefi gj\u00f6rt fyrir h\u00fas Gu\u00f0s m\u00edns og \u00fej\u00f3nustu hans.<a name=\"15\"><span class=\"versanumer\">15<\/span><\/a>Um s\u00f6mu mundir s\u00e1 \u00e9g \u00ed J\u00fada menn vera a\u00f0 tro\u00f0a v\u00ednlagar\u00fer\u00e6r \u00e1 hv\u00edldardegi og flytja heim kornbundin og a\u00f0ra vera a\u00f0 klyfja asna v\u00edni, v\u00ednberjum, f\u00edkjum og alls konar \u00feungav\u00f6ru og koma me\u00f0 \u00fe\u00e1 \u00e1 hv\u00edldardegi til Jer\u00fasalem. Og \u00e9g \u00e1minnti \u00fe\u00e1, \u00feegar \u00feeir seldu matv\u00e6li.<a name=\"16\"><span class=\"versanumer\">16<\/span><\/a>Og T\u00fdrusmenn, sem sest h\u00f6f\u00f0u \u00fear a\u00f0, fluttu \u00feanga\u00f0 fisk og alls konar torgv\u00f6ru og seldu J\u00fadam\u00f6nnum \u00fea\u00f0 \u00e1 hv\u00edldard\u00f6gum \u00ed Jer\u00fasalem.<a name=\"17\"><span class=\"versanumer\">17<\/span><\/a>\u00de\u00e1 taldi \u00e9g \u00e1 tignarmenn J\u00fada og sag\u00f0i vi\u00f0 \u00fe\u00e1: Hv\u00edl\u00edk \u00f3h\u00e6fa er \u00fea\u00f0, sem \u00fe\u00e9r hafi\u00f0 \u00ed frammi, a\u00f0 vanhelga hv\u00edldardaginn!<a name=\"18\"><span class=\"versanumer\">18<\/span><\/a>Hafa eigi fe\u00f0ur y\u00f0ar breytt svo og Gu\u00f0 vor \u00feess vegna l\u00e1ti\u00f0 alla \u00feessa \u00f3g\u00e6fu yfir oss dynja og yfir \u00feessa borg? En \u00fe\u00e9r auki\u00f0 enn meir \u00e1 rei\u00f0i hans vi\u00f0 \u00cdsrael me\u00f0 \u00fev\u00ed a\u00f0 vanhelga hv\u00edldardaginn.<a name=\"19\"><span class=\"versanumer\">19<\/span><\/a>Og \u00feegar myrkt var or\u00f0i\u00f0 \u00ed borgarhli\u00f0um Jer\u00fasalem og hv\u00edldardagur f\u00f3r \u00ed h\u00f6nd, \u00fe\u00e1 bau\u00f0 \u00e9g a\u00f0 loka skyldi hli\u00f0unum, og enn fremur bau\u00f0 \u00e9g a\u00f0 eigi skyldi opna \u00feau aftur fyrr en a\u00f0 hv\u00edldardeginum li\u00f0num. Og \u00e9g setti nokkra af sveinum m\u00ednum vi\u00f0 borgarhli\u00f0in, til \u00feess a\u00f0 engin \u00feungavara k\u00e6mi inn \u00e1 hv\u00edldardegi.<a name=\"20\"><span class=\"versanumer\">20<\/span><\/a>\u00de\u00e1 n\u00e1ttu\u00f0u kaupmenn og \u00feeir, er seldu alls konar torgv\u00f6ru, fyrir utan Jer\u00fasalem, einu sinni e\u00f0a tvisvar.<a name=\"21\"><span class=\"versanumer\">21<\/span><\/a>\u00de\u00e1 \u00e1minnti \u00e9g \u00fe\u00e1 og sag\u00f0i vi\u00f0 \u00fe\u00e1: Hv\u00ed n\u00e1tti\u00f0 \u00fe\u00e9r \u00fati fyrir borgarm\u00farunum? Ef \u00fe\u00e9r gj\u00f6ri\u00f0 \u00fea\u00f0 oftar, legg \u00e9g hendur \u00e1 y\u00f0ur. Upp fr\u00e1 \u00fev\u00ed komu \u00feeir ekki \u00e1 hv\u00edldardegi.<a name=\"22\"><span class=\"versanumer\">22<\/span><\/a>\u00de\u00e1 bau\u00f0 \u00e9g lev\u00edtunum, a\u00f0 \u00feeir skyldu hreinsa sig og koma s\u00ed\u00f0an og g\u00e6ta borgarhli\u00f0anna, til \u00feess a\u00f0 helga \u00feannig hv\u00edldardaginn. Mundu m\u00e9r og \u00feetta, Gu\u00f0 minn, og \u00feyrm m\u00e9r af mikilli miskunn \u00feinni.<a name=\"23\"><span class=\"versanumer\">23<\/span><\/a>Um \u00fe\u00e6r mundir s\u00e1 \u00e9g og Gy\u00f0inga, sem gengi\u00f0 h\u00f6f\u00f0u a\u00f0 eiga konur fr\u00e1 Asd\u00f3d e\u00f0a amm\u00f3n\u00edt\u00edskar e\u00f0a m\u00f3ab\u00edt\u00edskar konur.<a name=\"24\"><span class=\"versanumer\">24<\/span><\/a>Og b\u00f6rn \u00feeirra t\u00f6lu\u00f0u a\u00f0 h\u00e1lfu leyti asd\u00f3dsku e\u00f0a tungu sinnar \u00fej\u00f3\u00f0ar, en kunnu ekki a\u00f0 tala J\u00fada-tungu.<a name=\"25\"><span class=\"versanumer\">25<\/span><\/a>Og \u00e9g taldi \u00e1 \u00fe\u00e1 og ba\u00f0 \u00feeim b\u00f6lb\u00e6na, j\u00e1, bar\u00f0i nokkra af \u00feeim og h\u00e1rreytti \u00fe\u00e1, og \u00e9g s\u00e6r\u00f0i \u00fe\u00e1 vi\u00f0 Gu\u00f0: \u00de\u00e9r skulu\u00f0 ekki gifta d\u00e6tur y\u00f0ar sonum \u00feeirra, n\u00e9 taka nokkra af d\u00e6trum \u00feeirra til handa sonum y\u00f0ar e\u00f0a sj\u00e1lfum y\u00f0ur.<a name=\"26\"><span class=\"versanumer\">26<\/span><\/a>Syndga\u00f0i ekki Sal\u00f3mon, konungur \u00cdsraels, \u00ed \u00feessu? Me\u00f0al allra hinna m\u00f6rgu \u00fej\u00f3\u00f0a var enginn konungur sl\u00edkur sem hann, og svo elska\u00f0ur var hann af Gu\u00f0i, a\u00f0 Gu\u00f0 gj\u00f6r\u00f0i hann a\u00f0 konungi yfir \u00f6llum \u00cdsrael. En einnig hann teyg\u00f0u \u00fatlendar konur til syndar.<a name=\"27\"><span class=\"versanumer\">27<\/span><\/a>Og eigum v\u00e9r n\u00fa a\u00f0 heyra \u00fea\u00f0 um y\u00f0ur, a\u00f0 \u00fe\u00e9r fremji\u00f0 alla \u00feessa miklu \u00f3h\u00e6fu, a\u00f0 s\u00fdna Gu\u00f0i vorum \u00f3tr\u00famennsku me\u00f0 \u00fev\u00ed a\u00f0 ganga a\u00f0 eiga \u00fatlendar konur?<a name=\"28\"><span class=\"versanumer\">28<\/span><\/a>Og einn af sonum J\u00f3jada, Eljas\u00edbssonar \u00e6\u00f0sta prests, var tengdasonur Sanballats H\u00f3ron\u00edta. Fyrir \u00fev\u00ed rak \u00e9g hann fr\u00e1 m\u00e9r.<a name=\"29\"><span class=\"versanumer\">29<\/span><\/a>Mundu \u00feeim \u00fea\u00f0, Gu\u00f0 minn, a\u00f0 \u00feeir hafa saurga\u00f0 prestd\u00f3minn og hi\u00f0 heilaga heit prestd\u00f3msins og lev\u00edtanna.<a name=\"30\"><span class=\"versanumer\">30<\/span><\/a>Og \u00feannig hreinsa\u00f0i \u00e9g \u00fe\u00e1 af \u00f6llu \u00fatlendu, og \u00e9g \u00e1kva\u00f0, hva\u00f0a \u00fej\u00f3nustu prestarnir og lev\u00edtarnir skyldu inna af hendi, hver \u00ed s\u00ednu verki,<a name=\"31\"><span class=\"versanumer\">31<\/span><\/a>svo og hvernig grei\u00f0a skyldi vi\u00f0inn \u00e1 tilteknum t\u00edmum og frumgr\u00f3\u00f0ann. Mundu m\u00e9r \u00fea\u00f0, Gu\u00f0 minn, til g\u00f3\u00f0s.<\/p>\n<div class=\"footnote1981\"><b>13.2<\/b> B\u00edleam 4M\u00f3s 22-24<br \/>\n<b>13.10<\/b> Grei\u00f0slur til Lev\u00edtanna Neh 12.47; sbr 5M\u00f3s 12.19<br \/>\n<b>13.12<\/b> Grei\u00f0a t\u00edund Neh 10.38; Mal 3.10<br \/>\n<b>13.15<\/b> Vinna \u00e1 hv\u00edldardegi Neh 10.31; 3M\u00f3s 19.3+ ; Jer 17.21-22<br \/>\n<b>13.23<\/b> \u00datlendar konur Esr 9.2+<br \/>\n<b>13.26<\/b> Sal\u00f3mon 1Kon 11 \u2013 elska\u00f0ur af Gu\u00f0i 2Sam 12.24-25<br \/>\n<b>13.28<\/b> Eljas\u00edb Esr 10.6+ &#8211; Sanballat Neh 2.10+<br \/>\n<b>13.31<\/b> Flytja brenni Neh 10.34<\/div>\n","protected":false},"excerpt":{"rendered":"<p>1\u00deann dag var lesi\u00f0 upp \u00far M\u00f3seb\u00f3k fyrir l\u00fd\u00f0num, og fannst \u00fe\u00e1 skrifa\u00f0 \u00ed henni, a\u00f0 hvorki Amm\u00f3n\u00edti n\u00e9 M\u00f3ab\u00edti m\u00e6ttu nokkru sinni koma \u00ed s\u00f6fnu\u00f0 Gu\u00f0s,2vegna \u00feess a\u00f0 \u00feeir komu ekki \u00ed m\u00f3ti \u00cdsraelsm\u00f6nnum me\u00f0 brau\u00f0 og vatn og keyptu \u00ed m\u00f3ti \u00feeim B\u00edleam til a\u00f0 b\u00f6lva \u00feeim, en Gu\u00f0 vor sneri b\u00f6lvaninni \u00ed blessan.3Og er \u00feeir heyr\u00f0u l\u00f6gm\u00e1li\u00f0, skildu \u00feeir alla \u00fatlendinga \u00far \u00cdsrael.4\u00c1\u00f0ur en \u00feetta var\u00f0, haf\u00f0i Eljas\u00edb prestur, fr\u00e6ndi Tob\u00eda, s\u00e1 er settur var yfir herbergi musteris Gu\u00f0s vors,5l\u00e1ti\u00f0 \u00fatb\u00faa st\u00f3rt herbergi handa Tob\u00eda, en \u00fear h\u00f6f\u00f0u menn \u00e1\u00f0ur l\u00e1ti\u00f0 matf\u00f3rnina, reykelsi\u00f0 og \u00e1h\u00f6ldin og t\u00edund <a href=\"https:\/\/biblian.is\/1981\/nehemiabok-13-kafli\/\"> [&#8230;]<\/a><\/p>\n","protected":false},"author":1,"featured_media":0,"parent":0,"menu_order":0,"comment_status":"open","ping_status":"open","template":"bibliukaflar.php","meta":{"footnotes":""},"class_list":["post-1772","page","type-page","status-publish","hentry"],"_links":{"self":[{"href":"https:\/\/biblian.is\/1981\/wp-json\/wp\/v2\/pages\/1772","targetHints":{"allow":["GET"]}}],"collection":[{"href":"https:\/\/biblian.is\/1981\/wp-json\/wp\/v2\/pages"}],"about":[{"href":"https:\/\/biblian.is\/1981\/wp-json\/wp\/v2\/types\/page"}],"author":[{"embeddable":true,"href":"https:\/\/biblian.is\/1981\/wp-json\/wp\/v2\/users\/1"}],"replies":[{"embeddable":true,"href":"https:\/\/biblian.is\/1981\/wp-json\/wp\/v2\/comments?post=1772"}],"version-history":[{"count":0,"href":"https:\/\/biblian.is\/1981\/wp-json\/wp\/v2\/pages\/1772\/revisions"}],"wp:attachment":[{"href":"https:\/\/biblian.is\/1981\/wp-json\/wp\/v2\/media?parent=1772"}],"curies":[{"name":"wp","href":"https:\/\/api.w.org\/{rel}","templated":true}]}}