{"id":1771,"date":"2017-11-18T20:18:38","date_gmt":"2017-11-18T20:18:38","guid":{"rendered":"http:\/\/biblian.is\/1981\/nehemiabok-12-kafli\/"},"modified":"2021-06-06T11:04:06","modified_gmt":"2021-06-06T11:04:06","slug":"nehemiabok-12-kafli","status":"publish","type":"page","link":"https:\/\/biblian.is\/1981\/nehemiabok-12-kafli\/","title":{"rendered":"Nehem\u00edab\u00f3k 12. kafli"},"content":{"rendered":"<p><a name=\"1\"><span class=\"versanumer\">1<\/span><\/a>\u00deessir eru prestarnir og lev\u00edtarnir, sem heim f\u00f3ru me\u00f0 \u00feeim Ser\u00fababel Sealt\u00edelssyni og J\u00f3s\u00faa: Seraja, Jerem\u00eda, Esra,<a name=\"2\"><span class=\"versanumer\">2<\/span><\/a>Amarja, Mall\u00fak, Hatt\u00fas,<a name=\"3\"><span class=\"versanumer\">3<\/span><\/a>Sekanja, Reh\u00fam, Merem\u00f3t,<a name=\"4\"><span class=\"versanumer\">4<\/span><\/a>\u00cddd\u00f3, Ginnt\u00f3\u00ed, Ab\u00eda,<a name=\"5\"><span class=\"versanumer\">5<\/span><\/a>M\u00edjam\u00edn, Maadja, B\u00edlga,<a name=\"6\"><span class=\"versanumer\">6<\/span><\/a>Semaja, J\u00f3jar\u00edb, Jedaja,<a name=\"7\"><span class=\"versanumer\">7<\/span><\/a>Sall\u00fa, Am\u00f3k, Hilk\u00eda og Jedaja. \u00deetta voru h\u00f6f\u00f0ingjar prestanna og br\u00e6\u00f0ra \u00feeirra \u00e1 d\u00f6gum J\u00f3s\u00faa.<a name=\"8\"><span class=\"versanumer\">8<\/span><\/a>Lev\u00edtarnir: J\u00f3s\u00faa, Binn\u00fa\u00ed, Kadm\u00edel, Serebja, J\u00fada, Mattanja. Stj\u00f3rna\u00f0i hann og br\u00e6\u00f0ur hans lofs\u00f6ngnum.<a name=\"9\"><span class=\"versanumer\">9<\/span><\/a>Bakb\u00fakja og \u00dann\u00ed, br\u00e6\u00f0ur \u00feeirra, st\u00f3\u00f0u gegnt \u00feeim til \u00fej\u00f3nustugj\u00f6r\u00f0ar.<a name=\"10\"><span class=\"versanumer\">10<\/span><\/a>J\u00f3s\u00faa gat J\u00f3jak\u00edm, og J\u00f3jak\u00edm gat Eljas\u00edb, og Eljas\u00edb gat J\u00f3jada,<a name=\"11\"><span class=\"versanumer\">11<\/span><\/a>og J\u00f3jada gat J\u00f3natan, og J\u00f3natan gat Jadd\u00faa.<a name=\"12\"><span class=\"versanumer\">12<\/span><\/a>\u00c1 d\u00f6gum J\u00f3jak\u00edms voru \u00feessir \u00e6tth\u00f6f\u00f0ingjar me\u00f0al prestanna: Meraja fyrir Seraja, Hananja fyrir Jerem\u00eda,<a name=\"13\"><span class=\"versanumer\">13<\/span><\/a>Mes\u00fallam fyrir Esra, J\u00f3hanan fyrir Amarja,<a name=\"14\"><span class=\"versanumer\">14<\/span><\/a>J\u00f3natan fyrir Mall\u00fak\u00ed, J\u00f3sef fyrir Sebanja,<a name=\"15\"><span class=\"versanumer\">15<\/span><\/a>Adna fyrir Har\u00edm, Helka\u00ed fyrir Meraj\u00f3t,<a name=\"16\"><span class=\"versanumer\">16<\/span><\/a>Sakar\u00eda fyrir \u00cddd\u00f3, Mes\u00fallam fyrir Ginnet\u00f3n,<a name=\"17\"><span class=\"versanumer\">17<\/span><\/a>S\u00edkr\u00ed fyrir Ab\u00eda, . . . fyrir Minjam\u00edn, Pilta\u00ed fyrir M\u00f3daja,<a name=\"18\"><span class=\"versanumer\">18<\/span><\/a>Samm\u00faa fyrir B\u00edlga, J\u00f3natan fyrir Semaja,<a name=\"19\"><span class=\"versanumer\">19<\/span><\/a>Matna\u00ed fyrir J\u00f3jar\u00edb, \u00dass\u00ed fyrir Jedaja,<a name=\"20\"><span class=\"versanumer\">20<\/span><\/a>Kalla\u00ed fyrir Salla\u00ed, Eber fyrir Am\u00f3k,<a name=\"21\"><span class=\"versanumer\">21<\/span><\/a>Hasabja fyrir Hilk\u00eda, Netaneel fyrir Jedaja.<a name=\"22\"><span class=\"versanumer\">22<\/span><\/a>Lev\u00edtarnir: \u00c1 d\u00f6gum Eljas\u00edbs, J\u00f3jada, J\u00f3hanans og Jadd\u00faa voru \u00e6tth\u00f6f\u00f0ingjarnir skr\u00e1\u00f0ir og prestarnir allt fram a\u00f0 r\u00edkisstj\u00f3rn Dar\u00edusar hins persneska.<a name=\"23\"><span class=\"versanumer\">23<\/span><\/a>Af ni\u00f0jum Lev\u00ed voru \u00e6tth\u00f6f\u00f0ingjarnir skr\u00e1\u00f0ir \u00ed \u00e1rb\u00f3kina, og \u00fea\u00f0 fram \u00e1 daga J\u00f3hanans Eljas\u00edbssonar.<a name=\"24\"><span class=\"versanumer\">24<\/span><\/a>H\u00f6f\u00f0ingjar lev\u00edtanna voru: Hasabja, Serebja, J\u00f3s\u00faa, Ban\u00ed, Kadm\u00edel og br\u00e6\u00f0ur \u00feeirra, er st\u00f3\u00f0u gegnt \u00feeim til \u00feess a\u00f0 vegsama Gu\u00f0 me\u00f0 \u00fev\u00ed a\u00f0 syngja lofs\u00f6nginn, samkv\u00e6mt fyrirm\u00e6lum gu\u00f0smannsins Dav\u00ed\u00f0s, hvor s\u00f6ngflokkurinn gegnt \u00f6\u00f0rum.<a name=\"25\"><span class=\"versanumer\">25<\/span><\/a>Mattanja, Bakb\u00fakja, \u00d3bad\u00eda, Mes\u00fallam, Talm\u00f3n og Akk\u00fab voru hli\u00f0ver\u00f0ir, er h\u00e9ldu v\u00f6r\u00f0 hj\u00e1 geymsluh\u00fasunum vi\u00f0 hli\u00f0in.<a name=\"26\"><span class=\"versanumer\">26<\/span><\/a>\u00deessir voru \u00e6tth\u00f6f\u00f0ingjarnir \u00e1 d\u00f6gum J\u00f3jak\u00edms J\u00f3s\u00faasonar, J\u00f3sadakssonar, og \u00e1 d\u00f6gum Nehem\u00eda landstj\u00f3ra og Esra prests hins fr\u00f3\u00f0a.<a name=\"27\"><span class=\"versanumer\">27<\/span><\/a>\u00de\u00e1 er v\u00edgja skyldi m\u00fara Jer\u00fasalem, s\u00f3ttu menn lev\u00edtana fr\u00e1 \u00f6llum st\u00f6\u00f0um \u00feeirra til \u00feess a\u00f0 fara me\u00f0 \u00fe\u00e1 til Jer\u00fasalem, svo a\u00f0 \u00feeir m\u00e6ttu halda v\u00edgsluh\u00e1t\u00ed\u00f0 me\u00f0 fagna\u00f0arl\u00e1tum og \u00feakkargj\u00f6r\u00f0 og me\u00f0 s\u00f6ng, sk\u00e1labumbum, h\u00f6rpum og g\u00edgjum.<a name=\"28\"><span class=\"versanumer\">28<\/span><\/a>\u00de\u00e1 s\u00f6fnu\u00f0ust s\u00f6ngflokkarnir saman, b\u00e6\u00f0i \u00far n\u00e1grenninu kringum Jer\u00fasalem og \u00far \u00feorpum Net\u00f3fat\u00edta<a name=\"29\"><span class=\"versanumer\">29<\/span><\/a>og fr\u00e1 Bet Gilgal og Gebasveitum og Asmavet, \u00fev\u00ed a\u00f0 s\u00f6ngvararnir h\u00f6f\u00f0u byggt s\u00e9r \u00feorp kringum Jer\u00fasalem.<a name=\"30\"><span class=\"versanumer\">30<\/span><\/a>Og prestarnir og lev\u00edtarnir hreinsu\u00f0u sig og hreinsu\u00f0u \u00fev\u00ed n\u00e6st l\u00fd\u00f0inn og hli\u00f0in og m\u00farana.<a name=\"31\"><span class=\"versanumer\">31<\/span><\/a>Og \u00e9g l\u00e9t h\u00f6f\u00f0ingja J\u00fada st\u00edga upp \u00e1 m\u00farinn og fylkti tveimur st\u00f3rum lofgj\u00f6r\u00f0ars\u00f6ngflokkum og skr\u00fa\u00f0sveitum. Gekk annar s\u00f6ngflokkurinn til h\u00e6gri uppi \u00e1 m\u00farnum til Mykjuhli\u00f0s,<a name=\"32\"><span class=\"versanumer\">32<\/span><\/a>og \u00e1 eftir \u00feeim gekk H\u00f3saja og helmingurinn af h\u00f6f\u00f0ingjum J\u00fada,<a name=\"33\"><span class=\"versanumer\">33<\/span><\/a>og Asarja, Esra og Mes\u00fallam,<a name=\"34\"><span class=\"versanumer\">34<\/span><\/a>J\u00fada og Benjam\u00edn og Semaja og Jerem\u00eda,<a name=\"35\"><span class=\"versanumer\">35<\/span><\/a>og nokkrir af prestlingunum me\u00f0 l\u00fa\u00f0ra: Sakar\u00eda J\u00f3natansson, Semajasonar, Mattanjasonar, M\u00edkajasonar, Sakk\u00farssonar, Asafssonar,<a name=\"36\"><span class=\"versanumer\">36<\/span><\/a>og br\u00e6\u00f0ur hans, Semaja og Asareel, M\u00edlala\u00ed, G\u00edlala\u00ed, Maa\u00ed, Netaneel og J\u00fada, Hanan\u00ed, me\u00f0 hlj\u00f3\u00f0f\u00e6ri Dav\u00ed\u00f0s gu\u00f0smannsins. Og Esra fr\u00e6\u00f0ima\u00f0ur gekk fremstur \u00feeirra<a name=\"37\"><span class=\"versanumer\">37<\/span><\/a>alla lei\u00f0 til Lindarhli\u00f0s, og \u00fea\u00f0an f\u00f3ru \u00feeir beint upp tr\u00f6ppurnar, sem liggja upp a\u00f0 Dav\u00ed\u00f0sborg, \u00fear sem gengi\u00f0 er upp \u00e1 m\u00farinn, fyrir ofan h\u00f6ll Dav\u00ed\u00f0s og austur a\u00f0 Vatnshli\u00f0i.<a name=\"38\"><span class=\"versanumer\">38<\/span><\/a>Hinn s\u00f6ngflokkurinn gekk til vinstri, en \u00e9g og hinn helmingur l\u00fd\u00f0sins \u00e1 eftir honum, uppi \u00e1 m\u00farnum, yfir Ofnaturn og allt a\u00f0 Brei\u00f0am\u00far,<a name=\"39\"><span class=\"versanumer\">39<\/span><\/a>og yfir Efra\u00edmhli\u00f0 og Gamla hli\u00f0i\u00f0 og Fiskhli\u00f0 og Hananelturn og Meaturn og allt a\u00f0 Sau\u00f0ahli\u00f0i, og n\u00e1mu \u00feeir sta\u00f0ar vi\u00f0 D\u00fdflissuhli\u00f0.<a name=\"40\"><span class=\"versanumer\">40<\/span><\/a>\u00deannig n\u00e1mu b\u00e1\u00f0ir s\u00f6ngflokkarnir sta\u00f0ar hj\u00e1 musteri Gu\u00f0s, og \u00e9g og helmingur yfirmannanna me\u00f0 m\u00e9r,<a name=\"41\"><span class=\"versanumer\">41<\/span><\/a>og prestarnir Eljak\u00edm, Maaseja, Minjam\u00edn, M\u00edkaja, Elj\u00f3ena\u00ed, Sakar\u00eda, Hananja me\u00f0 l\u00fa\u00f0ra,<a name=\"42\"><span class=\"versanumer\">42<\/span><\/a>og Maaseja, Semaja, Eleasar, \u00dass\u00ed, J\u00f3hanan, Malk\u00eda, Elam og Eser. Og s\u00f6ngvararnir l\u00e9tu til s\u00edn heyra, og Jisrahja var yfirma\u00f0ur \u00feeirra.<a name=\"43\"><span class=\"versanumer\">43<\/span><\/a>Og menn f\u00f3rnu\u00f0u miklum f\u00f3rnum \u00feennan dag og gl\u00f6ddust, \u00fev\u00ed a\u00f0 Gu\u00f0 haf\u00f0i veitt \u00feeim mikla gle\u00f0i, og konur og b\u00f6rn gl\u00f6ddust l\u00edka, svo a\u00f0 gle\u00f0i Jer\u00fasalem spur\u00f0ist v\u00ed\u00f0svegar.<a name=\"44\"><span class=\"versanumer\">44<\/span><\/a>\u00deennan sama dag voru skipa\u00f0ir tilsj\u00f3narmenn yfir klefana, sem haf\u00f0ir voru a\u00f0 for\u00f0ab\u00farum fyrir f\u00f3rnargjafir, frumgr\u00f3\u00f0af\u00f3rnir og t\u00edundir, til \u00feess a\u00f0 \u00feanga\u00f0 v\u00e6ri safna\u00f0 grei\u00f0slum \u00feeim af \u00f6krunum umhverfis borgirnar, er prestunum og lev\u00edtunum b\u00e1ru eftir l\u00f6gm\u00e1linu, \u00fev\u00ed a\u00f0 J\u00fada gladdist yfir prestunum og lev\u00edtunum, \u00feeim er \u00fej\u00f3nustu gegndu.<a name=\"45\"><span class=\"versanumer\">45<\/span><\/a>\u00deeir g\u00e6ttu \u00feess, sem g\u00e6ta \u00e1tti vi\u00f0 Gu\u00f0 \u00feeirra, og \u00feess sem g\u00e6ta \u00e1tti vi\u00f0 hreinsunina. Svo gj\u00f6r\u00f0u og s\u00f6ngvararnir og hli\u00f0ver\u00f0irnir, samkv\u00e6mt fyrirm\u00e6lum Dav\u00ed\u00f0s og Sal\u00f3mons sonar hans,<a name=\"46\"><span class=\"versanumer\">46<\/span><\/a>\u00fev\u00ed a\u00f0 \u00feegar for\u00f0um, \u00e1 d\u00f6gum Dav\u00ed\u00f0s og Asafs, yfirmanns s\u00f6ngvaranna, var til lofgj\u00f6r\u00f0ar- og \u00feakkargj\u00f6r\u00f0ars\u00f6ngur til handa Gu\u00f0i.<a name=\"47\"><span class=\"versanumer\">47<\/span><\/a>Og allir \u00cdsraelsmenn inntu af hendi \u00e1 d\u00f6gum Ser\u00fababels og \u00e1 d\u00f6gum Nehem\u00eda grei\u00f0slurnar til s\u00f6ngvaranna og hli\u00f0var\u00f0anna, \u00fea\u00f0 er me\u00f0 \u00feurfti \u00e1 degi hverjum, og \u00feeir greiddu lev\u00edtunum helgigjafir, og lev\u00edtarnir greiddu Arons ni\u00f0jum helgigjafir.<\/p>\n<div class=\"footnote1981\"><b>12.1-7<\/b> Sbr Neh 10.3-10<br \/>\n<b>12.1<\/b> Ser\u00fababel og J\u00f3s\u00faa Esr 2.2+<br \/>\n<b>12.11<\/b> J\u00f3natan 2Makk 1.23<br \/>\n<b>12.27<\/b> Hlj\u00f3\u00f0f\u00e6ri lev\u00edtanna Esr 3.10+<br \/>\n<b>12.35<\/b> Prestar me\u00f0 l\u00fa\u00f0ra Esr 3.10+<br \/>\n<b>12.43<\/b> Miklar f\u00f3rnir 1Kon 8.64<br \/>\n<b>12.45<\/b> Fyrirm\u00e6li Dav\u00ed\u00f0s 1Kro 23; 25-26; 2Kro 8.14<br \/>\n<b>12.47<\/b> Grei\u00f0slan Neh 13.10<\/div>\n","protected":false},"excerpt":{"rendered":"<p>1\u00deessir eru prestarnir og lev\u00edtarnir, sem heim f\u00f3ru me\u00f0 \u00feeim Ser\u00fababel Sealt\u00edelssyni og J\u00f3s\u00faa: Seraja, Jerem\u00eda, Esra,2Amarja, Mall\u00fak, Hatt\u00fas,3Sekanja, Reh\u00fam, Merem\u00f3t,4\u00cddd\u00f3, Ginnt\u00f3\u00ed, Ab\u00eda,5M\u00edjam\u00edn, Maadja, B\u00edlga,6Semaja, J\u00f3jar\u00edb, Jedaja,7Sall\u00fa, Am\u00f3k, Hilk\u00eda og Jedaja. \u00deetta voru h\u00f6f\u00f0ingjar prestanna og br\u00e6\u00f0ra \u00feeirra \u00e1 d\u00f6gum J\u00f3s\u00faa.8Lev\u00edtarnir: J\u00f3s\u00faa, Binn\u00fa\u00ed, Kadm\u00edel, Serebja, J\u00fada, Mattanja. Stj\u00f3rna\u00f0i hann og br\u00e6\u00f0ur hans lofs\u00f6ngnum.9Bakb\u00fakja og \u00dann\u00ed, br\u00e6\u00f0ur \u00feeirra, st\u00f3\u00f0u gegnt \u00feeim til \u00fej\u00f3nustugj\u00f6r\u00f0ar.10J\u00f3s\u00faa gat J\u00f3jak\u00edm, og J\u00f3jak\u00edm gat Eljas\u00edb, og Eljas\u00edb gat J\u00f3jada,11og J\u00f3jada gat J\u00f3natan, og J\u00f3natan gat Jadd\u00faa.12\u00c1 d\u00f6gum J\u00f3jak\u00edms voru \u00feessir \u00e6tth\u00f6f\u00f0ingjar me\u00f0al prestanna: Meraja fyrir Seraja, Hananja fyrir Jerem\u00eda,13Mes\u00fallam fyrir Esra, J\u00f3hanan fyrir Amarja,14J\u00f3natan fyrir Mall\u00fak\u00ed, J\u00f3sef <a href=\"https:\/\/biblian.is\/1981\/nehemiabok-12-kafli\/\"> [&#8230;]<\/a><\/p>\n","protected":false},"author":1,"featured_media":0,"parent":0,"menu_order":0,"comment_status":"open","ping_status":"open","template":"bibliukaflar.php","meta":{"footnotes":""},"class_list":["post-1771","page","type-page","status-publish","hentry"],"_links":{"self":[{"href":"https:\/\/biblian.is\/1981\/wp-json\/wp\/v2\/pages\/1771","targetHints":{"allow":["GET"]}}],"collection":[{"href":"https:\/\/biblian.is\/1981\/wp-json\/wp\/v2\/pages"}],"about":[{"href":"https:\/\/biblian.is\/1981\/wp-json\/wp\/v2\/types\/page"}],"author":[{"embeddable":true,"href":"https:\/\/biblian.is\/1981\/wp-json\/wp\/v2\/users\/1"}],"replies":[{"embeddable":true,"href":"https:\/\/biblian.is\/1981\/wp-json\/wp\/v2\/comments?post=1771"}],"version-history":[{"count":0,"href":"https:\/\/biblian.is\/1981\/wp-json\/wp\/v2\/pages\/1771\/revisions"}],"wp:attachment":[{"href":"https:\/\/biblian.is\/1981\/wp-json\/wp\/v2\/media?parent=1771"}],"curies":[{"name":"wp","href":"https:\/\/api.w.org\/{rel}","templated":true}]}}