{"id":1765,"date":"2017-11-18T20:18:33","date_gmt":"2017-11-18T20:18:33","guid":{"rendered":"http:\/\/biblian.is\/1981\/nehemiabok-6-kafli\/"},"modified":"2021-06-06T11:04:08","modified_gmt":"2021-06-06T11:04:08","slug":"nehemiabok-6-kafli","status":"publish","type":"page","link":"https:\/\/biblian.is\/1981\/nehemiabok-6-kafli\/","title":{"rendered":"Nehem\u00edab\u00f3k 6. kafli"},"content":{"rendered":"<p><a name=\"1\"><span class=\"versanumer\">1<\/span><\/a>\u00deegar \u00feeir Sanballat, Tob\u00eda og Gesem hinn arab\u00edski og a\u00f0rir \u00f3vinir vorir spur\u00f0u \u00fea\u00f0, a\u00f0 \u00e9g hef\u00f0i byggt upp m\u00farinn og a\u00f0 ekkert skar\u00f0 v\u00e6ri framar \u00ed hann, \u00fe\u00f3tt \u00e9g \u00fe\u00e1 hef\u00f0i eigi enn sett hur\u00f0ir \u00ed hli\u00f0in,<a name=\"2\"><span class=\"versanumer\">2<\/span><\/a>\u00fe\u00e1 sendu \u00feeir Sanballat og Gesem til m\u00edn og l\u00e9tu segja m\u00e9r: Kom \u00fe\u00fa, svo a\u00f0 v\u00e9r megum eiga fund me\u00f0 oss \u00ed einhverju af \u00feorpunum \u00ed \u00d3n\u00f3dalnum. En \u00feeir h\u00f6f\u00f0u \u00ed hyggju a\u00f0 gj\u00f6ra m\u00e9r illt.<a name=\"3\"><span class=\"versanumer\">3<\/span><\/a>\u00de\u00e1 gj\u00f6r\u00f0i \u00e9g menn til \u00feeirra og l\u00e9t segja \u00feeim: \u00c9g hefi miki\u00f0 starf me\u00f0 h\u00f6ndum og get \u00fev\u00ed eigi komi\u00f0 ofan eftir. Hv\u00ed \u00e6tti verki\u00f0 a\u00f0 b\u00ed\u00f0a, af \u00fev\u00ed a\u00f0 \u00e9g yfirg\u00e6fi \u00fea\u00f0 og f\u00e6ri ofan til ykkar?<a name=\"4\"><span class=\"versanumer\">4<\/span><\/a>Fj\u00f3rum sinnum sendu \u00feeir til m\u00edn \u00e1 \u00feennan h\u00e1tt, og \u00e9g svara\u00f0i \u00feeim \u00e1 s\u00f6mu lei\u00f0.<a name=\"5\"><span class=\"versanumer\">5<\/span><\/a>\u00de\u00e1 sendi Sanballat enn \u00ed fimmta sinn til m\u00edn, og \u00fea\u00f0 svein sinn me\u00f0 opi\u00f0 br\u00e9f \u00ed hendi.<a name=\"6\"><span class=\"versanumer\">6<\/span><\/a>\u00cd \u00fev\u00ed var rita\u00f0: S\u00fa saga gengur hj\u00e1 \u00fej\u00f3\u00f0unum, og Gasm\u00fa segir hi\u00f0 sama, a\u00f0 \u00fe\u00fa og Gy\u00f0ingar hyggi\u00f0 \u00e1 uppreisn fyrir \u00fev\u00ed s\u00e9rt \u00fe\u00fa a\u00f0 byggja upp m\u00farinn og \u00fe\u00fa \u00e6tlir a\u00f0 ver\u00f0a konungur \u00feeirra, eins og sj\u00e1 megi \u00e1 \u00f6llu.<a name=\"7\"><span class=\"versanumer\">7<\/span><\/a>\u00de\u00fa hefir og sett sp\u00e1menn til \u00feess a\u00f0 gj\u00f6ra \u00fea\u00f0 hlj\u00f3\u00f0b\u00e6rt um \u00feig \u00ed Jer\u00fasalem og segja: Hann s\u00e9 konungur \u00ed J\u00fada. Og n\u00fa mun sl\u00edkur or\u00f0r\u00f3mur berast konungi til eyrna. Kom \u00fev\u00ed, og skulum v\u00e9r eiga fund me\u00f0 oss.<a name=\"8\"><span class=\"versanumer\">8<\/span><\/a>\u00de\u00e1 sendi \u00e9g til hans og l\u00e9t segja honum: Ekkert sl\u00edkt \u00e1 s\u00e9r sta\u00f0, sem \u00fe\u00fa talar um, heldur hefir \u00fe\u00fa spunni\u00f0 \u00fea\u00f0 upp fr\u00e1 eigin brj\u00f3sti.<a name=\"9\"><span class=\"versanumer\">9<\/span><\/a>\u00dev\u00ed a\u00f0 \u00feeir \u00e6tlu\u00f0u allir a\u00f0 gj\u00f6ra oss hr\u00e6dda og hugsu\u00f0u: \u00deeim munu fallast hendur og h\u00e6tta vi\u00f0 verki\u00f0, svo a\u00f0 \u00fev\u00ed ver\u00f0ur eigi loki\u00f0. Styrk \u00fev\u00ed n\u00fa hendur m\u00ednar!<a name=\"10\"><span class=\"versanumer\">10<\/span><\/a>Og \u00e9g gekk inn \u00ed h\u00fas Semaja Delajasonar, Mehetabeelssonar, en hann haf\u00f0i loka\u00f0 sig inni. Hann sag\u00f0i: Vi\u00f0 skulum fara saman inn \u00ed musteri Gu\u00f0s, inn \u00ed a\u00f0alh\u00fasi\u00f0, og loka s\u00ed\u00f0an dyrum a\u00f0alh\u00fassins, \u00fev\u00ed a\u00f0 \u00feeir munu koma til a\u00f0 drepa \u00feig, j\u00e1, um n\u00f3tt munu \u00feeir koma til a\u00f0 drepa \u00feig.<a name=\"11\"><span class=\"versanumer\">11<\/span><\/a>En \u00e9g sag\u00f0i: \u00c6tti sl\u00edkur ma\u00f0ur sem \u00e9g a\u00f0 fl\u00fdja? Og hver er s\u00e1 minn l\u00edki, sem geti fari\u00f0 inn \u00ed a\u00f0alh\u00fasi\u00f0 og haldi\u00f0 l\u00edfi? \u00c9g fer hvergi.<a name=\"12\"><span class=\"versanumer\">12<\/span><\/a>Og \u00e9g s\u00e1, a\u00f0 Gu\u00f0 haf\u00f0i ekki sent hann, heldur haf\u00f0i hann sp\u00e1\u00f0 m\u00e9r \u00feessu, af \u00fev\u00ed a\u00f0 Tob\u00eda og Sanballat h\u00f6f\u00f0u keypt hann.<a name=\"13\"><span class=\"versanumer\">13<\/span><\/a>Til \u00feess var hann keyptur, a\u00f0 \u00e9g skyldi ver\u00f0a hr\u00e6ddur og gj\u00f6ra \u00feetta og dr\u00fdgja synd. Og \u00fea\u00f0 hef\u00f0i or\u00f0i\u00f0 \u00feeim tilefni til ills umtals, til \u00feess a\u00f0 \u00feeir g\u00e6tu \u00f3fr\u00e6gt mig.<a name=\"14\"><span class=\"versanumer\">14<\/span><\/a>Mundu, Gu\u00f0 minn, \u00feeim Tob\u00eda og Sanballat \u00feessar a\u00f0gj\u00f6r\u00f0ir \u00feeirra, svo og sp\u00e1konunni N\u00f3adja og hinum sp\u00e1m\u00f6nnunum, sem \u00e6tlu\u00f0u a\u00f0 hr\u00e6\u00f0a mig.<a name=\"15\"><span class=\"versanumer\">15<\/span><\/a>Og m\u00farinn var fullgj\u00f6r hinn tuttugasta og fimmta el\u00falm\u00e1na\u00f0ar, \u00e1 fimmt\u00edu og tveim d\u00f6gum.<a name=\"16\"><span class=\"versanumer\">16<\/span><\/a>Og er allir \u00f3vinir vorir spur\u00f0u \u00feetta, ur\u00f0u allar \u00fej\u00f3\u00f0irnar, sem bjuggu umhverfis oss, hr\u00e6ddar, og \u00fe\u00e6r l\u00e6kku\u00f0u mj\u00f6g \u00ed eigin \u00e1liti, \u00fev\u00ed a\u00f0 \u00fe\u00e6r k\u00f6nnu\u00f0ust vi\u00f0, a\u00f0 fyrir hj\u00e1lp Gu\u00f0s vors haf\u00f0i verki \u00feessu or\u00f0i\u00f0 loki\u00f0.<a name=\"17\"><span class=\"versanumer\">17<\/span><\/a>\u00cd \u00feann t\u00ed\u00f0 ritu\u00f0u og tignarmenn J\u00fadal\u00fd\u00f0s m\u00f6rg br\u00e9f og sendu Tob\u00eda, og fr\u00e1 Tob\u00eda komu l\u00edka br\u00e9f til \u00feeirra.<a name=\"18\"><span class=\"versanumer\">18<\/span><\/a>\u00dev\u00ed a\u00f0 margir \u00ed J\u00fada voru bundnir honum me\u00f0 ei\u00f0i, \u00fev\u00ed a\u00f0 hann var tengdasonur Sekanja Arasonar, og J\u00f3hanan sonur hans haf\u00f0i gengi\u00f0 a\u00f0 eiga d\u00f3ttur Mes\u00fallams Berek\u00edasonar.<a name=\"19\"><span class=\"versanumer\">19<\/span><\/a>\u00deeir t\u00f6lu\u00f0u og um mannkosti hans vi\u00f0 mig og b\u00e1ru honum aftur or\u00f0 m\u00edn. Br\u00e9f haf\u00f0i og Tob\u00eda sent til \u00feess a\u00f0 hr\u00e6\u00f0a mig.<\/p>\n<div class=\"footnote1981\"><b>6.1<\/b> Sanballat Neh 2.10+<br \/>\n<b>6.7<\/b> \u00dea\u00f0 er kominn konungur 1Sam 10.24; 2Sam 15.10; 1Kon 1.25,34,39; 2Kon 9.13<br \/>\n<b>6.10<\/b> Innibyrg\u00f0ur 1Sam 20.25-26; Jer 36.5<br \/>\n<b>6.14<\/b> Falssp\u00e1menn 1Kon 22.5-23; Jer 23.9-40; Sak 13.2-3<\/div>\n","protected":false},"excerpt":{"rendered":"<p>1\u00deegar \u00feeir Sanballat, Tob\u00eda og Gesem hinn arab\u00edski og a\u00f0rir \u00f3vinir vorir spur\u00f0u \u00fea\u00f0, a\u00f0 \u00e9g hef\u00f0i byggt upp m\u00farinn og a\u00f0 ekkert skar\u00f0 v\u00e6ri framar \u00ed hann, \u00fe\u00f3tt \u00e9g \u00fe\u00e1 hef\u00f0i eigi enn sett hur\u00f0ir \u00ed hli\u00f0in,2\u00fe\u00e1 sendu \u00feeir Sanballat og Gesem til m\u00edn og l\u00e9tu segja m\u00e9r: Kom \u00fe\u00fa, svo a\u00f0 v\u00e9r megum eiga fund me\u00f0 oss \u00ed einhverju af \u00feorpunum \u00ed \u00d3n\u00f3dalnum. En \u00feeir h\u00f6f\u00f0u \u00ed hyggju a\u00f0 gj\u00f6ra m\u00e9r illt.3\u00de\u00e1 gj\u00f6r\u00f0i \u00e9g menn til \u00feeirra og l\u00e9t segja \u00feeim: \u00c9g hefi miki\u00f0 starf me\u00f0 h\u00f6ndum og get \u00fev\u00ed eigi komi\u00f0 ofan eftir. Hv\u00ed \u00e6tti verki\u00f0 a\u00f0 <a href=\"https:\/\/biblian.is\/1981\/nehemiabok-6-kafli\/\"> [&#8230;]<\/a><\/p>\n","protected":false},"author":1,"featured_media":0,"parent":0,"menu_order":0,"comment_status":"open","ping_status":"open","template":"bibliukaflar.php","meta":{"footnotes":""},"class_list":["post-1765","page","type-page","status-publish","hentry"],"_links":{"self":[{"href":"https:\/\/biblian.is\/1981\/wp-json\/wp\/v2\/pages\/1765","targetHints":{"allow":["GET"]}}],"collection":[{"href":"https:\/\/biblian.is\/1981\/wp-json\/wp\/v2\/pages"}],"about":[{"href":"https:\/\/biblian.is\/1981\/wp-json\/wp\/v2\/types\/page"}],"author":[{"embeddable":true,"href":"https:\/\/biblian.is\/1981\/wp-json\/wp\/v2\/users\/1"}],"replies":[{"embeddable":true,"href":"https:\/\/biblian.is\/1981\/wp-json\/wp\/v2\/comments?post=1765"}],"version-history":[{"count":0,"href":"https:\/\/biblian.is\/1981\/wp-json\/wp\/v2\/pages\/1765\/revisions"}],"wp:attachment":[{"href":"https:\/\/biblian.is\/1981\/wp-json\/wp\/v2\/media?parent=1765"}],"curies":[{"name":"wp","href":"https:\/\/api.w.org\/{rel}","templated":true}]}}