{"id":1733,"date":"2017-11-18T20:18:28","date_gmt":"2017-11-18T20:18:28","guid":{"rendered":"http:\/\/biblian.is\/1981\/sidari-kronikubok-20-kafli\/"},"modified":"2021-06-06T11:10:32","modified_gmt":"2021-06-06T11:10:32","slug":"sidari-kronikubok-20-kafli","status":"publish","type":"page","link":"https:\/\/biblian.is\/1981\/sidari-kronikubok-20-kafli\/","title":{"rendered":"S\u00ed\u00f0ari kron\u00edkub\u00f3k 20. kafli"},"content":{"rendered":"<p><a name=\"1\"><span class=\"versanumer\">1<\/span><\/a>Svo bar til eftir \u00feetta, a\u00f0 M\u00f3ab\u00edtar og Amm\u00f3n\u00edtar og nokkrir af Me\u00fan\u00edtum me\u00f0 \u00feeim f\u00f3ru \u00e1 m\u00f3ti J\u00f3safat til bardaga.<a name=\"2\"><span class=\"versanumer\">2<\/span><\/a>Og menn komu og fluttu J\u00f3safat svol\u00e1tandi t\u00ed\u00f0indi: Afar mikill mannfj\u00f6ldi kemur \u00e1 m\u00f3ti \u00fe\u00e9r handan yfir hafi\u00f0, fr\u00e1 Ed\u00f3m, og eru \u00feeir \u00feegar \u00ed Haseson Tamar, \u00fea\u00f0 er Enged\u00ed.<a name=\"3\"><span class=\"versanumer\">3<\/span><\/a>\u00de\u00e1 var\u00f0 J\u00f3safat hr\u00e6ddur og t\u00f3k a\u00f0 leita Drottins, og l\u00e9t bo\u00f0a f\u00f6stu um allan J\u00fada.<a name=\"4\"><span class=\"versanumer\">4<\/span><\/a>\u00de\u00e1 s\u00f6fnu\u00f0ust J\u00fadamenn saman til \u00feess a\u00f0 leita Drottins. Komu menn einnig \u00far \u00f6llum J\u00fadaborgum til \u00feess a\u00f0 leita Drottins.<a name=\"5\"><span class=\"versanumer\">5<\/span><\/a>En J\u00f3safat gekk fram \u00ed s\u00f6fnu\u00f0i J\u00fada og Jer\u00fasalem, \u00ed musteri Drottins, \u00fati fyrir n\u00fdja forgar\u00f0inum<a name=\"6\"><span class=\"versanumer\">6<\/span><\/a>og m\u00e6lti: Drottinn, Gu\u00f0 fe\u00f0ra vorra! \u00de\u00fa ert Gu\u00f0 \u00e1 himnum, \u00fe\u00fa drottnar yfir \u00f6llum r\u00edkjum hei\u00f0ingjanna. \u00cd \u00feinni hendi er m\u00e1ttur og megin, og fyrir \u00fe\u00e9r f\u00e6r enginn sta\u00f0ist.<a name=\"7\"><span class=\"versanumer\">7<\/span><\/a>\u00de\u00fa hefir, Gu\u00f0 vor, st\u00f6kkt \u00edb\u00faum lands \u00feessa undan l\u00fd\u00f0 \u00fe\u00ednum \u00cdsrael og gefi\u00f0 \u00fea\u00f0 ni\u00f0jum Abrahams vinar \u00fe\u00edns um aldur og \u00e6vi.<a name=\"8\"><span class=\"versanumer\">8<\/span><\/a>Og \u00feeir settust \u00fear a\u00f0 og bygg\u00f0u \u00fe\u00e9r \u00fear helgid\u00f3m, \u00fe\u00ednu nafni, og m\u00e6ltu:<a name=\"9\"><span class=\"versanumer\">9<\/span><\/a>Ef \u00f3g\u00e6fa dynur yfir oss, \u00f3fri\u00f0ur, refsid\u00f3mur, dreps\u00f3tt e\u00f0a hall\u00e6ri, \u00fe\u00e1 munum v\u00e9r ganga fram fyrir \u00feetta h\u00fas og fram fyrir \u00feig, \u00fev\u00ed a\u00f0 \u00feitt nafn b\u00fdr \u00ed h\u00fasi \u00feessu, og v\u00e9r munum hr\u00f3pa til \u00fe\u00edn \u00ed nau\u00f0um vorum, a\u00f0 \u00fe\u00fa megir heyra og hj\u00e1lpa.<a name=\"10\"><span class=\"versanumer\">10<\/span><\/a>Og sj\u00e1, h\u00e9r eru n\u00fa Amm\u00f3n\u00edtar og M\u00f3ab\u00edtar og Se\u00edrfjalla-b\u00faar. Me\u00f0al \u00feeirra leyf\u00f0ir \u00fe\u00fa eigi \u00cdsraelsm\u00f6nnum a\u00f0 koma, \u00fe\u00e1 er \u00feeir komu fr\u00e1 Egyptalandi, heldur h\u00f6rfu\u00f0u \u00feeir fr\u00e1 \u00feeim og eyddu \u00feeim eigi.<a name=\"11\"><span class=\"versanumer\">11<\/span><\/a>Og n\u00fa launa \u00feeir oss og koma til \u00feess a\u00f0 hrekja oss fr\u00e1 \u00f3\u00f0ali \u00fe\u00ednu, er \u00fe\u00fa hefir veitt oss til eignar.<a name=\"12\"><span class=\"versanumer\">12<\/span><\/a>Gu\u00f0 vor, munt \u00fe\u00fa eigi l\u00e1ta d\u00f3m yfir \u00fe\u00e1 ganga? \u00dev\u00ed a\u00f0 v\u00e9r erum m\u00e1ttvana gagnvart \u00feessum mikla mannfj\u00f6lda, er kemur \u00ed m\u00f3ti oss. V\u00e9r vitum eigi, hva\u00f0 v\u00e9r eigum a\u00f0 gj\u00f6ra, heldur m\u00e6na augu vor til \u00fe\u00edn.<a name=\"13\"><span class=\"versanumer\">13<\/span><\/a>En allir J\u00fadamenn st\u00f3\u00f0u frammi fyrir Drottni, \u00e1samt ungb\u00f6rnum \u00feeirra, konum og sonum.<a name=\"14\"><span class=\"versanumer\">14<\/span><\/a>\u00de\u00e1 kom andi Drottins yfir Jehas\u00edel Sakar\u00edason, Benajasonar, Je\u00edelssonar, Mattanjasonar, lev\u00edta af Asafsni\u00f0jum, \u00fear \u00ed s\u00f6fnu\u00f0inum<a name=\"15\"><span class=\"versanumer\">15<\/span><\/a>og hann m\u00e6lti: Hl\u00fd\u00f0i\u00f0 \u00e1 allir J\u00fadamenn og Jer\u00fasalemb\u00faar og \u00fe\u00fa J\u00f3safat konungur: Svo segir Drottinn vi\u00f0 y\u00f0ur: Hr\u00e6\u00f0ist eigi n\u00e9 skelfist fyrir \u00feessum mikla mannfj\u00f6lda, \u00fev\u00ed a\u00f0 eigi er y\u00f0ur b\u00fainn bardaginn, heldur Gu\u00f0i.<a name=\"16\"><span class=\"versanumer\">16<\/span><\/a>Fari\u00f0 \u00ed m\u00f3ti \u00feeim \u00e1 morgun. \u00deeir munu halda upp S\u00eds-st\u00edginn, og \u00fe\u00e9r munu\u00f0 m\u00e6ta \u00feeim \u00ed dalbotninum austan vi\u00f0 Jer\u00fael-ey\u00f0im\u00f6rk.<a name=\"17\"><span class=\"versanumer\">17<\/span><\/a>En eigi \u00feurfi\u00f0 \u00fe\u00e9r a\u00f0 berjast vi\u00f0 \u00fe\u00e1, skipi\u00f0 y\u00f0ur a\u00f0eins \u00ed fylkingu, standi\u00f0 kyrrir og sj\u00e1i\u00f0 li\u00f0sinni Drottins vi\u00f0 y\u00f0ur, \u00fe\u00e9r J\u00fadamenn og Jer\u00fasalemb\u00faar. \u00d3ttist eigi og skelfist eigi. Fari\u00f0 \u00ed m\u00f3ti \u00feeim \u00e1 morgun, og Drottinn mun vera me\u00f0 y\u00f0ur.<a name=\"18\"><span class=\"versanumer\">18<\/span><\/a>\u00de\u00e1 laut J\u00f3safat fram \u00e1 \u00e1sj\u00f3nu s\u00edna til jar\u00f0ar, og allir J\u00fadamenn og Jer\u00fasalemb\u00faar f\u00e9llu fram fyrir Drottin til \u00feess a\u00f0 tilbi\u00f0ja Drottin.<a name=\"19\"><span class=\"versanumer\">19<\/span><\/a>S\u00ed\u00f0an st\u00f3\u00f0u upp lev\u00edtarnir, er voru af Kahat\u00edtani\u00f0jum og K\u00f3ra\u00edtani\u00f0jum, til \u00feess a\u00f0 lofa Drottin, Gu\u00f0 \u00cdsraels, me\u00f0 afar h\u00e1rri r\u00f6ddu.<a name=\"20\"><span class=\"versanumer\">20<\/span><\/a>Og n\u00e6sta morgun t\u00f3ku \u00feeir sig upp \u00ed b\u00fdti\u00f0 og f\u00f3ru til Tek\u00f3a-ey\u00f0imerkur, og er \u00feeir f\u00f3ru \u00fat, gekk J\u00f3safat fram og m\u00e6lti: Heyri\u00f0 mig, \u00fe\u00e9r J\u00fadamenn og Jer\u00fasalemb\u00faar! Treysti\u00f0 Drottni, Gu\u00f0i y\u00f0ar, \u00fe\u00e1 munu\u00f0 \u00fe\u00e9r f\u00e1 sta\u00f0ist, tr\u00fai\u00f0 sp\u00e1m\u00f6nnum hans, \u00fe\u00e1 munu\u00f0 \u00fe\u00e9r giftudrj\u00fagir ver\u00f0a!<a name=\"21\"><span class=\"versanumer\">21<\/span><\/a>S\u00ed\u00f0an r\u00e9\u00f0st hann um vi\u00f0 l\u00fd\u00f0inn og skipa\u00f0i s\u00f6ngvara Drottni til handa, a\u00f0 \u00feeir skyldu hefja lofs\u00f6ngva \u00ed helgum skr\u00fa\u00f0a, \u00fe\u00e1 er \u00feeir f\u00e6ru \u00fat \u00e1 undan herm\u00f6nnunum, og segja: Lofi\u00f0 Drottin, \u00fev\u00ed a\u00f0 miskunn hans varir a\u00f0 eil\u00edfu.<a name=\"22\"><span class=\"versanumer\">22<\/span><\/a>En er \u00feeir h\u00f3fu fagna\u00f0ar\u00f3pi\u00f0 og lofs\u00f6nginn, setti Drottinn launs\u00e1tur m\u00f3ti Amm\u00f3n\u00edtum, M\u00f3ab\u00edtum og Se\u00edrfjalla-b\u00faum, er f\u00f3ru \u00ed m\u00f3ti J\u00fada, og \u00feeir bi\u00f0u \u00f3sigur.<a name=\"23\"><span class=\"versanumer\">23<\/span><\/a>Amm\u00f3n\u00edtar og M\u00f3ab\u00edtar h\u00f3fust gegn Se\u00edrfjalla-b\u00faum til \u00feess a\u00f0 gj\u00f6rey\u00f0a \u00feeim og tort\u00edma, og er \u00feeir h\u00f6f\u00f0u gj\u00f6rsigra\u00f0 Se\u00edrb\u00faa, \u00fe\u00e1 hj\u00e1lpu\u00f0u \u00feeir til a\u00f0 tort\u00edma hver \u00f6\u00f0rum.<a name=\"24\"><span class=\"versanumer\">24<\/span><\/a>Og er J\u00fadamenn komu \u00e1 h\u00e6\u00f0ina, \u00fea\u00f0an er sj\u00e1 m\u00e1tti yfir ey\u00f0im\u00f6rkina, og litu\u00f0ust um eftir mannfj\u00f6ldanum, sj\u00e1, \u00fe\u00e1 voru \u00feeir hnignir dau\u00f0ir til jar\u00f0ar, og enginn haf\u00f0i undan komist.<a name=\"25\"><span class=\"versanumer\">25<\/span><\/a>En J\u00f3safat kom me\u00f0 m\u00f6nnum s\u00ednum til \u00feess a\u00f0 taka af \u00feeim herfang. Fundu \u00feeir afar miki\u00f0 af f\u00e9na\u00f0i og munum og kl\u00e6\u00f0um og d\u00fdrum \u00e1h\u00f6ldum og r\u00e6ndu handa s\u00e9r svo miklu, a\u00f0 \u00feeir g\u00e1tu eigi bori\u00f0. Og \u00feeir voru \u00ferj\u00e1 daga a\u00f0 taka af \u00feeim herfang, \u00fev\u00ed a\u00f0 miki\u00f0 var af \u00fev\u00ed.<a name=\"26\"><span class=\"versanumer\">26<\/span><\/a>En \u00e1 fj\u00f3r\u00f0a degi s\u00f6fnu\u00f0ust \u00feeir saman \u00ed Lofgj\u00f6r\u00f0ardal, \u00fev\u00ed a\u00f0 \u00fear lofu\u00f0u \u00feeir Drottin. Fyrir \u00fev\u00ed heitir s\u00e1 sta\u00f0ur Lofgj\u00f6r\u00f0ardalur fram \u00e1 \u00feennan dag.<a name=\"27\"><span class=\"versanumer\">27<\/span><\/a>S\u00ed\u00f0an sneru allir J\u00fadamenn og Jer\u00fasalemb\u00faar, og J\u00f3safat fremstur \u00ed flokki, me\u00f0 f\u00f6gnu\u00f0i \u00e1 lei\u00f0 til Jer\u00fasalem, \u00fev\u00ed a\u00f0 Drottinn haf\u00f0i veitt \u00feeim f\u00f6gnu\u00f0 yfir \u00f3vinum \u00feeirra.<a name=\"28\"><span class=\"versanumer\">28<\/span><\/a>Og \u00feeir h\u00e9ldu inn \u00ed Jer\u00fasalem, \u00ed h\u00fas Drottins, me\u00f0 h\u00f6rpum, g\u00edgjum og l\u00fa\u00f0rum.<a name=\"29\"><span class=\"versanumer\">29<\/span><\/a>En \u00f3tti vi\u00f0 Gu\u00f0 kom yfir \u00f6ll hei\u00f0nu r\u00edkin, er menn fr\u00e9ttu, a\u00f0 Drottinn hef\u00f0i barist vi\u00f0 \u00f3vini \u00cdsraels.<a name=\"30\"><span class=\"versanumer\">30<\/span><\/a>Og fri\u00f0ur var \u00ed r\u00edki J\u00f3safats, og Gu\u00f0 hans veitti honum fri\u00f0 allt um kring.<a name=\"31\"><span class=\"versanumer\">31<\/span><\/a>Og J\u00f3safat r\u00edkti yfir J\u00fada. Hann var \u00ferj\u00e1t\u00edu og fimm \u00e1ra gamall, \u00fe\u00e1 er hann var\u00f0 konungur, og tuttugu og fimm \u00e1r r\u00edkti hann \u00ed Jer\u00fasalem. M\u00f3\u00f0ir hans h\u00e9t As\u00faba S\u00edlh\u00edd\u00f3ttir.<a name=\"32\"><span class=\"versanumer\">32<\/span><\/a>Hann feta\u00f0i \u00ed f\u00f3tspor Asa f\u00f6\u00f0ur s\u00edns og veik eigi fr\u00e1 \u00feeim, me\u00f0 \u00fev\u00ed a\u00f0 hann gj\u00f6r\u00f0i \u00fea\u00f0 sem r\u00e9tt var \u00ed augum Drottins.<a name=\"33\"><span class=\"versanumer\">33<\/span><\/a>\u00de\u00f3 voru f\u00f3rnarh\u00e6\u00f0irnar ekki afnumdar, og enn \u00fe\u00e1 sneri l\u00fd\u00f0urinn eigi hj\u00f6rtum s\u00ednum til Gu\u00f0s fe\u00f0ra \u00feeirra.<a name=\"34\"><span class=\"versanumer\">34<\/span><\/a>\u00dea\u00f0 sem meira er a\u00f0 segja um J\u00f3safat, er fr\u00e1 upphafi til enda rita\u00f0 \u00ed S\u00f6gu Jeh\u00fa Hanan\u00edsonar, sem tekin er upp \u00ed b\u00f3k \u00cdsraelskonunga.<a name=\"35\"><span class=\"versanumer\">35<\/span><\/a>Eftir \u00feetta gj\u00f6r\u00f0i J\u00f3safat J\u00fadakonungur samband vi\u00f0 Ahas\u00eda \u00cdsraelskonung. Hann breytti \u00f3gu\u00f0lega.<a name=\"36\"><span class=\"versanumer\">36<\/span><\/a>En J\u00f3safat gj\u00f6r\u00f0i samband vi\u00f0 hann til \u00feess a\u00f0 gj\u00f6ra skip, er f\u00e6ru til Tarsis, og \u00feeir gj\u00f6r\u00f0u skip \u00ed Esj\u00f3n Geber.<a name=\"37\"><span class=\"versanumer\">37<\/span><\/a>\u00de\u00e1 sp\u00e1\u00f0i El\u00edesar D\u00f3davah\u00fason fr\u00e1 Maresa gegn J\u00f3safat og m\u00e6lti: Sakir \u00feess a\u00f0 \u00fe\u00fa gj\u00f6r\u00f0ir samband vi\u00f0 Ahas\u00eda, \u00f3n\u00fdtir Drottinn fyrirt\u00e6ki \u00feitt. Og skipin brotnu\u00f0u og g\u00e1tu eigi fari\u00f0 til Tarsis.<\/p>\n<div class=\"footnote1981\"><b>20.7<\/b> Vinur Gu\u00f0s Jes 41.8; VDan 3.12; Jak 2.23<br \/>\n<b>20.9<\/b> Gu\u00f0 heyrir og hj\u00e1lpar 2Kro 6.2-39<br \/>\n<b>20.5-17<\/b> Skelfist ekki, Drottinn ver\u00f0ur me\u00f0 ykkur 5M\u00f3s 20.1-4; Jes 8.10<br \/>\n<b>20.31-21.1<\/b> sbr 1Kon 22.41-51<\/div>\n","protected":false},"excerpt":{"rendered":"<p>1Svo bar til eftir \u00feetta, a\u00f0 M\u00f3ab\u00edtar og Amm\u00f3n\u00edtar og nokkrir af Me\u00fan\u00edtum me\u00f0 \u00feeim f\u00f3ru \u00e1 m\u00f3ti J\u00f3safat til bardaga.2Og menn komu og fluttu J\u00f3safat svol\u00e1tandi t\u00ed\u00f0indi: Afar mikill mannfj\u00f6ldi kemur \u00e1 m\u00f3ti \u00fe\u00e9r handan yfir hafi\u00f0, fr\u00e1 Ed\u00f3m, og eru \u00feeir \u00feegar \u00ed Haseson Tamar, \u00fea\u00f0 er Enged\u00ed.3\u00de\u00e1 var\u00f0 J\u00f3safat hr\u00e6ddur og t\u00f3k a\u00f0 leita Drottins, og l\u00e9t bo\u00f0a f\u00f6stu um allan J\u00fada.4\u00de\u00e1 s\u00f6fnu\u00f0ust J\u00fadamenn saman til \u00feess a\u00f0 leita Drottins. Komu menn einnig \u00far \u00f6llum J\u00fadaborgum til \u00feess a\u00f0 leita Drottins.5En J\u00f3safat gekk fram \u00ed s\u00f6fnu\u00f0i J\u00fada og Jer\u00fasalem, \u00ed musteri Drottins, \u00fati fyrir n\u00fdja forgar\u00f0inum6og m\u00e6lti: <a href=\"https:\/\/biblian.is\/1981\/sidari-kronikubok-20-kafli\/\"> [&#8230;]<\/a><\/p>\n","protected":false},"author":1,"featured_media":0,"parent":0,"menu_order":0,"comment_status":"open","ping_status":"open","template":"bibliukaflar.php","meta":{"footnotes":""},"class_list":["post-1733","page","type-page","status-publish","hentry"],"_links":{"self":[{"href":"https:\/\/biblian.is\/1981\/wp-json\/wp\/v2\/pages\/1733","targetHints":{"allow":["GET"]}}],"collection":[{"href":"https:\/\/biblian.is\/1981\/wp-json\/wp\/v2\/pages"}],"about":[{"href":"https:\/\/biblian.is\/1981\/wp-json\/wp\/v2\/types\/page"}],"author":[{"embeddable":true,"href":"https:\/\/biblian.is\/1981\/wp-json\/wp\/v2\/users\/1"}],"replies":[{"embeddable":true,"href":"https:\/\/biblian.is\/1981\/wp-json\/wp\/v2\/comments?post=1733"}],"version-history":[{"count":0,"href":"https:\/\/biblian.is\/1981\/wp-json\/wp\/v2\/pages\/1733\/revisions"}],"wp:attachment":[{"href":"https:\/\/biblian.is\/1981\/wp-json\/wp\/v2\/media?parent=1733"}],"curies":[{"name":"wp","href":"https:\/\/api.w.org\/{rel}","templated":true}]}}