{"id":1725,"date":"2017-11-18T20:18:23","date_gmt":"2017-11-18T20:18:23","guid":{"rendered":"http:\/\/biblian.is\/1981\/sidari-kronikubok-12-kafli\/"},"modified":"2021-06-06T11:10:29","modified_gmt":"2021-06-06T11:10:29","slug":"sidari-kronikubok-12-kafli","status":"publish","type":"page","link":"https:\/\/biblian.is\/1981\/sidari-kronikubok-12-kafli\/","title":{"rendered":"S\u00ed\u00f0ari kron\u00edkub\u00f3k 12. kafli"},"content":{"rendered":"<p><a name=\"1\"><span class=\"versanumer\">1<\/span><\/a>En er konungd\u00f3mur Rehabeams var fastur or\u00f0inn, og hann sj\u00e1lfur or\u00f0inn fastur \u00ed sessi, \u00fe\u00e1 yfirgaf hann l\u00f6gm\u00e1l Drottins og allur \u00cdsrael me\u00f0 honum.<a name=\"2\"><span class=\"versanumer\">2<\/span><\/a>\u00c1 fimmta r\u00edkis\u00e1ri Rehabeams f\u00f3r S\u00edsak Egyptalandskonungur herf\u00f6r m\u00f3ti Jer\u00fasalem af \u00fev\u00ed a\u00f0 \u00feeir h\u00f6f\u00f0u s\u00fdnt Drottni \u00f3tr\u00famennsku<a name=\"3\"><span class=\"versanumer\">3<\/span><\/a>me\u00f0 t\u00f3lf hundru\u00f0 v\u00f6gnum og sext\u00edu \u00fe\u00fasund riddurum. M\u00e1tti eigi koma t\u00f6lu \u00e1 f\u00f3lk \u00fea\u00f0, er me\u00f0 honum kom fr\u00e1 Egyptalandi: L\u00edb\u00fdumenn, S\u00fak\u00edtar og Bl\u00e1lendingar.<a name=\"4\"><span class=\"versanumer\">4<\/span><\/a>Hann t\u00f3k kastalaborgirnar, \u00fe\u00e6r er voru \u00ed J\u00fada, og komst allt til Jer\u00fasalem.<a name=\"5\"><span class=\"versanumer\">5<\/span><\/a>En Semaja sp\u00e1ma\u00f0ur kom til Rehabeams og h\u00f6f\u00f0ingja J\u00fada, er h\u00f6rfa\u00f0 h\u00f6f\u00f0u fyrir S\u00edsak til Jer\u00fasalem, og m\u00e6lti til \u00feeirra: Svo segir Drottinn: \u00de\u00e9r hafi\u00f0 yfirgefi\u00f0 mig, svo ofursel \u00e9g og y\u00f0ur \u00e1 vald S\u00edsaks.<a name=\"6\"><span class=\"versanumer\">6<\/span><\/a>\u00de\u00e1 au\u00f0m\u00fdktu \u00feeir sig, h\u00f6f\u00f0ingjar \u00cdsraels og konungur, og s\u00f6g\u00f0u: R\u00e9ttl\u00e1tur er Drottinn!<a name=\"7\"><span class=\"versanumer\">7<\/span><\/a>&#8222;En er Drottinn s\u00e1, a\u00f0 \u00feeir h\u00f6f\u00f0u au\u00f0m\u00fdkt sig, kom or\u00f0 Drottins til Semaja, svol\u00e1tandi: \u00deeir hafa au\u00f0m\u00fdkt sig; \u00e9g skal eigi tort\u00edma \u00feeim, heldur fulltingja \u00feeim a\u00f0 nokkru, og eigi hella rei\u00f0i minni yfir Jer\u00fasalem fyrir S\u00edsak.&#8220;<a name=\"8\"><span class=\"versanumer\">8<\/span><\/a>\u00de\u00f3 skulu \u00feeir ver\u00f0a l\u00fd\u00f0skyldir honum, a\u00f0 \u00feeir megi l\u00e6ra a\u00f0 \u00feekkja muninn \u00e1 a\u00f0 \u00fej\u00f3na m\u00e9r og \u00e1 a\u00f0 \u00fej\u00f3na hei\u00f0num konungum.<a name=\"9\"><span class=\"versanumer\">9<\/span><\/a>S\u00ed\u00f0an f\u00f3r S\u00edsak Egyptalandskonungur herf\u00f6r m\u00f3ti Jer\u00fasalem og t\u00f3k fj\u00e1rsj\u00f3\u00f0u h\u00fass Drottins og fj\u00e1rsj\u00f3\u00f0u konungshallarinnar, t\u00f3k \u00fea\u00f0 allt saman. Hann t\u00f3k og gullskj\u00f6lduna, er Sal\u00f3mon haf\u00f0i gj\u00f6ra l\u00e1ti\u00f0.<a name=\"10\"><span class=\"versanumer\">10<\/span><\/a>Rehabeam konungur l\u00e9t \u00ed \u00feeirra sta\u00f0 gj\u00f6ra eirskj\u00f6ldu og f\u00e9kk \u00fe\u00e1 h\u00f6fu\u00f0sm\u00f6nnum l\u00edfvar\u00f0arins til geymslu, \u00feeim er geyma dyra \u00e1 h\u00f6ll konungs.<a name=\"11\"><span class=\"versanumer\">11<\/span><\/a>Og \u00ed hvert sinn, er konungur gekk \u00ed h\u00fas Drottins, komu var\u00f0li\u00f0smennirnir og b\u00e1ru \u00fe\u00e1, og f\u00f3ru s\u00ed\u00f0an me\u00f0 \u00fe\u00e1 aftur \u00ed herbergi var\u00f0li\u00f0smannanna.<a name=\"12\"><span class=\"versanumer\">12<\/span><\/a>&#8222;En er hann au\u00f0m\u00fdkti sig, hvarf rei\u00f0i Drottins fr\u00e1 honum og tort\u00edmdi honum eigi me\u00f0 \u00f6llu; enn \u00fe\u00e1 var \u00fe\u00f3 eitthva\u00f0 gott til \u00ed J\u00fada.&#8220;<a name=\"13\"><span class=\"versanumer\">13<\/span><\/a>Og Rehabeam konungur efldist \u00ed Jer\u00fasalem og sat a\u00f0 v\u00f6ldum, \u00fev\u00ed a\u00f0 Rehabeam haf\u00f0i einn um fertugt, \u00fe\u00e1 er hann var\u00f0 konungur, og seytj\u00e1n \u00e1r r\u00edkti hann \u00ed Jer\u00fasalem, borginni sem Drottinn haf\u00f0i \u00fatvali\u00f0 af \u00f6llum \u00e6ttkv\u00edslum \u00cdsraels til \u00feess a\u00f0 l\u00e1ta nafn sitt b\u00faa \u00fear. En m\u00f3\u00f0ir hans h\u00e9t Naama og var amm\u00f3n\u00edt\u00edsk.<a name=\"14\"><span class=\"versanumer\">14<\/span><\/a>Og hann breytti illa, \u00fev\u00ed a\u00f0 hann lag\u00f0i eigi hug \u00e1 a\u00f0 leita Drottins.<a name=\"15\"><span class=\"versanumer\">15<\/span><\/a>En saga Rehabeams, fr\u00e1 upphafi til enda, er ritu\u00f0 \u00ed S\u00f6gu Semaja sp\u00e1manns og \u00cddd\u00f3s sj\u00e1anda, \u00ed \u00e6ttart\u00f6lunum. Og \u00f3fri\u00f0ur st\u00f3\u00f0 \u00e1vallt milli Rehabeams og Jer\u00f3b\u00f3ams.<a name=\"16\"><span class=\"versanumer\">16<\/span><\/a>Og Rehabeam lag\u00f0ist til hv\u00edldar hj\u00e1 fe\u00f0rum s\u00ednum og var jar\u00f0a\u00f0ur \u00ed Dav\u00ed\u00f0sborg. Og Ab\u00eda sonur hans t\u00f3k r\u00edki eftir hann.<\/p>\n<div class=\"footnote1981\"><b>12.1-12<\/b> sbr 1Kon 14.25-28<br \/>\n<b>12.1<\/b> Hvarf fr\u00e1 l\u00f6gm\u00e1li Drottins 1Kon 14.22-24<br \/>\n<b>12.5<\/b> Framsel ykkur 2Kro 15.2; 24.20,24<br \/>\n<b>12.8<\/b> Skilja muninn \u00e1 1Sam 8<br \/>\n<b>12.13-16<\/b> sbr 1Kon 14.21-24,29-31<\/div>\n","protected":false},"excerpt":{"rendered":"<p>1En er konungd\u00f3mur Rehabeams var fastur or\u00f0inn, og hann sj\u00e1lfur or\u00f0inn fastur \u00ed sessi, \u00fe\u00e1 yfirgaf hann l\u00f6gm\u00e1l Drottins og allur \u00cdsrael me\u00f0 honum.2\u00c1 fimmta r\u00edkis\u00e1ri Rehabeams f\u00f3r S\u00edsak Egyptalandskonungur herf\u00f6r m\u00f3ti Jer\u00fasalem af \u00fev\u00ed a\u00f0 \u00feeir h\u00f6f\u00f0u s\u00fdnt Drottni \u00f3tr\u00famennsku3me\u00f0 t\u00f3lf hundru\u00f0 v\u00f6gnum og sext\u00edu \u00fe\u00fasund riddurum. M\u00e1tti eigi koma t\u00f6lu \u00e1 f\u00f3lk \u00fea\u00f0, er me\u00f0 honum kom fr\u00e1 Egyptalandi: L\u00edb\u00fdumenn, S\u00fak\u00edtar og Bl\u00e1lendingar.4Hann t\u00f3k kastalaborgirnar, \u00fe\u00e6r er voru \u00ed J\u00fada, og komst allt til Jer\u00fasalem.5En Semaja sp\u00e1ma\u00f0ur kom til Rehabeams og h\u00f6f\u00f0ingja J\u00fada, er h\u00f6rfa\u00f0 h\u00f6f\u00f0u fyrir S\u00edsak til Jer\u00fasalem, og m\u00e6lti til \u00feeirra: Svo segir Drottinn: \u00de\u00e9r <a href=\"https:\/\/biblian.is\/1981\/sidari-kronikubok-12-kafli\/\"> [&#8230;]<\/a><\/p>\n","protected":false},"author":1,"featured_media":0,"parent":0,"menu_order":0,"comment_status":"open","ping_status":"open","template":"bibliukaflar.php","meta":{"footnotes":""},"class_list":["post-1725","page","type-page","status-publish","hentry"],"_links":{"self":[{"href":"https:\/\/biblian.is\/1981\/wp-json\/wp\/v2\/pages\/1725","targetHints":{"allow":["GET"]}}],"collection":[{"href":"https:\/\/biblian.is\/1981\/wp-json\/wp\/v2\/pages"}],"about":[{"href":"https:\/\/biblian.is\/1981\/wp-json\/wp\/v2\/types\/page"}],"author":[{"embeddable":true,"href":"https:\/\/biblian.is\/1981\/wp-json\/wp\/v2\/users\/1"}],"replies":[{"embeddable":true,"href":"https:\/\/biblian.is\/1981\/wp-json\/wp\/v2\/comments?post=1725"}],"version-history":[{"count":0,"href":"https:\/\/biblian.is\/1981\/wp-json\/wp\/v2\/pages\/1725\/revisions"}],"wp:attachment":[{"href":"https:\/\/biblian.is\/1981\/wp-json\/wp\/v2\/media?parent=1725"}],"curies":[{"name":"wp","href":"https:\/\/api.w.org\/{rel}","templated":true}]}}